| Back to Build/check report for BioC 3.14 experimental data |
|
This page was generated on 2022-04-13 14:50:21 -0400 (Wed, 13 Apr 2022).
| Hostname | OS | Arch (*) | R version | Installed pkgs |
|---|---|---|---|---|
| nebbiolo2 | Linux (Ubuntu 20.04.4 LTS) | x86_64 | 4.1.3 (2022-03-10) -- "One Push-Up" | 4324 |
| Click on any hostname to see more info about the system (e.g. compilers) (*) as reported by 'uname -p', except on Windows and Mac OS X | ||||
|
To the developers/maintainers of the aracne.networks package: Make sure to use the following settings in order to reproduce any error or warning you see on this page. |
| Package 17/408 | Hostname | OS / Arch | INSTALL | BUILD | CHECK | ||||||||
| aracne.networks 1.20.0 (landing page) Federico M. Giorgi
| nebbiolo2 | Linux (Ubuntu 20.04.4 LTS) / x86_64 | OK | OK | WARNINGS | ||||||||
| Package: aracne.networks |
| Version: 1.20.0 |
| Command: /home/biocbuild/bbs-3.14-bioc/R/bin/R CMD check --install=check:aracne.networks.install-out.txt --library=/home/biocbuild/bbs-3.14-bioc/R/library --no-vignettes --timings aracne.networks_1.20.0.tar.gz |
| StartedAt: 2022-04-13 11:13:37 -0400 (Wed, 13 Apr 2022) |
| EndedAt: 2022-04-13 11:20:26 -0400 (Wed, 13 Apr 2022) |
| EllapsedTime: 409.5 seconds |
| RetCode: 0 |
| Status: WARNINGS |
| CheckDir: aracne.networks.Rcheck |
| Warnings: 2 |
##############################################################################
##############################################################################
###
### Running command:
###
### /home/biocbuild/bbs-3.14-bioc/R/bin/R CMD check --install=check:aracne.networks.install-out.txt --library=/home/biocbuild/bbs-3.14-bioc/R/library --no-vignettes --timings aracne.networks_1.20.0.tar.gz
###
##############################################################################
##############################################################################
* using log directory ‘/home/biocbuild/bbs-3.14-data-experiment/meat/aracne.networks.Rcheck’
* using R version 4.1.3 (2022-03-10)
* using platform: x86_64-pc-linux-gnu (64-bit)
* using session charset: UTF-8
* using option ‘--no-vignettes’
* checking for file ‘aracne.networks/DESCRIPTION’ ... OK
* checking extension type ... Package
* this is package ‘aracne.networks’ version ‘1.20.0’
* checking package namespace information ... OK
* checking package dependencies ... OK
* checking if this is a source package ... OK
* checking if there is a namespace ... OK
* checking for hidden files and directories ... OK
* checking for portable file names ... OK
* checking for sufficient/correct file permissions ... OK
* checking whether package ‘aracne.networks’ can be installed ... OK
* checking installed package size ... NOTE
installed size is 203.3Mb
sub-directories of 1Mb or more:
data 203.1Mb
* checking package directory ... OK
* checking ‘build’ directory ... OK
* checking DESCRIPTION meta-information ... OK
* checking top-level files ... OK
* checking for left-over files ... OK
* checking index information ... OK
* checking package subdirectories ... OK
* checking R files for non-ASCII characters ... OK
* checking R files for syntax errors ... OK
* checking whether the package can be loaded ... OK
* checking whether the package can be loaded with stated dependencies ... OK
* checking whether the package can be unloaded cleanly ... OK
* checking whether the namespace can be loaded with stated dependencies ... OK
* checking whether the namespace can be unloaded cleanly ... OK
* checking dependencies in R code ... OK
* checking S3 generic/method consistency ... OK
* checking replacement functions ... OK
* checking foreign function calls ... OK
* checking R code for possible problems ... OK
* checking Rd files ... OK
* checking Rd metadata ... OK
* checking Rd cross-references ... OK
* checking for missing documentation entries ... OK
* checking for code/documentation mismatches ... OK
* checking Rd \usage sections ... OK
* checking Rd contents ... OK
* checking for unstated dependencies in examples ... OK
* checking contents of ‘data’ directory ... OK
* checking data for non-ASCII characters ... OK
* checking LazyData ... WARNING
LazyData DB of 203.1 MB without LazyDataCompression set
See §1.1.6 of 'Writing R Extensions'
* checking data for ASCII and uncompressed saves ... WARNING
Note: significantly better compression could be obtained
by using R CMD build --resave-data
old_size new_size compress
regulonblca.rda 8.2Mb 6.9Mb xz
regulonbrca.rda 5.7Mb 4.7Mb xz
reguloncesc.rda 9.6Mb 8.0Mb xz
reguloncoad.rda 7.0Mb 5.8Mb xz
regulonesca.rda 8.7Mb 7.0Mb xz
regulongbm.rda 9.2Mb 7.1Mb xz
regulonhnsc.rda 7.2Mb 6.0Mb xz
regulonkirc.rda 5.9Mb 4.9Mb xz
regulonkirp.rda 7.8Mb 6.5Mb xz
regulonlaml.rda 8.8Mb 7.0Mb xz
regulonlihc.rda 8.0Mb 6.7Mb xz
regulonluad.rda 6.8Mb 5.7Mb xz
regulonlusc.rda 7.7Mb 6.5Mb xz
regulonnet.rda 12.1Mb 10.1Mb xz
regulonov.rda 10.5Mb 8.6Mb xz
regulonpaad.rda 8.7Mb 7.1Mb xz
regulonpcpg.rda 9.9Mb 7.8Mb xz
regulonprad.rda 5.6Mb 4.7Mb xz
regulonread.rda 9.4Mb 7.6Mb xz
regulonsarc.rda 8.8Mb 7.2Mb xz
regulonstad.rda 9.7Mb 8.1Mb xz
regulontgct.rda 7.7Mb 6.3Mb xz
regulonthca.rda 5.2Mb 4.3Mb xz
regulonthym.rda 6.7Mb 5.3Mb xz
regulonucec.rda 8.2Mb 6.9Mb xz
* checking files in ‘vignettes’ ... OK
* checking examples ... OK
* checking for unstated dependencies in vignettes ... OK
* checking package vignettes in ‘inst/doc’ ... OK
* checking running R code from vignettes ... SKIPPED
* checking re-building of vignette outputs ... SKIPPED
* checking PDF version of manual ... OK
* DONE
Status: 2 WARNINGs, 1 NOTE
See
‘/home/biocbuild/bbs-3.14-data-experiment/meat/aracne.networks.Rcheck/00check.log’
for details.
aracne.networks.Rcheck/00install.out
############################################################################## ############################################################################## ### ### Running command: ### ### /home/biocbuild/bbs-3.14-bioc/R/bin/R CMD INSTALL aracne.networks ### ############################################################################## ############################################################################## * installing to library ‘/home/biocbuild/bbs-3.14-bioc/R/library’ * installing *source* package ‘aracne.networks’ ... ** using staged installation ** R ** data *** moving datasets to lazyload DB ** inst ** byte-compile and prepare package for lazy loading ** help *** installing help indices ** building package indices ** installing vignettes ** testing if installed package can be loaded from temporary location ** testing if installed package can be loaded from final location ** testing if installed package keeps a record of temporary installation path * DONE (aracne.networks)
aracne.networks.Rcheck/aracne.networks-Ex.timings
| name | user | system | elapsed | |
| aracne.networks-package | 1.997 | 0.220 | 2.216 | |
| regulonblca | 1.931 | 0.104 | 2.035 | |
| regulonbrca | 1.400 | 0.028 | 1.427 | |
| reguloncesc | 2.284 | 0.028 | 2.313 | |
| reguloncoad | 1.661 | 0.019 | 1.680 | |
| regulonesca | 1.879 | 0.036 | 1.914 | |
| regulongbm | 2.087 | 0.044 | 2.131 | |
| regulonhnsc | 1.957 | 0.032 | 1.990 | |
| regulonkirc | 1.178 | 0.020 | 1.198 | |
| regulonkirp | 1.749 | 0.012 | 1.761 | |
| regulonlaml | 2.215 | 0.040 | 2.255 | |
| regulonlihc | 1.779 | 0.036 | 1.814 | |
| regulonluad | 2.253 | 0.024 | 2.277 | |
| regulonlusc | 1.551 | 0.004 | 1.556 | |
| regulonnet | 3.184 | 0.028 | 3.212 | |
| regulonov | 1.847 | 0.016 | 1.863 | |
| regulonpaad | 2.282 | 0.088 | 2.370 | |
| regulonpcpg | 2.114 | 0.048 | 2.162 | |
| regulonprad | 1.344 | 0.012 | 1.356 | |
| regulonread | 1.608 | 0.024 | 1.632 | |
| regulonsarc | 1.862 | 0.032 | 1.894 | |
| regulonstad | 2.344 | 0.016 | 2.360 | |
| regulontgct | 1.912 | 0.008 | 1.920 | |
| regulonthca | 0.961 | 0.004 | 0.965 | |
| regulonthym | 1.325 | 0.008 | 1.333 | |
| regulonucec | 1.949 | 0.032 | 1.982 | |
| write.regulon | 1.473 | 0.016 | 1.489 | |