| Back to Build/check report for BioC 3.14 experimental data |
|
This page was generated on 2022-04-13 14:50:24 -0400 (Wed, 13 Apr 2022).
| Hostname | OS | Arch (*) | R version | Installed pkgs |
|---|---|---|---|---|
| nebbiolo2 | Linux (Ubuntu 20.04.4 LTS) | x86_64 | 4.1.3 (2022-03-10) -- "One Push-Up" | 4324 |
| Click on any hostname to see more info about the system (e.g. compilers) (*) as reported by 'uname -p', except on Windows and Mac OS X | ||||
|
To the developers/maintainers of the MSstatsBioData package: Make sure to use the following settings in order to reproduce any error or warning you see on this page. |
| Package 247/408 | Hostname | OS / Arch | INSTALL | BUILD | CHECK | ||||||||
| MSstatsBioData 1.16.0 (landing page) Meena Choi
| nebbiolo2 | Linux (Ubuntu 20.04.4 LTS) / x86_64 | OK | ERROR | skipped | ||||||||
| Package: MSstatsBioData |
| Version: 1.16.0 |
| Command: /home/biocbuild/bbs-3.14-bioc/R/bin/R CMD build --keep-empty-dirs --no-resave-data MSstatsBioData |
| StartedAt: 2022-04-13 10:34:50 -0400 (Wed, 13 Apr 2022) |
| EndedAt: 2022-04-13 10:34:56 -0400 (Wed, 13 Apr 2022) |
| EllapsedTime: 5.8 seconds |
| RetCode: 1 |
| Status: ERROR |
| PackageFile: None |
| PackageFileSize: NA |
##############################################################################
##############################################################################
###
### Running command:
###
### /home/biocbuild/bbs-3.14-bioc/R/bin/R CMD build --keep-empty-dirs --no-resave-data MSstatsBioData
###
##############################################################################
##############################################################################
* checking for file ‘MSstatsBioData/DESCRIPTION’ ... OK
* preparing ‘MSstatsBioData’:
* checking DESCRIPTION meta-information ... OK
* installing the package to build vignettes
* creating vignettes ... ERROR
--- re-building ‘MSstatsBioData.Rmd’ using knitr
Loading required package: MSstatsBioData
Loading required package: MSstats
Attaching package: 'MSstats'
The following object is masked from 'package:grDevices':
savePlot
Quitting from lines 83-91 (MSstatsBioData.Rmd)
Error: processing vignette 'MSstatsBioData.Rmd' failed with diagnostics:
unused argument (cutoffCensored = "minFeature")
--- failed re-building ‘MSstatsBioData.Rmd’
SUMMARY: processing the following file failed:
‘MSstatsBioData.Rmd’
Error: Vignette re-building failed.
Execution halted