| Back to Multiple platform build/check report for BioC 3.14 |
|
This page was generated on 2022-04-13 12:08:15 -0400 (Wed, 13 Apr 2022).
| Hostname | OS | Arch (*) | R version | Installed pkgs |
|---|---|---|---|---|
| nebbiolo2 | Linux (Ubuntu 20.04.4 LTS) | x86_64 | 4.1.3 (2022-03-10) -- "One Push-Up" | 4324 |
| tokay2 | Windows Server 2012 R2 Standard | x64 | 4.1.3 (2022-03-10) -- "One Push-Up" | 4077 |
| machv2 | macOS 10.14.6 Mojave | x86_64 | 4.1.3 (2022-03-10) -- "One Push-Up" | 4137 |
| Click on any hostname to see more info about the system (e.g. compilers) (*) as reported by 'uname -p', except on Windows and Mac OS X | ||||
|
To the developers/maintainers of the lumi package: - Please allow up to 24 hours (and sometimes 48 hours) for your latest push to git@git.bioconductor.org:packages/lumi.git to reflect on this report. See How and When does the builder pull? When will my changes propagate? for more information. - Make sure to use the following settings in order to reproduce any error or warning you see on this page. |
| Package 1020/2083 | Hostname | OS / Arch | INSTALL | BUILD | CHECK | BUILD BIN | ||||||||
| lumi 2.46.0 (landing page) Lei Huang
| nebbiolo2 | Linux (Ubuntu 20.04.4 LTS) / x86_64 | OK | OK | WARNINGS | |||||||||
| tokay2 | Windows Server 2012 R2 Standard / x64 | OK | OK | WARNINGS | OK | |||||||||
| machv2 | macOS 10.14.6 Mojave / x86_64 | OK | OK | WARNINGS | OK | |||||||||
| Package: lumi |
| Version: 2.46.0 |
| Command: /Library/Frameworks/R.framework/Resources/bin/R CMD check --install=check:lumi.install-out.txt --library=/Library/Frameworks/R.framework/Resources/library --no-vignettes --timings lumi_2.46.0.tar.gz |
| StartedAt: 2022-04-12 14:52:57 -0400 (Tue, 12 Apr 2022) |
| EndedAt: 2022-04-12 15:03:32 -0400 (Tue, 12 Apr 2022) |
| EllapsedTime: 635.4 seconds |
| RetCode: 0 |
| Status: WARNINGS |
| CheckDir: lumi.Rcheck |
| Warnings: 3 |
##############################################################################
##############################################################################
###
### Running command:
###
### /Library/Frameworks/R.framework/Resources/bin/R CMD check --install=check:lumi.install-out.txt --library=/Library/Frameworks/R.framework/Resources/library --no-vignettes --timings lumi_2.46.0.tar.gz
###
##############################################################################
##############################################################################
* using log directory ‘/Users/biocbuild/bbs-3.14-bioc/meat/lumi.Rcheck’
* using R version 4.1.3 (2022-03-10)
* using platform: x86_64-apple-darwin17.0 (64-bit)
* using session charset: UTF-8
* using option ‘--no-vignettes’
* checking for file ‘lumi/DESCRIPTION’ ... OK
* checking extension type ... Package
* this is package ‘lumi’ version ‘2.46.0’
* checking package namespace information ... OK
* checking package dependencies ... OK
* checking if this is a source package ... OK
* checking if there is a namespace ... OK
* checking for hidden files and directories ... OK
* checking for portable file names ... OK
* checking for sufficient/correct file permissions ... OK
* checking whether package ‘lumi’ can be installed ... OK
* checking installed package size ... OK
* checking package directory ... OK
* checking DESCRIPTION meta-information ... OK
* checking top-level files ... OK
* checking for left-over files ... OK
* checking index information ... OK
* checking package subdirectories ... OK
* checking R files for non-ASCII characters ... OK
* checking R files for syntax errors ... OK
* checking whether the package can be loaded ... OK
* checking whether the package can be loaded with stated dependencies ... OK
* checking whether the package can be unloaded cleanly ... OK
* checking whether the namespace can be loaded with stated dependencies ... OK
* checking whether the namespace can be unloaded cleanly ... OK
* checking dependencies in R code ... WARNING
'::' or ':::' imports not declared from:
‘IRanges’ ‘bigmemoryExtras’
* checking S3 generic/method consistency ... OK
* checking replacement functions ... OK
* checking foreign function calls ... OK
* checking R code for possible problems ... OK
* checking Rd files ... OK
* checking Rd metadata ... OK
* checking Rd cross-references ... WARNING
Unknown package ‘bigmemoryExtras’ in Rd xrefs
Missing link or links in documentation object 'lumiN.Rd':
‘[vsn]{vsn}’
See section 'Cross-references' in the 'Writing R Extensions' manual.
* checking for missing documentation entries ... OK
* checking for code/documentation mismatches ... OK
* checking Rd \usage sections ... OK
* checking Rd contents ... OK
* checking for unstated dependencies in examples ... OK
* checking contents of ‘data’ directory ... OK
* checking data for non-ASCII characters ... OK
* checking data for ASCII and uncompressed saves ... OK
* checking files in ‘vignettes’ ... WARNING
Files in the 'vignettes' directory but no files in 'inst/doc':
‘IlluminaAnnotation.R’, ‘IlluminaAnnotation.pdf’, ‘lumi.R’,
‘lumi.pdf’, ‘lumi_VST_evaluation.R’, ‘lumi_VST_evaluation.pdf’,
‘methylationAnalysis.R’, ‘methylationAnalysis.pdf’
Package has no Sweave vignette sources and no VignetteBuilder field.
* checking examples ... OK
Examples with CPU (user + system) or elapsed time > 5s
user system elapsed
lumiMethyStatus 69.832 12.297 82.207
plotGammaFit 5.361 0.733 6.097
getChipInfo 5.287 0.289 5.609
MAplot-methods 4.929 0.072 5.005
* checking PDF version of manual ... OK
* DONE
Status: 3 WARNINGs
See
‘/Users/biocbuild/bbs-3.14-bioc/meat/lumi.Rcheck/00check.log’
for details.
lumi.Rcheck/00install.out
############################################################################## ############################################################################## ### ### Running command: ### ### /Library/Frameworks/R.framework/Resources/bin/R CMD INSTALL lumi ### ############################################################################## ############################################################################## * installing to library ‘/Library/Frameworks/R.framework/Versions/4.1/Resources/library’ * installing *source* package ‘lumi’ ... ** using staged installation ** R ** data ** inst ** byte-compile and prepare package for lazy loading No methods found in package ‘RSQLite’ for request: ‘dbListFields’ when loading ‘lumi’ ** help *** installing help indices ** building package indices ** installing vignettes ** testing if installed package can be loaded from temporary location No methods found in package ‘RSQLite’ for request: ‘dbListFields’ when loading ‘lumi’ ** testing if installed package can be loaded from final location No methods found in package ‘RSQLite’ for request: ‘dbListFields’ when loading ‘lumi’ ** testing if installed package keeps a record of temporary installation path * DONE (lumi)
lumi.Rcheck/lumi-Ex.timings
| name | user | system | elapsed | |
| LumiBatch-class | 1.790 | 0.135 | 1.928 | |
| MAplot-methods | 4.929 | 0.072 | 5.005 | |
| addAnnotationInfo | 0.089 | 0.003 | 0.092 | |
| addControlData2lumi | 0 | 0 | 0 | |
| addNuID2lumi | 0.000 | 0.001 | 0.000 | |
| adjColorBias.quantile | 1.946 | 0.109 | 2.058 | |
| adjColorBias.ssn | 0.537 | 0.027 | 0.564 | |
| bgAdjust | 0.088 | 0.002 | 0.090 | |
| bgAdjustMethylation | 0.164 | 0.012 | 0.176 | |
| boxplot-MethyLumiM-methods | 0.642 | 0.015 | 0.657 | |
| boxplot-methods | 0.086 | 0.002 | 0.091 | |
| boxplotColorBias | 1.098 | 0.012 | 1.111 | |
| density-methods | 0.108 | 0.004 | 0.113 | |
| detectOutlier | 0.116 | 0.009 | 0.150 | |
| detectionCall | 0.195 | 0.008 | 0.204 | |
| estimateBeta | 0.255 | 0.008 | 0.266 | |
| estimateIntensity | 0.291 | 0.009 | 0.301 | |
| estimateLumiCV | 0.101 | 0.002 | 0.105 | |
| estimateM | 0.578 | 0.020 | 0.599 | |
| estimateMethylationBG | 0.180 | 0.005 | 0.185 | |
| example.lumi | 0.108 | 0.003 | 0.112 | |
| example.lumiMethy | 0.087 | 0.004 | 0.091 | |
| example.methyTitration | 0.229 | 0.006 | 0.234 | |
| gammaFitEM | 3.697 | 0.986 | 4.686 | |
| getChipInfo | 5.287 | 0.289 | 5.609 | |
| getControlData | 0.002 | 0.001 | 0.002 | |
| getControlProbe | 0.001 | 0.000 | 0.001 | |
| getControlType | 0.001 | 0.000 | 0.002 | |
| getNuIDMappingInfo | 1.383 | 0.062 | 1.448 | |
| hist-methods | 0.267 | 0.012 | 0.280 | |
| id2seq | 0.001 | 0.001 | 0.002 | |
| inverseVST | 0.471 | 0.007 | 0.478 | |
| is.nuID | 0.001 | 0.000 | 0.001 | |
| lumiB | 0.106 | 0.002 | 0.109 | |
| lumiExpresso | 0.285 | 0.009 | 0.294 | |
| lumiMethyB | 0.068 | 0.002 | 0.071 | |
| lumiMethyC | 1.289 | 0.078 | 1.370 | |
| lumiMethyN | 0.115 | 0.003 | 0.119 | |
| lumiMethyStatus | 69.832 | 12.297 | 82.207 | |
| lumiN | 0.636 | 0.086 | 0.724 | |
| lumiQ | 0.393 | 0.015 | 0.410 | |
| lumiR | 0 | 0 | 0 | |
| lumiR.batch | 0.001 | 0.000 | 0.001 | |
| lumiT | 0.450 | 0.030 | 0.481 | |
| methylationCall | 3.974 | 0.696 | 4.677 | |
| normalizeMethylation.quantile | 0.224 | 0.004 | 0.228 | |
| normalizeMethylation.ssn | 0.210 | 0.048 | 0.257 | |
| nuID2EntrezID | 1.424 | 0.030 | 1.455 | |
| nuID2IlluminaID | 4.739 | 0.040 | 4.783 | |
| nuID2RefSeqID | 1.459 | 0.033 | 1.494 | |
| nuID2probeID | 4.595 | 0.030 | 4.630 | |
| nuID2targetID | 4.769 | 0.029 | 4.802 | |
| pairs-methods | 1.092 | 0.056 | 1.150 | |
| plot-methods | 2.478 | 0.069 | 2.554 | |
| plotCDF | 0.175 | 0.008 | 0.183 | |
| plotColorBias1D | 0.283 | 0.007 | 0.291 | |
| plotColorBias2D | 0.255 | 0.006 | 0.262 | |
| plotControlData | 0.002 | 0.000 | 0.002 | |
| plotDensity | 0.158 | 0.003 | 0.163 | |
| plotGammaFit | 5.361 | 0.733 | 6.097 | |
| plotHousekeepingGene | 0.001 | 0.001 | 0.002 | |
| plotSampleRelation | 1.068 | 0.019 | 1.088 | |
| plotStringencyGene | 0.002 | 0.001 | 0.002 | |
| plotVST | 0.416 | 0.020 | 0.440 | |
| probeID2nuID | 4.456 | 0.023 | 4.486 | |
| produceGEOPlatformFile | 0 | 0 | 0 | |
| produceGEOSubmissionFile | 0 | 0 | 0 | |
| produceMethylationGEOSubmissionFile | 0.001 | 0.000 | 0.000 | |
| seq2id | 0.001 | 0.000 | 0.001 | |
| targetID2nuID | 4.548 | 0.018 | 4.576 | |
| vst | 0.262 | 0.006 | 0.269 | |