| Back to Multiple platform build/check report for BioC 3.14 |
|
This page was generated on 2022-04-13 12:05:24 -0400 (Wed, 13 Apr 2022).
| Hostname | OS | Arch (*) | R version | Installed pkgs |
|---|---|---|---|---|
| nebbiolo2 | Linux (Ubuntu 20.04.4 LTS) | x86_64 | 4.1.3 (2022-03-10) -- "One Push-Up" | 4324 |
| tokay2 | Windows Server 2012 R2 Standard | x64 | 4.1.3 (2022-03-10) -- "One Push-Up" | 4077 |
| machv2 | macOS 10.14.6 Mojave | x86_64 | 4.1.3 (2022-03-10) -- "One Push-Up" | 4137 |
| Click on any hostname to see more info about the system (e.g. compilers) (*) as reported by 'uname -p', except on Windows and Mac OS X | ||||
|
To the developers/maintainers of the genoCN package: - Please allow up to 24 hours (and sometimes 48 hours) for your latest push to git@git.bioconductor.org:packages/genoCN.git to reflect on this report. See How and When does the builder pull? When will my changes propagate? for more information. - Make sure to use the following settings in order to reproduce any error or warning you see on this page. |
| Package 742/2083 | Hostname | OS / Arch | INSTALL | BUILD | CHECK | BUILD BIN | ||||||||
| genoCN 1.46.0 (landing page) Wei Sun
| nebbiolo2 | Linux (Ubuntu 20.04.4 LTS) / x86_64 | OK | OK | WARNINGS | |||||||||
| tokay2 | Windows Server 2012 R2 Standard / x64 | OK | OK | OK | OK | |||||||||
| machv2 | macOS 10.14.6 Mojave / x86_64 | OK | OK | OK | OK | |||||||||
| Package: genoCN |
| Version: 1.46.0 |
| Command: /home/biocbuild/bbs-3.14-bioc/R/bin/R CMD check --install=check:genoCN.install-out.txt --library=/home/biocbuild/bbs-3.14-bioc/R/library --no-vignettes --timings genoCN_1.46.0.tar.gz |
| StartedAt: 2022-04-12 07:33:40 -0400 (Tue, 12 Apr 2022) |
| EndedAt: 2022-04-12 07:34:14 -0400 (Tue, 12 Apr 2022) |
| EllapsedTime: 33.3 seconds |
| RetCode: 0 |
| Status: WARNINGS |
| CheckDir: genoCN.Rcheck |
| Warnings: 1 |
##############################################################################
##############################################################################
###
### Running command:
###
### /home/biocbuild/bbs-3.14-bioc/R/bin/R CMD check --install=check:genoCN.install-out.txt --library=/home/biocbuild/bbs-3.14-bioc/R/library --no-vignettes --timings genoCN_1.46.0.tar.gz
###
##############################################################################
##############################################################################
* using log directory ‘/home/biocbuild/bbs-3.14-bioc/meat/genoCN.Rcheck’
* using R version 4.1.3 (2022-03-10)
* using platform: x86_64-pc-linux-gnu (64-bit)
* using session charset: UTF-8
* using option ‘--no-vignettes’
* checking for file ‘genoCN/DESCRIPTION’ ... OK
* checking extension type ... Package
* this is package ‘genoCN’ version ‘1.46.0’
* checking package namespace information ... OK
* checking package dependencies ... OK
* checking if this is a source package ... OK
* checking if there is a namespace ... OK
* checking for hidden files and directories ... OK
* checking for portable file names ... OK
* checking for sufficient/correct file permissions ... OK
* checking whether package ‘genoCN’ can be installed ... WARNING
Found the following significant warnings:
utility.c:155:13: warning: ignoring return value of ‘fscanf’, declared with attribute warn_unused_result [-Wunused-result]
See ‘/home/biocbuild/bbs-3.14-bioc/meat/genoCN.Rcheck/00install.out’ for details.
* checking installed package size ... OK
* checking package directory ... OK
* checking ‘build’ directory ... OK
* checking DESCRIPTION meta-information ... NOTE
Malformed Description field: should contain one or more complete sentences.
* checking top-level files ... OK
* checking for left-over files ... OK
* checking index information ... OK
* checking package subdirectories ... OK
* checking R files for non-ASCII characters ... OK
* checking R files for syntax errors ... OK
* checking whether the package can be loaded ... OK
* checking whether the package can be loaded with stated dependencies ... OK
* checking whether the package can be unloaded cleanly ... OK
* checking whether the namespace can be loaded with stated dependencies ... OK
* checking whether the namespace can be unloaded cleanly ... OK
* checking dependencies in R code ... OK
* checking S3 generic/method consistency ... OK
* checking replacement functions ... OK
* checking foreign function calls ... OK
* checking R code for possible problems ... NOTE
genoCNA: no visible binding for global variable ‘init.Para.CNA’
genoCNV: no visible binding for global variable ‘init.Para.CNV’
Undefined global functions or variables:
init.Para.CNA init.Para.CNV
* checking Rd files ... OK
* checking Rd metadata ... OK
* checking Rd cross-references ... OK
* checking for missing documentation entries ... OK
* checking for code/documentation mismatches ... OK
* checking Rd \usage sections ... OK
* checking Rd contents ... OK
* checking for unstated dependencies in examples ... OK
* checking contents of ‘data’ directory ... OK
* checking data for non-ASCII characters ... OK
* checking data for ASCII and uncompressed saves ... OK
* checking line endings in C/C++/Fortran sources/headers ... OK
* checking compiled code ... NOTE
Note: information on .o files is not available
* checking files in ‘vignettes’ ... OK
* checking examples ... OK
Examples with CPU (user + system) or elapsed time > 5s
user system elapsed
genoCNA 5.65 0.08 5.731
* checking for unstated dependencies in vignettes ... OK
* checking package vignettes in ‘inst/doc’ ... OK
* checking running R code from vignettes ... SKIPPED
* checking re-building of vignette outputs ... SKIPPED
* checking PDF version of manual ... OK
* DONE
Status: 1 WARNING, 3 NOTEs
See
‘/home/biocbuild/bbs-3.14-bioc/meat/genoCN.Rcheck/00check.log’
for details.
genoCN.Rcheck/00install.out
##############################################################################
##############################################################################
###
### Running command:
###
### /home/biocbuild/bbs-3.14-bioc/R/bin/R CMD INSTALL genoCN
###
##############################################################################
##############################################################################
* installing to library ‘/home/biocbuild/bbs-3.14-bioc/R/library’
* installing *source* package ‘genoCN’ ...
** using staged installation
** libs
gcc -I"/home/biocbuild/bbs-3.14-bioc/R/include" -DNDEBUG -I/usr/local/include -fpic -g -O2 -Wall -c tnorm_mle.c -o tnorm_mle.o
gcc -I"/home/biocbuild/bbs-3.14-bioc/R/include" -DNDEBUG -I/usr/local/include -fpic -g -O2 -Wall -c utility.c -o utility.o
utility.c: In function ‘readfile’:
utility.c:155:13: warning: ignoring return value of ‘fscanf’, declared with attribute warn_unused_result [-Wunused-result]
155 | fscanf(file,"%s",temp);
| ^~~~~~~~~~~~~~~~~~~~~~
gcc -I"/home/biocbuild/bbs-3.14-bioc/R/include" -DNDEBUG -I/usr/local/include -fpic -g -O2 -Wall -c xCNV.c -o xCNV.o
xCNV.c: In function ‘emiss’:
xCNV.c:317:25: warning: unused variable ‘k’ [-Wunused-variable]
317 | int L, N, M, K, i, z, k, nGtp, contam=*contamR, CNA=*CNAR;
| ^
xCNV.c:317:16: warning: unused variable ‘K’ [-Wunused-variable]
317 | int L, N, M, K, i, z, k, nGtp, contam=*contamR, CNA=*CNAR;
| ^
xCNV.c: In function ‘baum_welch’:
xCNV.c:787:20: warning: unused variable ‘sd_b_tmp’ [-Wunused-variable]
787 | double mu_b_tmp, sd_b_tmp;
| ^~~~~~~~
xCNV.c:787:10: warning: unused variable ‘mu_b_tmp’ [-Wunused-variable]
787 | double mu_b_tmp, sd_b_tmp;
| ^~~~~~~~
xCNV.c:762:10: warning: variable ‘LL’ set but not used [-Wunused-but-set-variable]
762 | int L, LL, N, NN, M, MM, S, LS, CNA = *RCNA,
| ^~
xCNV.c:1839:17: warning: ‘pbf’ may be used uninitialized in this function [-Wmaybe-uninitialized]
1839 | weights(ws, pbf, z, CNA, contam, nGtp, *geno_error);
| ^~~~~~~~~~~~~~~~~~~~~~~~~~~~~~~~~~~~~~~~~~~~~~~~~~~
xCNV.c:1839:17: warning: ‘nGtp’ may be used uninitialized in this function [-Wmaybe-uninitialized]
gcc -shared -L/home/biocbuild/bbs-3.14-bioc/R/lib -L/usr/local/lib -o genoCN.so tnorm_mle.o utility.o xCNV.o -L/home/biocbuild/bbs-3.14-bioc/R/lib -lR
installing to /home/biocbuild/bbs-3.14-bioc/R/library/00LOCK-genoCN/00new/genoCN/libs
** R
** data
** inst
** byte-compile and prepare package for lazy loading
** help
*** installing help indices
** building package indices
** installing vignettes
** testing if installed package can be loaded from temporary location
** checking absolute paths in shared objects and dynamic libraries
** testing if installed package can be loaded from final location
** testing if installed package keeps a record of temporary installation path
* DONE (genoCN)
genoCN.Rcheck/genoCN-Ex.timings
| name | user | system | elapsed | |
| genoCNA | 5.650 | 0.080 | 5.731 | |
| genoCNV | 2.457 | 0.024 | 2.481 | |
| init.Para.CNA | 0.001 | 0.000 | 0.001 | |
| init.Para.CNV | 0.000 | 0.000 | 0.001 | |
| plotCN | 1.209 | 0.008 | 1.217 | |
| snpData | 1.230 | 0.008 | 1.240 | |
| snpInfo | 1.126 | 0.016 | 1.141 | |