| Back to Multiple platform build/check report for BioC 3.14 |
|
This page was generated on 2022-04-13 12:05:42 -0400 (Wed, 13 Apr 2022).
| Hostname | OS | Arch (*) | R version | Installed pkgs |
|---|---|---|---|---|
| nebbiolo2 | Linux (Ubuntu 20.04.4 LTS) | x86_64 | 4.1.3 (2022-03-10) -- "One Push-Up" | 4324 |
| tokay2 | Windows Server 2012 R2 Standard | x64 | 4.1.3 (2022-03-10) -- "One Push-Up" | 4077 |
| machv2 | macOS 10.14.6 Mojave | x86_64 | 4.1.3 (2022-03-10) -- "One Push-Up" | 4137 |
| Click on any hostname to see more info about the system (e.g. compilers) (*) as reported by 'uname -p', except on Windows and Mac OS X | ||||
|
To the developers/maintainers of the OmnipathR package: - Please allow up to 24 hours (and sometimes 48 hours) for your latest push to git@git.bioconductor.org:packages/OmnipathR.git to reflect on this report. See How and When does the builder pull? When will my changes propagate? for more information. - Make sure to use the following settings in order to reproduce any error or warning you see on this page. |
| Package 1330/2083 | Hostname | OS / Arch | INSTALL | BUILD | CHECK | BUILD BIN | ||||||||
| OmnipathR 3.2.9 (landing page) Denes Turei
| nebbiolo2 | Linux (Ubuntu 20.04.4 LTS) / x86_64 | OK | OK | ERROR | |||||||||
| tokay2 | Windows Server 2012 R2 Standard / x64 | OK | ERROR | skipped | skipped | |||||||||
| machv2 | macOS 10.14.6 Mojave / x86_64 | OK | OK | ERROR | OK | |||||||||
| Package: OmnipathR |
| Version: 3.2.9 |
| Command: /home/biocbuild/bbs-3.14-bioc/R/bin/R CMD check --install=check:OmnipathR.install-out.txt --library=/home/biocbuild/bbs-3.14-bioc/R/library --no-vignettes --timings OmnipathR_3.2.9.tar.gz |
| StartedAt: 2022-04-12 08:32:32 -0400 (Tue, 12 Apr 2022) |
| EndedAt: 2022-04-12 08:41:32 -0400 (Tue, 12 Apr 2022) |
| EllapsedTime: 540.4 seconds |
| RetCode: 1 |
| Status: ERROR |
| CheckDir: OmnipathR.Rcheck |
| Warnings: NA |
##############################################################################
##############################################################################
###
### Running command:
###
### /home/biocbuild/bbs-3.14-bioc/R/bin/R CMD check --install=check:OmnipathR.install-out.txt --library=/home/biocbuild/bbs-3.14-bioc/R/library --no-vignettes --timings OmnipathR_3.2.9.tar.gz
###
##############################################################################
##############################################################################
* using log directory ‘/home/biocbuild/bbs-3.14-bioc/meat/OmnipathR.Rcheck’
* using R version 4.1.3 (2022-03-10)
* using platform: x86_64-pc-linux-gnu (64-bit)
* using session charset: UTF-8
* using option ‘--no-vignettes’
* checking for file ‘OmnipathR/DESCRIPTION’ ... OK
* checking extension type ... Package
* this is package ‘OmnipathR’ version ‘3.2.9’
* package encoding: UTF-8
* checking package namespace information ... OK
* checking package dependencies ... OK
* checking if this is a source package ... OK
* checking if there is a namespace ... OK
* checking for hidden files and directories ... OK
* checking for portable file names ... OK
* checking for sufficient/correct file permissions ... OK
* checking whether package ‘OmnipathR’ can be installed ... OK
* checking installed package size ... OK
* checking package directory ... OK
* checking ‘build’ directory ... OK
* checking DESCRIPTION meta-information ... OK
* checking top-level files ... OK
* checking for left-over files ... OK
* checking index information ... OK
* checking package subdirectories ... OK
* checking R files for non-ASCII characters ... OK
* checking R files for syntax errors ... OK
* checking whether the package can be loaded ... OK
* checking whether the package can be loaded with stated dependencies ... OK
* checking whether the package can be unloaded cleanly ... OK
* checking whether the namespace can be loaded with stated dependencies ... OK
* checking whether the namespace can be unloaded cleanly ... OK
* checking dependencies in R code ... OK
* checking S3 generic/method consistency ... OK
* checking replacement functions ... OK
* checking foreign function calls ... OK
* checking R code for possible problems ... NOTE
[2022-04-12 08:32:56] [INFO] [OmnipathR] Initialized cache: `/home/biocbuild/.cache/OmnipathR`.
[2022-04-12 08:32:56] [INFO] [OmnipathR] Welcome to OmnipathR!
[2022-04-12 08:32:56] [TRACE] [OmnipathR] Cache locked: FALSE
get_connections: no visible binding for global variable ‘description’
get_connections: no visible binding for global variable ‘con_id’
Undefined global functions or variables:
con_id description
* checking Rd files ... OK
* checking Rd metadata ... OK
* checking Rd cross-references ... OK
* checking for missing documentation entries ... OK
* checking for code/documentation mismatches ... OK
* checking Rd \usage sections ... OK
* checking Rd contents ... OK
* checking for unstated dependencies in examples ... OK
* checking R/sysdata.rda ... OK
* checking files in ‘vignettes’ ... OK
* checking examples ... ERROR
Running examples in ‘OmnipathR-Ex.R’ failed
The error most likely occurred in:
> base::assign(".ptime", proc.time(), pos = "CheckExEnv")
> ### Name: nichenet_lr_network
> ### Title: Builds a NicheNet ligand-receptor network
> ### Aliases: nichenet_lr_network
>
> ### ** Examples
>
> # load everything with the default parameters:
> lr_network <- nichenet_lr_network()
[2022-04-12 08:40:07] [SUCCESS] [OmnipathR] Starting to build NicheNet ligand-receptor network
[2022-04-12 08:40:07] [INFO] [OmnipathR] Loading resource `omnipath`.
[2022-04-12 08:40:08] [TRACE] [OmnipathR] Loaded data from RDS `/home/biocbuild/.cache/OmnipathR/3098404926bc0cf155d043ff0c6efe64e3424b74-1.rds`.
[2022-04-12 08:40:08] [INFO] [OmnipathR] Loaded from cache: `https://omnipathdb.org/interactions?genesymbols=yes&datasets=omnipath,pathwayextra,kinaseextra,ligrecextra&organisms=9606&fields=datasets,sources,references,curation_effort&license=academic`
[2022-04-12 08:40:09] [SUCCESS] [OmnipathR] Loaded 80237 interactions from cache.
[2022-04-12 08:40:09] [TRACE] [OmnipathR] Loaded data from RDS `/home/biocbuild/.cache/OmnipathR/1ac430724a20c137fc374a8499adabb468a12835-1.rds`.
[2022-04-12 08:40:09] [INFO] [OmnipathR] Loaded from cache: `https://omnipathdb.org/intercell?scope=generic&causality=trans&license=academic`
[2022-04-12 08:40:09] [SUCCESS] [OmnipathR] Loaded 27928 intercellular communication role records from cache.
[2022-04-12 08:40:10] [TRACE] [OmnipathR] Loaded data from RDS `/home/biocbuild/.cache/OmnipathR/552757063f9934c7b745a9c4247c3b5282a66c88-1.rds`.
[2022-04-12 08:40:10] [INFO] [OmnipathR] Loaded from cache: `https://omnipathdb.org/intercell?scope=generic&causality=rec&license=academic`
[2022-04-12 08:40:10] [SUCCESS] [OmnipathR] Loaded 43967 intercellular communication role records from cache.
[2022-04-12 08:41:01] [TRACE] [OmnipathR] Loaded data from RDS `/home/biocbuild/.cache/OmnipathR/88868f24833199a6a4a8e27980fa32cd50c1c600-1.rds`.
[2022-04-12 08:41:01] [INFO] [OmnipathR] Loaded from cache: `https://omnipathdb.org/intercell?license=academic`
[2022-04-12 08:41:02] [SUCCESS] [OmnipathR] Loaded 323572 intercellular communication role records from cache.
[2022-04-12 08:41:02] [TRACE] [OmnipathR] Loaded data from RDS `/home/biocbuild/.cache/OmnipathR/9ecbbba7b7129c316d69501f7af5c2aced05a498-1.rds`.
[2022-04-12 08:41:02] [INFO] [OmnipathR] Loaded from cache: `https://omnipathdb.org/intercell?aspect=locational&parent=secreted,plasma_membrane_transmembrane,plasma_membrane_peripheral&license=academic`
[2022-04-12 08:41:02] [SUCCESS] [OmnipathR] Loaded 21325 intercellular communication role records from cache.
[2022-04-12 08:41:04] [INFO] [OmnipathR] Loading resource `guide2pharma`.
[2022-04-12 08:41:04] [TRACE] [OmnipathR] Looking up in cache: `https://www.guidetopharmacology.org/DATA/interactions.tsv`.
[2022-04-12 08:41:04] [TRACE] [OmnipathR] Loaded data from RDS `/home/biocbuild/.cache/OmnipathR/6b853e2c431d0829466878e2e619ca4ec878523b-1.rds`.
[2022-04-12 08:41:04] [SUCCESS] [OmnipathR] Unknown source: downloaded 21146 records
Error in `filter()`:
! Problem while computing `..1 = target_species == "Human" &
ligand_species == "Human"`.
✖ Input `..1` must be of size 21146 or 1, not size 0.
Backtrace:
▆
1. ├─OmnipathR::nichenet_lr_network()
2. │ └─... %>% do.call(nichenet_network, .)
3. ├─base::do.call(nichenet_network, .)
4. ├─OmnipathR `<fn>`(...)
5. │ └─... %T>% ...
6. ├─tibble::as_tibble(.)
7. ├─dplyr::filter(., !is.na(from) & !is.na(to))
8. ├─dplyr::filter(., from != to)
9. ├─dplyr::bind_rows(.)
10. │ └─rlang::list2(...)
11. ├─purrr::map2(...)
12. │ └─OmnipathR .f(.x[[i]], .y[[i]], ...)
13. │ └─... %>% do.call(args)
14. ├─base::do.call(., args)
15. ├─OmnipathR `<fn>`()
16. │ └─... %>% ...
17. ├─OmnipathR:::nichenet_common_postprocess(...)
18. │ └─... %>% mutate(source = source, database = database)
19. ├─dplyr::mutate(., source = source, database = database)
20. ├─dplyr::distinct(.)
21. ├─dplyr::select(., from = !!from_col, to = !!to_col)
22. ├─dplyr::filter(...)
23. ├─dplyr:::filter.data.frame(...)
24. │ └─dplyr:::filter_rows(.data, ..., caller_env = caller_env())
25. │ └─dplyr:::filter_eval(dots, mask = mask, error_call = error_call)
26. │ ├─base::withCallingHandlers(...)
27. │ └─mask$eval_all_filter(dots, env_filter)
28. ├─dplyr:::dplyr_internal_error(...)
29. │ └─rlang::abort(class = c(class, "dplyr:::internal_error"), dplyr_error_data = data)
30. │ └─rlang:::signal_abort(cnd, .file)
31. │ └─base::signalCondition(cnd)
32. └─dplyr `<fn>`(`<dpl:::__>`)
33. └─rlang::abort(bullets, call = error_call, parent = skip_internal_condition(e))
Execution halted
* checking for unstated dependencies in ‘tests’ ... OK
* checking tests ...
Running ‘testthat.R’
OK
* checking for unstated dependencies in vignettes ... OK
* checking package vignettes in ‘inst/doc’ ... OK
* checking running R code from vignettes ... SKIPPED
* checking re-building of vignette outputs ... SKIPPED
* checking PDF version of manual ... OK
* DONE
Status: 1 ERROR, 1 NOTE
See
‘/home/biocbuild/bbs-3.14-bioc/meat/OmnipathR.Rcheck/00check.log’
for details.
OmnipathR.Rcheck/00install.out
############################################################################## ############################################################################## ### ### Running command: ### ### /home/biocbuild/bbs-3.14-bioc/R/bin/R CMD INSTALL OmnipathR ### ############################################################################## ############################################################################## * installing to library ‘/home/biocbuild/bbs-3.14-bioc/R/library’ * installing *source* package ‘OmnipathR’ ... ** using staged installation ** R ** inst ** byte-compile and prepare package for lazy loading ** help *** installing help indices *** copying figures ** building package indices ** installing vignettes ** testing if installed package can be loaded from temporary location [2022-04-12 03:31:17] [INFO] [OmnipathR] Initialized cache: `/home/biocbuild/.cache/OmnipathR`. [2022-04-12 03:31:17] [INFO] [OmnipathR] Welcome to OmnipathR! [2022-04-12 03:31:17] [TRACE] [OmnipathR] Cache locked: FALSE ** testing if installed package can be loaded from final location [2022-04-12 03:31:18] [INFO] [OmnipathR] Initialized cache: `/home/biocbuild/.cache/OmnipathR`. [2022-04-12 03:31:19] [INFO] [OmnipathR] Welcome to OmnipathR! [2022-04-12 03:31:19] [TRACE] [OmnipathR] Cache locked: FALSE ** testing if installed package keeps a record of temporary installation path * DONE (OmnipathR)
OmnipathR.Rcheck/tests/testthat.Rout
R version 4.1.3 (2022-03-10) -- "One Push-Up"
Copyright (C) 2022 The R Foundation for Statistical Computing
Platform: x86_64-pc-linux-gnu (64-bit)
R is free software and comes with ABSOLUTELY NO WARRANTY.
You are welcome to redistribute it under certain conditions.
Type 'license()' or 'licence()' for distribution details.
R is a collaborative project with many contributors.
Type 'contributors()' for more information and
'citation()' on how to cite R or R packages in publications.
Type 'demo()' for some demos, 'help()' for on-line help, or
'help.start()' for an HTML browser interface to help.
Type 'q()' to quit R.
> #!/usr/bin/env Rscript
>
> #
> # This file is part of the `OmnipathR` R package
> #
> # Copyright
> # 2018-2021
> # Saez Lab, Uniklinik RWTH Aachen, Heidelberg University
> #
> # File author(s): Alberto Valdeolivas
> # Dénes Türei (turei.denes@gmail.com)
> # Attila Gábor
> #
> # Distributed under the MIT (Expat) License.
> # See accompanying file `LICENSE` or find a copy at
> # https://directory.fsf.org/wiki/License:Expat
> #
> # Website: https://saezlab.github.io/omnipathr
> # Git repo: https://github.com/saezlab/OmnipathR
> #
>
>
> library(testthat)
> library(OmnipathR)
[2022-04-12 08:41:07] [INFO] [OmnipathR] Initialized cache: `/home/biocbuild/.cache/OmnipathR`.
[2022-04-12 08:41:07] [INFO] [OmnipathR] Welcome to OmnipathR!
[2022-04-12 08:41:07] [TRACE] [OmnipathR] Cache locked: FALSE
>
> test_check('OmnipathR')
[ FAIL 0 | WARN 0 | SKIP 0 | PASS 34 ]
>
> proc.time()
user system elapsed
6.542 0.317 20.411
OmnipathR.Rcheck/OmnipathR-Ex.timings
| name | user | system | elapsed | |
| OmnipathR | 0 | 0 | 0 | |
| all_uniprots | 0.165 | 0.001 | 0.166 | |
| ancestors | 5.81 | 0.60 | 6.41 | |
| annotated_network | 0.377 | 0.032 | 1.813 | |
| annotation_categories | 31.527 | 0.060 | 31.587 | |
| bioplex1 | 0.062 | 0.000 | 0.063 | |
| bioplex2 | 0.109 | 0.012 | 0.120 | |
| bioplex3 | 0.215 | 0.008 | 0.223 | |
| bioplex_all | 18.214 | 0.300 | 18.514 | |
| bioplex_hct116_1 | 0.126 | 0.004 | 0.131 | |
| bma_motif_es | 0.128 | 0.004 | 0.663 | |
| bma_motif_vs | 0.124 | 0.012 | 0.816 | |
| consensuspathdb_download | 0 | 0 | 0 | |
| consensuspathdb_raw_table | 5.339 | 0.304 | 5.643 | |
| descendants | 1.960 | 0.084 | 2.043 | |
| enzsub_graph | 0.742 | 0.032 | 1.462 | |
| evex_download | 49.927 | 1.983 | 51.005 | |
| filter_by_resource | 1.328 | 0.040 | 1.368 | |
| filter_intercell_network | 46.320 | 0.352 | 46.673 | |
| find_all_paths | 3.032 | 0.048 | 3.080 | |
| get_annotation_resources | 0.036 | 0.012 | 0.577 | |
| get_complex_genes | 0.38 | 0.00 | 0.38 | |
| get_complex_resources | 0.043 | 0.004 | 0.827 | |
| get_db | 0.211 | 0.000 | 0.210 | |
| get_enzsub_resources | 0.062 | 0.000 | 0.591 | |
| get_interaction_resources | 0.058 | 0.000 | 0.659 | |
| get_intercell_categories | 0.035 | 0.004 | 0.039 | |
| get_intercell_generic_categories | 0.028 | 0.000 | 0.027 | |
| get_intercell_resources | 0.060 | 0.004 | 0.592 | |
| get_ontology_db | 0.201 | 0.000 | 0.201 | |
| get_resources | 0.047 | 0.004 | 0.580 | |
| get_signed_ptms | 1.260 | 0.044 | 1.907 | |
| giant_component | 2.654 | 0.188 | 2.841 | |
| go_annot_download | 2.310 | 0.108 | 2.418 | |
| go_annot_slim | 0 | 0 | 0 | |
| go_ontology_download | 0.176 | 0.004 | 0.180 | |
| guide2pharma_download | 0.084 | 0.004 | 0.088 | |
| harmonizome_download | 0.093 | 0.000 | 0.092 | |
| hpo_download | 1.232 | 0.052 | 1.283 | |
| htridb_download | 0.084 | 0.004 | 0.088 | |
| import_all_interactions | 0.452 | 0.012 | 1.294 | |
| import_dorothea_interactions | 0.855 | 0.128 | 1.511 | |
| import_intercell_network | 3.075 | 0.188 | 3.263 | |
| import_kinaseextra_interactions | 0.324 | 0.020 | 0.872 | |
| import_ligrecextra_interactions | 0.261 | 0.035 | 0.898 | |
| import_lncrna_mrna_interactions | 0.085 | 0.000 | 0.838 | |
| import_mirnatarget_interactions | 0.235 | 0.013 | 0.777 | |
| import_omnipath_annotations | 0.085 | 0.003 | 0.617 | |
| import_omnipath_complexes | 0.126 | 0.012 | 0.670 | |
| import_omnipath_enzsub | 0.514 | 0.048 | 1.161 | |
| import_omnipath_interactions | 0.141 | 0.016 | 0.756 | |
| import_omnipath_intercell | 0.092 | 0.000 | 0.092 | |
| import_pathwayextra_interactions | 0.181 | 0.000 | 0.783 | |
| import_post_translational_interactions | 0.182 | 0.012 | 0.721 | |
| import_tf_mirna_interactions | 0.132 | 0.004 | 0.665 | |
| import_tf_target_interactions | 0.456 | 0.020 | 1.079 | |
| import_transcriptional_interactions | 0.735 | 0.112 | 1.448 | |
| inbiomap_download | 0 | 0 | 0 | |
| inbiomap_raw | 0 | 0 | 0 | |
| interaction_graph | 0.245 | 0.008 | 0.780 | |
| intercell_categories | 0.044 | 0.000 | 0.043 | |
| intercell_consensus_filter | 0.429 | 0.020 | 0.449 | |
| is_ontology_id | 0 | 0 | 0 | |
| kegg_info | 0.030 | 0.008 | 0.039 | |
| kegg_open | 0.003 | 0.000 | 0.002 | |
| kegg_pathway_annotations | 0 | 0 | 0 | |
| kegg_pathway_download | 0.703 | 0.088 | 0.791 | |
| kegg_pathway_list | 0.100 | 0.004 | 0.104 | |
| kegg_pathways_download | 0 | 0 | 0 | |
| kegg_picture | 0.173 | 0.008 | 7.338 | |
| kegg_process | 0.113 | 0.008 | 0.120 | |
| load_db | 0.354 | 0.036 | 0.390 | |
| nichenet_build_model | 1.950 | 0.092 | 2.044 | |
| nichenet_expression_data | 1.943 | 0.063 | 2.007 | |
| nichenet_gr_network | 3.713 | 0.208 | 3.922 | |
| nichenet_gr_network_evex | 103.467 | 7.161 | 156.919 | |
| nichenet_gr_network_harmonizome | 3.437 | 0.238 | 5.618 | |
| nichenet_gr_network_htridb | 0.119 | 0.004 | 0.235 | |
| nichenet_gr_network_omnipath | 10.476 | 0.567 | 20.583 | |
| nichenet_gr_network_pathwaycommons | 3.340 | 0.071 | 4.011 | |
| nichenet_gr_network_regnetwork | 1.345 | 0.129 | 1.644 | |
| nichenet_gr_network_remap | 0 | 0 | 0 | |
| nichenet_gr_network_trrust | 0.187 | 0.008 | 0.264 | |
| nichenet_ligand_activities | 0 | 0 | 0 | |
| nichenet_ligand_target_links | 0 | 0 | 0 | |
| nichenet_ligand_target_matrix | 0 | 0 | 0 | |