| Back to Multiple platform build/check report for BioC 3.14 |
|
This page was generated on 2022-04-13 12:08:18 -0400 (Wed, 13 Apr 2022).
| Hostname | OS | Arch (*) | R version | Installed pkgs |
|---|---|---|---|---|
| nebbiolo2 | Linux (Ubuntu 20.04.4 LTS) | x86_64 | 4.1.3 (2022-03-10) -- "One Push-Up" | 4324 |
| tokay2 | Windows Server 2012 R2 Standard | x64 | 4.1.3 (2022-03-10) -- "One Push-Up" | 4077 |
| machv2 | macOS 10.14.6 Mojave | x86_64 | 4.1.3 (2022-03-10) -- "One Push-Up" | 4137 |
| Click on any hostname to see more info about the system (e.g. compilers) (*) as reported by 'uname -p', except on Windows and Mac OS X | ||||
|
To the developers/maintainers of the MetaboSignal package: - Please allow up to 24 hours (and sometimes 48 hours) for your latest push to git@git.bioconductor.org:packages/MetaboSignal.git to reflect on this report. See How and When does the builder pull? When will my changes propagate? for more information. - Make sure to use the following settings in order to reproduce any error or warning you see on this page. |
| Package 1094/2083 | Hostname | OS / Arch | INSTALL | BUILD | CHECK | BUILD BIN | ||||||||
| MetaboSignal 1.24.0 (landing page) Andrea Rodriguez-Martinez
| nebbiolo2 | Linux (Ubuntu 20.04.4 LTS) / x86_64 | OK | OK | OK | |||||||||
| tokay2 | Windows Server 2012 R2 Standard / x64 | OK | OK | OK | OK | |||||||||
| machv2 | macOS 10.14.6 Mojave / x86_64 | OK | OK | ERROR | OK | |||||||||
| Package: MetaboSignal |
| Version: 1.24.0 |
| Command: /Library/Frameworks/R.framework/Resources/bin/R CMD check --install=check:MetaboSignal.install-out.txt --library=/Library/Frameworks/R.framework/Resources/library --no-vignettes --timings MetaboSignal_1.24.0.tar.gz |
| StartedAt: 2022-04-12 15:10:58 -0400 (Tue, 12 Apr 2022) |
| EndedAt: 2022-04-12 15:18:39 -0400 (Tue, 12 Apr 2022) |
| EllapsedTime: 461.8 seconds |
| RetCode: 1 |
| Status: ERROR |
| CheckDir: MetaboSignal.Rcheck |
| Warnings: NA |
##############################################################################
##############################################################################
###
### Running command:
###
### /Library/Frameworks/R.framework/Resources/bin/R CMD check --install=check:MetaboSignal.install-out.txt --library=/Library/Frameworks/R.framework/Resources/library --no-vignettes --timings MetaboSignal_1.24.0.tar.gz
###
##############################################################################
##############################################################################
* using log directory ‘/Users/biocbuild/bbs-3.14-bioc/meat/MetaboSignal.Rcheck’
* using R version 4.1.3 (2022-03-10)
* using platform: x86_64-apple-darwin17.0 (64-bit)
* using session charset: UTF-8
* using option ‘--no-vignettes’
* checking for file ‘MetaboSignal/DESCRIPTION’ ... OK
* checking extension type ... Package
* this is package ‘MetaboSignal’ version ‘1.24.0’
* package encoding: UTF-8
* checking package namespace information ... OK
* checking package dependencies ... OK
* checking if this is a source package ... OK
* checking if there is a namespace ... OK
* checking for hidden files and directories ... OK
* checking for portable file names ... OK
* checking for sufficient/correct file permissions ... OK
* checking whether package ‘MetaboSignal’ can be installed ... OK
* checking installed package size ... OK
* checking package directory ... OK
* checking ‘build’ directory ... OK
* checking DESCRIPTION meta-information ... OK
* checking top-level files ... OK
* checking for left-over files ... OK
* checking index information ... OK
* checking package subdirectories ... OK
* checking R files for non-ASCII characters ... OK
* checking R files for syntax errors ... OK
* checking whether the package can be loaded ... OK
* checking whether the package can be loaded with stated dependencies ... OK
* checking whether the package can be unloaded cleanly ... OK
* checking whether the namespace can be loaded with stated dependencies ... OK
* checking whether the namespace can be unloaded cleanly ... OK
* checking dependencies in R code ... OK
* checking S3 generic/method consistency ... OK
* checking replacement functions ... OK
* checking foreign function calls ... OK
* checking R code for possible problems ... NOTE
MS_tissueFilter: no visible binding for global variable
'hpaNormalTissue'
get_molecule_type: no visible binding for global variable
'regulatory_interactions'
Undefined global functions or variables:
hpaNormalTissue regulatory_interactions
* checking Rd files ... OK
* checking Rd metadata ... OK
* checking Rd cross-references ... OK
* checking for missing documentation entries ... OK
* checking for code/documentation mismatches ... OK
* checking Rd \usage sections ... OK
* checking Rd contents ... OK
* checking for unstated dependencies in examples ... OK
* checking contents of ‘data’ directory ... OK
* checking data for non-ASCII characters ... OK
* checking LazyData ... OK
* checking data for ASCII and uncompressed saves ... OK
* checking installed files from ‘inst/doc’ ... OK
* checking files in ‘vignettes’ ... OK
* checking examples ... ERROR
Running examples in ‘MetaboSignal-Ex.R’ failed
The error most likely occurred in:
> base::assign(".ptime", proc.time(), pos = "CheckExEnv")
> ### Name: MS_convertGene
> ### Title: Transform Entrez IDs or gene symbols into KEGG IDs
> ### Aliases: MS_convertGene
>
> ### ** Examples
>
> # Transform gene symbol Hoga1 (293949) into rat-specific KEGG ID
>
> MS_convertGene(genes = "Hoga1", organism_code = "rno", organism_name = "rat",
+ orthology = FALSE)
Transforming input gene IDs into gene nodes:
-Transforming gene symbols into entrez IDs
-Transforming entrez IDS into gene nodes
Error in curl::curl_fetch_memory(url, handle = handle) :
Timeout was reached: [rest.kegg.jp] Connection timed out after 10008 milliseconds
Calls: MS_convertGene ... request_fetch -> request_fetch.write_memory -> <Anonymous>
Execution halted
* checking for unstated dependencies in ‘tests’ ... OK
* checking tests ...
Running ‘runTests.R’
OK
* checking for unstated dependencies in vignettes ... OK
* checking package vignettes in ‘inst/doc’ ... OK
* checking running R code from vignettes ... SKIPPED
* checking re-building of vignette outputs ... SKIPPED
* checking PDF version of manual ... OK
* DONE
Status: 1 ERROR, 1 NOTE
See
‘/Users/biocbuild/bbs-3.14-bioc/meat/MetaboSignal.Rcheck/00check.log’
for details.
MetaboSignal.Rcheck/00install.out
############################################################################## ############################################################################## ### ### Running command: ### ### /Library/Frameworks/R.framework/Resources/bin/R CMD INSTALL MetaboSignal ### ############################################################################## ############################################################################## * installing to library ‘/Library/Frameworks/R.framework/Versions/4.1/Resources/library’ * installing *source* package ‘MetaboSignal’ ... ** using staged installation ** R ** data *** moving datasets to lazyload DB ** inst ** byte-compile and prepare package for lazy loading ** help *** installing help indices ** building package indices ** installing vignettes ‘MetaboSignal.Rmd’ using ‘UTF-8’ ‘MetaboSignal2.Rmd’ using ‘UTF-8’ ** testing if installed package can be loaded from temporary location ** testing if installed package can be loaded from final location ** testing if installed package keeps a record of temporary installation path * DONE (MetaboSignal)
MetaboSignal.Rcheck/tests/runTests.Rout
R version 4.1.3 (2022-03-10) -- "One Push-Up"
Copyright (C) 2022 The R Foundation for Statistical Computing
Platform: x86_64-apple-darwin17.0 (64-bit)
R is free software and comes with ABSOLUTELY NO WARRANTY.
You are welcome to redistribute it under certain conditions.
Type 'license()' or 'licence()' for distribution details.
R is a collaborative project with many contributors.
Type 'contributors()' for more information and
'citation()' on how to cite R or R packages in publications.
Type 'demo()' for some demos, 'help()' for on-line help, or
'help.start()' for an HTML browser interface to help.
Type 'q()' to quit R.
> BiocGenerics:::testPackage("MetaboSignal")
Note: some source_nodes or target_nodes were not mapped onto the network
Calculating distances
Building shortest path network
Note that all source_nodes and target_nodes were successfully mapped onto the network
Calculating distances
Building shortest path network
Note that all source_nodes and target_nodes were successfully mapped onto the network
Calculating distances
Building shortest path network
Note that all source_nodes and target_nodes were successfully mapped onto the network
Network features:
Number of nodes:59
Number of edges:100
Network features:
Number of nodes:59
Number of edges:100
RUNIT TEST PROTOCOL -- Tue Apr 12 15:18:30 2022
***********************************************
Number of test functions: 9
Number of errors: 0
Number of failures: 0
1 Test Suite :
MetaboSignal RUnit Tests - 9 test functions, 0 errors, 0 failures
Number of test functions: 9
Number of errors: 0
Number of failures: 0
Warning messages:
1: In betweenness(networkBW_i, gene, directed = TRUE, weights = NULL, :
'nobigint' is deprecated since igraph 1.3 and will be removed in igraph 1.4
2: In betweenness(networkBW_i, gene, directed = TRUE, weights = NULL, :
'nobigint' is deprecated since igraph 1.3 and will be removed in igraph 1.4
3: In betweenness(networkBW_i, gene, directed = TRUE, weights = NULL, :
'nobigint' is deprecated since igraph 1.3 and will be removed in igraph 1.4
4: In betweenness(networkBW_i, gene, directed = TRUE, weights = NULL, :
'nobigint' is deprecated since igraph 1.3 and will be removed in igraph 1.4
5: In betweenness(network_i, all_nodes, directed = FALSE, weights = NULL, :
'nobigint' is deprecated since igraph 1.3 and will be removed in igraph 1.4
6: In betweenness(network_i, nodes, directed = FALSE, weights = NULL, :
'nobigint' is deprecated since igraph 1.3 and will be removed in igraph 1.4
7: In betweenness(network_i, nodes, directed = FALSE, weights = NULL, :
'nobigint' is deprecated since igraph 1.3 and will be removed in igraph 1.4
8: In betweenness(network_i, all_nodes, directed = FALSE, weights = NULL, :
'nobigint' is deprecated since igraph 1.3 and will be removed in igraph 1.4
>
> proc.time()
user system elapsed
22.240 1.065 23.875
MetaboSignal.Rcheck/MetaboSignal-Ex.timings
| name | user | system | elapsed | |
| MS2_mergeNetworks | 0.088 | 0.018 | 0.106 | |
| MS2_ppiNetwork | 1.489 | 0.019 | 1.509 | |
| MS_changeNames | 0.000 | 0.001 | 0.001 | |