| Back to Multiple platform build/check report for BioC 3.13 | 
 | 
This page was generated on 2021-10-15 15:06:57 -0400 (Fri, 15 Oct 2021).
| To the developers/maintainers of the uSORT package: - Please allow up to 24 hours (and sometimes 48 hours) for your latest push to git@git.bioconductor.org:packages/uSORT.git to reflect on this report. See How and When does the builder pull? When will my changes propagate? here for more information. - Make sure to use the following settings in order to reproduce any error or warning you see on this page. | 
| Package 1991/2041 | Hostname | OS / Arch | INSTALL | BUILD | CHECK | BUILD BIN | ||||||||
| uSORT 1.18.0  (landing page) Hao Chen 
 | nebbiolo1 | Linux (Ubuntu 20.04.2 LTS) / x86_64 | OK | OK | WARNINGS |  | ||||||||
| tokay2 | Windows Server 2012 R2 Standard / x64 | OK | OK | WARNINGS | OK |  | ||||||||
| machv2 | macOS 10.14.6 Mojave / x86_64 | OK | OK | WARNINGS | OK |  | ||||||||
| Package: uSORT | 
| Version: 1.18.0 | 
| Command: /Library/Frameworks/R.framework/Versions/Current/Resources/bin/R CMD check --install=check:uSORT.install-out.txt --library=/Library/Frameworks/R.framework/Versions/Current/Resources/library --no-vignettes --timings uSORT_1.18.0.tar.gz | 
| StartedAt: 2021-10-15 01:04:29 -0400 (Fri, 15 Oct 2021) | 
| EndedAt: 2021-10-15 01:08:41 -0400 (Fri, 15 Oct 2021) | 
| EllapsedTime: 252.1 seconds | 
| RetCode: 0 | 
| Status: WARNINGS | 
| CheckDir: uSORT.Rcheck | 
| Warnings: 1 | 
##############################################################################
##############################################################################
###
### Running command:
###
###   /Library/Frameworks/R.framework/Versions/Current/Resources/bin/R CMD check --install=check:uSORT.install-out.txt --library=/Library/Frameworks/R.framework/Versions/Current/Resources/library --no-vignettes --timings uSORT_1.18.0.tar.gz
###
##############################################################################
##############################################################################
* using log directory ‘/Users/biocbuild/bbs-3.13-bioc/meat/uSORT.Rcheck’
* using R version 4.1.1 (2021-08-10)
* using platform: x86_64-apple-darwin17.0 (64-bit)
* using session charset: UTF-8
* using option ‘--no-vignettes’
* checking for file ‘uSORT/DESCRIPTION’ ... OK
* this is package ‘uSORT’ version ‘1.18.0’
* package encoding: UTF-8
* checking package namespace information ... OK
* checking package dependencies ... OK
* checking if this is a source package ... OK
* checking if there is a namespace ... OK
* checking for hidden files and directories ... NOTE
Found the following hidden files and directories:
  .git_fetch_output.txt
  .git_merge_output.txt
These were most likely included in error. See section ‘Package
structure’ in the ‘Writing R Extensions’ manual.
* checking for portable file names ... OK
* checking for sufficient/correct file permissions ... OK
* checking whether package ‘uSORT’ can be installed ... WARNING
Found the following significant warnings:
  Note: break used in wrong context: no loop is visible 
See ‘/Users/biocbuild/bbs-3.13-bioc/meat/uSORT.Rcheck/00install.out’ for details.
Information on the location(s) of code generating the ‘Note’s can be
obtained by re-running with environment variable R_KEEP_PKG_SOURCE set
to ‘yes’.
* checking installed package size ... OK
* checking package directory ... OK
* checking ‘build’ directory ... OK
* checking DESCRIPTION meta-information ... OK
* checking top-level files ... OK
* checking for left-over files ... OK
* checking index information ... OK
* checking package subdirectories ... OK
* checking R files for non-ASCII characters ... OK
* checking R files for syntax errors ... OK
* checking whether the package can be loaded ... OK
* checking whether the package can be loaded with stated dependencies ... OK
* checking whether the package can be unloaded cleanly ... OK
* checking whether the namespace can be loaded with stated dependencies ... OK
* checking whether the namespace can be unloaded cleanly ... OK
* checking dependencies in R code ... OK
* checking S3 generic/method consistency ... OK
* checking replacement functions ... OK
* checking foreign function calls ... OK
* checking R code for possible problems ... OK
* checking Rd files ... OK
* checking Rd metadata ... OK
* checking Rd cross-references ... OK
* checking for missing documentation entries ... OK
* checking for code/documentation mismatches ... OK
* checking Rd \usage sections ... OK
* checking Rd contents ... OK
* checking for unstated dependencies in examples ... OK
* checking files in ‘vignettes’ ... OK
* checking examples ... OK
Examples with CPU (user + system) or elapsed time > 5s
              user system elapsed
sWanderlust 35.163  2.973  38.350
autoSPIN    20.792  1.270  21.985
* checking for unstated dependencies in ‘tests’ ... OK
* checking tests ...
  Running ‘runTests.R’
 OK
* checking for unstated dependencies in vignettes ... OK
* checking package vignettes in ‘inst/doc’ ... OK
* checking running R code from vignettes ... SKIPPED
* checking re-building of vignette outputs ... SKIPPED
* checking PDF version of manual ... OK
* DONE
Status: 1 WARNING, 1 NOTE
See
  ‘/Users/biocbuild/bbs-3.13-bioc/meat/uSORT.Rcheck/00check.log’
for details.
uSORT.Rcheck/00install.out
############################################################################## ############################################################################## ### ### Running command: ### ### /Library/Frameworks/R.framework/Versions/Current/Resources/bin/R CMD INSTALL uSORT ### ############################################################################## ############################################################################## * installing to library ‘/Library/Frameworks/R.framework/Versions/4.1/Resources/library’ * installing *source* package ‘uSORT’ ... ** using staged installation ** R ** inst ** byte-compile and prepare package for lazy loading Note: break used in wrong context: no loop is visible ** help *** installing help indices ** building package indices ** installing vignettes ** testing if installed package can be loaded from temporary location ** testing if installed package can be loaded from final location ** testing if installed package keeps a record of temporary installation path * DONE (uSORT)
uSORT.Rcheck/tests/runTests.Rout
R version 4.1.1 (2021-08-10) -- "Kick Things"
Copyright (C) 2021 The R Foundation for Statistical Computing
Platform: x86_64-apple-darwin17.0 (64-bit)
R is free software and comes with ABSOLUTELY NO WARRANTY.
You are welcome to redistribute it under certain conditions.
Type 'license()' or 'licence()' for distribution details.
R is a collaborative project with many contributors.
Type 'contributors()' for more information and
'citation()' on how to cite R or R packages in publications.
Type 'demo()' for some demos, 'help()' for on-line help, or
'help.start()' for an HTML browser interface to help.
Type 'q()' to quit R.
> BiocGenerics:::testPackage("uSORT")
No starting point specified, the first row will be used!
  Building lNN graph...
    lNN computed in: 0 seconds
    Randomly Select waypoints...
    Flock waypoints...
  Iteratively realign trajectory: 
    Running iterations... 1
      Correlation with previous iteration: 0.985372
    Running iterations... 2
      Correlation with previous iteration: 0.99972
    Running iterations... 3
      Correlation with previous iteration: 0.999971
  Wanderlust Sorting Done!
RUNIT TEST PROTOCOL -- Fri Oct 15 01:08:33 2021 
*********************************************** 
Number of test functions: 1 
Number of errors: 0 
Number of failures: 0 
 
1 Test Suite : 
uSORT RUnit Tests - 1 test function, 0 errors, 0 failures
Number of test functions: 1 
Number of errors: 0 
Number of failures: 0 
> 
> proc.time()
   user  system elapsed 
  7.996   1.138   9.103 
uSORT.Rcheck/uSORT-Ex.timings
| name | user | system | elapsed | |
| Rwanderlust | 1.076 | 0.147 | 1.209 | |
| SPIN | 0.091 | 0.005 | 0.096 | |
| STS_sortingcost | 0.025 | 0.004 | 0.029 | |
| autoSPIN | 20.792 | 1.270 | 21.985 | |
| driving_force_gene_selection | 0.001 | 0.001 | 0.002 | |
| elbow_detection | 0.003 | 0.001 | 0.004 | |
| monocle_wrapper | 0.000 | 0.000 | 0.001 | |
| neighborhood_sortingcost | 0.063 | 0.003 | 0.066 | |
| pca_gene_selection | 3.810 | 0.207 | 4.016 | |
| sWanderlust | 35.163 | 2.973 | 38.350 | |
| uSORT | 0.001 | 0.001 | 0.002 | |
| uSORT_GUI | 0.000 | 0.000 | 0.001 | |
| uSORT_preProcess | 2.392 | 0.176 | 2.573 | |
| uSORT_sorting_wrapper | 3.246 | 0.195 | 3.448 | |
| uSORT_write_results | 0.000 | 0.001 | 0.002 | |