| Back to Multiple platform build/check report for BioC 3.13 |
|
This page was generated on 2021-10-15 15:05:55 -0400 (Fri, 15 Oct 2021).
|
To the developers/maintainers of the triplex package: - Please allow up to 24 hours (and sometimes 48 hours) for your latest push to git@git.bioconductor.org:packages/triplex.git to reflect on this report. See How and When does the builder pull? When will my changes propagate? here for more information. - Make sure to use the following settings in order to reproduce any error or warning you see on this page. |
| Package 1964/2041 | Hostname | OS / Arch | INSTALL | BUILD | CHECK | BUILD BIN | ||||||||
| triplex 1.32.0 (landing page) Jiri Hon
| nebbiolo1 | Linux (Ubuntu 20.04.2 LTS) / x86_64 | OK | OK | WARNINGS | |||||||||
| tokay2 | Windows Server 2012 R2 Standard / x64 | OK | OK | WARNINGS | OK | |||||||||
| machv2 | macOS 10.14.6 Mojave / x86_64 | OK | OK | WARNINGS | OK | |||||||||
| Package: triplex |
| Version: 1.32.0 |
| Command: /home/biocbuild/bbs-3.13-bioc/R/bin/R CMD check --install=check:triplex.install-out.txt --library=/home/biocbuild/bbs-3.13-bioc/R/library --no-vignettes --timings triplex_1.32.0.tar.gz |
| StartedAt: 2021-10-14 11:56:21 -0400 (Thu, 14 Oct 2021) |
| EndedAt: 2021-10-14 11:57:40 -0400 (Thu, 14 Oct 2021) |
| EllapsedTime: 79.1 seconds |
| RetCode: 0 |
| Status: WARNINGS |
| CheckDir: triplex.Rcheck |
| Warnings: 1 |
##############################################################################
##############################################################################
###
### Running command:
###
### /home/biocbuild/bbs-3.13-bioc/R/bin/R CMD check --install=check:triplex.install-out.txt --library=/home/biocbuild/bbs-3.13-bioc/R/library --no-vignettes --timings triplex_1.32.0.tar.gz
###
##############################################################################
##############################################################################
* using log directory ‘/home/biocbuild/bbs-3.13-bioc/meat/triplex.Rcheck’
* using R version 4.1.1 (2021-08-10)
* using platform: x86_64-pc-linux-gnu (64-bit)
* using session charset: UTF-8
* using option ‘--no-vignettes’
* checking for file ‘triplex/DESCRIPTION’ ... OK
* checking extension type ... Package
* this is package ‘triplex’ version ‘1.32.0’
* checking package namespace information ... OK
* checking package dependencies ... OK
* checking if this is a source package ... OK
* checking if there is a namespace ... OK
* checking for hidden files and directories ... OK
* checking for portable file names ... OK
* checking for sufficient/correct file permissions ... OK
* checking whether package ‘triplex’ can be installed ... WARNING
Found the following significant warnings:
Warning: replacing previous import ‘grid::pattern’ by ‘Biostrings::pattern’ when loading ‘triplex’
See ‘/home/biocbuild/bbs-3.13-bioc/meat/triplex.Rcheck/00install.out’ for details.
* checking installed package size ... OK
* checking package directory ... OK
* checking ‘build’ directory ... OK
* checking DESCRIPTION meta-information ... OK
* checking top-level files ... OK
* checking for left-over files ... OK
* checking index information ... OK
* checking package subdirectories ... OK
* checking R files for non-ASCII characters ... OK
* checking R files for syntax errors ... OK
* checking whether the package can be loaded ... OK
* checking whether the package can be loaded with stated dependencies ... OK
* checking whether the package can be unloaded cleanly ... OK
* checking whether the namespace can be loaded with stated dependencies ... OK
* checking whether the namespace can be unloaded cleanly ... OK
* checking dependencies in R code ... NOTE
'library' or 'require' call to ‘rgl’ in package code.
Please use :: or requireNamespace() instead.
See section 'Suggested packages' in the 'Writing R Extensions' manual.
Unexported object imported by a ':::' call: ‘IRanges:::new_Views’
See the note in ?`:::` about the use of this operator.
* checking S3 generic/method consistency ... OK
* checking replacement functions ... OK
* checking foreign function calls ... OK
* checking R code for possible problems ... NOTE
countBend: no visible global function definition for ‘optimize’
drawBase: no visible global function definition for ‘rgl.triangles’
join: no visible global function definition for ‘rgl.quads’
joinRect: no visible global function definition for ‘rgl.quads’
triplex.3D: no visible global function definition for
‘installed.packages’
triplex.3D: no visible global function definition for ‘nlm’
triplex.3D: no visible global function definition for ‘rgl.bg’
triplex.3D: no visible global function definition for ‘rgl.spheres’
Undefined global functions or variables:
installed.packages nlm optimize rgl.bg rgl.quads rgl.spheres
rgl.triangles
Consider adding
importFrom("stats", "nlm", "optimize")
importFrom("utils", "installed.packages")
to your NAMESPACE file.
* checking Rd files ... OK
* checking Rd metadata ... OK
* checking Rd cross-references ... OK
* checking for missing documentation entries ... OK
* checking for code/documentation mismatches ... OK
* checking Rd \usage sections ... OK
* checking Rd contents ... OK
* checking for unstated dependencies in examples ... OK
* checking line endings in C/C++/Fortran sources/headers ... OK
* checking compiled code ... NOTE
Note: information on .o files is not available
* checking files in ‘vignettes’ ... OK
* checking examples ... OK
* checking for unstated dependencies in vignettes ... OK
* checking package vignettes in ‘inst/doc’ ... OK
* checking running R code from vignettes ... SKIPPED
* checking re-building of vignette outputs ... SKIPPED
* checking PDF version of manual ... OK
* DONE
Status: 1 WARNING, 3 NOTEs
See
‘/home/biocbuild/bbs-3.13-bioc/meat/triplex.Rcheck/00check.log’
for details.
triplex.Rcheck/00install.out
############################################################################## ############################################################################## ### ### Running command: ### ### /home/biocbuild/bbs-3.13-bioc/R/bin/R CMD INSTALL triplex ### ############################################################################## ############################################################################## * installing to library ‘/home/biocbuild/bbs-3.13-bioc/R/library’ * installing *source* package ‘triplex’ ... ** using staged installation ** libs gcc -I"/home/biocbuild/bbs-3.13-bioc/R/include" -DNDEBUG -I'/home/biocbuild/bbs-3.13-bioc/R/library/S4Vectors/include' -I'/home/biocbuild/bbs-3.13-bioc/R/library/IRanges/include' -I'/home/biocbuild/bbs-3.13-bioc/R/library/XVector/include' -I'/home/biocbuild/bbs-3.13-bioc/R/library/Biostrings/include' -I/usr/local/include -fpic -g -O2 -Wall -c Biostrings_stubs.c -o Biostrings_stubs.o gcc -I"/home/biocbuild/bbs-3.13-bioc/R/include" -DNDEBUG -I'/home/biocbuild/bbs-3.13-bioc/R/library/S4Vectors/include' -I'/home/biocbuild/bbs-3.13-bioc/R/library/IRanges/include' -I'/home/biocbuild/bbs-3.13-bioc/R/library/XVector/include' -I'/home/biocbuild/bbs-3.13-bioc/R/library/Biostrings/include' -I/usr/local/include -fpic -g -O2 -Wall -c IRanges_stubs.c -o IRanges_stubs.o gcc -I"/home/biocbuild/bbs-3.13-bioc/R/include" -DNDEBUG -I'/home/biocbuild/bbs-3.13-bioc/R/library/S4Vectors/include' -I'/home/biocbuild/bbs-3.13-bioc/R/library/IRanges/include' -I'/home/biocbuild/bbs-3.13-bioc/R/library/XVector/include' -I'/home/biocbuild/bbs-3.13-bioc/R/library/Biostrings/include' -I/usr/local/include -fpic -g -O2 -Wall -c R_init_triplex.c -o R_init_triplex.o gcc -I"/home/biocbuild/bbs-3.13-bioc/R/include" -DNDEBUG -I'/home/biocbuild/bbs-3.13-bioc/R/library/S4Vectors/include' -I'/home/biocbuild/bbs-3.13-bioc/R/library/IRanges/include' -I'/home/biocbuild/bbs-3.13-bioc/R/library/XVector/include' -I'/home/biocbuild/bbs-3.13-bioc/R/library/Biostrings/include' -I/usr/local/include -fpic -g -O2 -Wall -c XVector_stubs.c -o XVector_stubs.o gcc -I"/home/biocbuild/bbs-3.13-bioc/R/include" -DNDEBUG -I'/home/biocbuild/bbs-3.13-bioc/R/library/S4Vectors/include' -I'/home/biocbuild/bbs-3.13-bioc/R/library/IRanges/include' -I'/home/biocbuild/bbs-3.13-bioc/R/library/XVector/include' -I'/home/biocbuild/bbs-3.13-bioc/R/library/Biostrings/include' -I/usr/local/include -fpic -g -O2 -Wall -c align.c -o align.o gcc -I"/home/biocbuild/bbs-3.13-bioc/R/include" -DNDEBUG -I'/home/biocbuild/bbs-3.13-bioc/R/library/S4Vectors/include' -I'/home/biocbuild/bbs-3.13-bioc/R/library/IRanges/include' -I'/home/biocbuild/bbs-3.13-bioc/R/library/XVector/include' -I'/home/biocbuild/bbs-3.13-bioc/R/library/Biostrings/include' -I/usr/local/include -fpic -g -O2 -Wall -c align_interface.c -o align_interface.o gcc -I"/home/biocbuild/bbs-3.13-bioc/R/include" -DNDEBUG -I'/home/biocbuild/bbs-3.13-bioc/R/library/S4Vectors/include' -I'/home/biocbuild/bbs-3.13-bioc/R/library/IRanges/include' -I'/home/biocbuild/bbs-3.13-bioc/R/library/XVector/include' -I'/home/biocbuild/bbs-3.13-bioc/R/library/Biostrings/include' -I/usr/local/include -fpic -g -O2 -Wall -c dl_list.c -o dl_list.o gcc -I"/home/biocbuild/bbs-3.13-bioc/R/include" -DNDEBUG -I'/home/biocbuild/bbs-3.13-bioc/R/library/S4Vectors/include' -I'/home/biocbuild/bbs-3.13-bioc/R/library/IRanges/include' -I'/home/biocbuild/bbs-3.13-bioc/R/library/XVector/include' -I'/home/biocbuild/bbs-3.13-bioc/R/library/Biostrings/include' -I/usr/local/include -fpic -g -O2 -Wall -c interval.c -o interval.o gcc -I"/home/biocbuild/bbs-3.13-bioc/R/include" -DNDEBUG -I'/home/biocbuild/bbs-3.13-bioc/R/library/S4Vectors/include' -I'/home/biocbuild/bbs-3.13-bioc/R/library/IRanges/include' -I'/home/biocbuild/bbs-3.13-bioc/R/library/XVector/include' -I'/home/biocbuild/bbs-3.13-bioc/R/library/Biostrings/include' -I/usr/local/include -fpic -g -O2 -Wall -c libtriplex.c -o libtriplex.o gcc -I"/home/biocbuild/bbs-3.13-bioc/R/include" -DNDEBUG -I'/home/biocbuild/bbs-3.13-bioc/R/library/S4Vectors/include' -I'/home/biocbuild/bbs-3.13-bioc/R/library/IRanges/include' -I'/home/biocbuild/bbs-3.13-bioc/R/library/XVector/include' -I'/home/biocbuild/bbs-3.13-bioc/R/library/Biostrings/include' -I/usr/local/include -fpic -g -O2 -Wall -c progress.c -o progress.o gcc -I"/home/biocbuild/bbs-3.13-bioc/R/include" -DNDEBUG -I'/home/biocbuild/bbs-3.13-bioc/R/library/S4Vectors/include' -I'/home/biocbuild/bbs-3.13-bioc/R/library/IRanges/include' -I'/home/biocbuild/bbs-3.13-bioc/R/library/XVector/include' -I'/home/biocbuild/bbs-3.13-bioc/R/library/Biostrings/include' -I/usr/local/include -fpic -g -O2 -Wall -c search.c -o search.o gcc -I"/home/biocbuild/bbs-3.13-bioc/R/include" -DNDEBUG -I'/home/biocbuild/bbs-3.13-bioc/R/library/S4Vectors/include' -I'/home/biocbuild/bbs-3.13-bioc/R/library/IRanges/include' -I'/home/biocbuild/bbs-3.13-bioc/R/library/XVector/include' -I'/home/biocbuild/bbs-3.13-bioc/R/library/Biostrings/include' -I/usr/local/include -fpic -g -O2 -Wall -c search_interface.c -o search_interface.o gcc -shared -L/home/biocbuild/bbs-3.13-bioc/R/lib -L/usr/local/lib -o triplex.so Biostrings_stubs.o IRanges_stubs.o R_init_triplex.o XVector_stubs.o align.o align_interface.o dl_list.o interval.o libtriplex.o progress.o search.o search_interface.o -L/home/biocbuild/bbs-3.13-bioc/R/lib -lR installing to /home/biocbuild/bbs-3.13-bioc/R/library/00LOCK-triplex/00new/triplex/libs ** R ** inst ** byte-compile and prepare package for lazy loading Warning: replacing previous import ‘grid::pattern’ by ‘Biostrings::pattern’ when loading ‘triplex’ ** help *** installing help indices *** copying figures ** building package indices ** installing vignettes ** testing if installed package can be loaded from temporary location Warning: replacing previous import ‘grid::pattern’ by ‘Biostrings::pattern’ when loading ‘triplex’ ** checking absolute paths in shared objects and dynamic libraries ** testing if installed package can be loaded from final location Warning: replacing previous import ‘grid::pattern’ by ‘Biostrings::pattern’ when loading ‘triplex’ ** testing if installed package keeps a record of temporary installation path * DONE (triplex)
triplex.Rcheck/triplex-Ex.timings
| name | user | system | elapsed | |
| TriplexViews-class | 0.190 | 0.004 | 0.194 | |
| ins | 0.013 | 0.000 | 0.013 | |
| lend | 0.014 | 0.000 | 0.014 | |
| lstart | 0.014 | 0.000 | 0.014 | |
| lwidth | 0.015 | 0.000 | 0.015 | |
| pvalue | 0.014 | 0.000 | 0.014 | |
| triplex-package | 0.059 | 0.012 | 0.071 | |
| triplex.3D | 0.009 | 0.004 | 0.013 | |
| triplex.alignment | 0.041 | 0.004 | 0.045 | |
| triplex.diagram | 0.048 | 0.004 | 0.052 | |
| triplex.group.table | 0.000 | 0.000 | 0.001 | |
| triplex.score.table | 0.001 | 0.000 | 0.001 | |
| triplex.search | 0.145 | 0.004 | 0.149 | |