| Back to Multiple platform build/check report for BioC 3.13 |
|
This page was generated on 2021-10-15 15:05:54 -0400 (Fri, 15 Oct 2021).
|
To the developers/maintainers of the sscu package: - Please allow up to 24 hours (and sometimes 48 hours) for your latest push to git@git.bioconductor.org:packages/sscu.git to reflect on this report. See How and When does the builder pull? When will my changes propagate? here for more information. - Make sure to use the following settings in order to reproduce any error or warning you see on this page. |
| Package 1844/2041 | Hostname | OS / Arch | INSTALL | BUILD | CHECK | BUILD BIN | ||||||||
| sscu 2.22.0 (landing page) Yu Sun
| nebbiolo1 | Linux (Ubuntu 20.04.2 LTS) / x86_64 | OK | OK | WARNINGS | |||||||||
| tokay2 | Windows Server 2012 R2 Standard / x64 | OK | OK | WARNINGS | OK | |||||||||
| machv2 | macOS 10.14.6 Mojave / x86_64 | OK | OK | WARNINGS | OK | |||||||||
| Package: sscu |
| Version: 2.22.0 |
| Command: /home/biocbuild/bbs-3.13-bioc/R/bin/R CMD check --install=check:sscu.install-out.txt --library=/home/biocbuild/bbs-3.13-bioc/R/library --no-vignettes --timings sscu_2.22.0.tar.gz |
| StartedAt: 2021-10-14 11:45:34 -0400 (Thu, 14 Oct 2021) |
| EndedAt: 2021-10-14 11:46:55 -0400 (Thu, 14 Oct 2021) |
| EllapsedTime: 80.9 seconds |
| RetCode: 0 |
| Status: WARNINGS |
| CheckDir: sscu.Rcheck |
| Warnings: 1 |
##############################################################################
##############################################################################
###
### Running command:
###
### /home/biocbuild/bbs-3.13-bioc/R/bin/R CMD check --install=check:sscu.install-out.txt --library=/home/biocbuild/bbs-3.13-bioc/R/library --no-vignettes --timings sscu_2.22.0.tar.gz
###
##############################################################################
##############################################################################
* using log directory ‘/home/biocbuild/bbs-3.13-bioc/meat/sscu.Rcheck’
* using R version 4.1.1 (2021-08-10)
* using platform: x86_64-pc-linux-gnu (64-bit)
* using session charset: UTF-8
* using option ‘--no-vignettes’
* checking for file ‘sscu/DESCRIPTION’ ... OK
* checking extension type ... Package
* this is package ‘sscu’ version ‘2.22.0’
* checking package namespace information ... OK
* checking package dependencies ... OK
* checking if this is a source package ... OK
* checking if there is a namespace ... OK
* checking for hidden files and directories ... OK
* checking for portable file names ... OK
* checking for sufficient/correct file permissions ... OK
* checking whether package ‘sscu’ can be installed ... OK
* checking installed package size ... OK
* checking package directory ... OK
* checking DESCRIPTION meta-information ... OK
* checking top-level files ... OK
* checking for left-over files ... OK
* checking index information ... OK
* checking package subdirectories ... OK
* checking R files for non-ASCII characters ... OK
* checking R files for syntax errors ... OK
* checking whether the package can be loaded ... OK
* checking whether the package can be loaded with stated dependencies ... OK
* checking whether the package can be unloaded cleanly ... OK
* checking whether the namespace can be loaded with stated dependencies ... OK
* checking whether the namespace can be unloaded cleanly ... OK
* checking dependencies in R code ... OK
* checking S3 generic/method consistency ... OK
* checking replacement functions ... OK
* checking foreign function calls ... OK
* checking R code for possible problems ... OK
* checking Rd files ... OK
* checking Rd metadata ... OK
* checking Rd cross-references ... OK
* checking for missing documentation entries ... OK
* checking for code/documentation mismatches ... OK
* checking Rd \usage sections ... OK
* checking Rd contents ... OK
* checking for unstated dependencies in examples ... OK
* checking files in ‘vignettes’ ... WARNING
Files in the 'vignettes' directory but no files in 'inst/doc':
‘sscu.Rmd’
Files named as vignettes but with no recognized vignette engine:
‘vignettes/sscu.Rmd’
(Is a VignetteBuilder field missing?)
* checking examples ... OK
Examples with CPU (user + system) or elapsed time > 5s
user system elapsed
op_corre_NCprime 9.044 0.040 9.088
op_corre_CodonW 8.497 0.092 8.590
* checking PDF version of manual ... OK
* DONE
Status: 1 WARNING
See
‘/home/biocbuild/bbs-3.13-bioc/meat/sscu.Rcheck/00check.log’
for details.
sscu.Rcheck/00install.out
############################################################################## ############################################################################## ### ### Running command: ### ### /home/biocbuild/bbs-3.13-bioc/R/bin/R CMD INSTALL sscu ### ############################################################################## ############################################################################## * installing to library ‘/home/biocbuild/bbs-3.13-bioc/R/library’ * installing *source* package ‘sscu’ ... ** using staged installation ** R ** inst ** byte-compile and prepare package for lazy loading ** help *** installing help indices ** building package indices ** installing vignettes ** testing if installed package can be loaded from temporary location ** testing if installed package can be loaded from final location ** testing if installed package keeps a record of temporary installation path * DONE (sscu)
sscu.Rcheck/sscu-Ex.timings
| name | user | system | elapsed | |
| akashi_test | 0.018 | 0.000 | 0.019 | |
| genomic_gc3 | 0.482 | 0.024 | 0.511 | |
| low_frequency_op | 0.453 | 0.028 | 0.484 | |
| op_corre_CodonW | 8.497 | 0.092 | 8.590 | |
| op_corre_NCprime | 9.044 | 0.040 | 9.088 | |
| op_highly | 0.738 | 0.008 | 0.746 | |
| op_highly_stats | 0.698 | 0.016 | 0.714 | |
| s_index | 0.209 | 0.004 | 0.213 | |