| Back to Multiple platform build/check report for BioC 3.13 |
|
This page was generated on 2021-10-15 15:05:52 -0400 (Fri, 15 Oct 2021).
|
To the developers/maintainers of the scDblFinder package: - Please allow up to 24 hours (and sometimes 48 hours) for your latest push to git@git.bioconductor.org:packages/scDblFinder.git to reflect on this report. See How and When does the builder pull? When will my changes propagate? here for more information. - Make sure to use the following settings in order to reproduce any error or warning you see on this page. |
| Package 1691/2041 | Hostname | OS / Arch | INSTALL | BUILD | CHECK | BUILD BIN | ||||||||
| scDblFinder 1.6.0 (landing page) Pierre-Luc Germain
| nebbiolo1 | Linux (Ubuntu 20.04.2 LTS) / x86_64 | OK | OK | WARNINGS | |||||||||
| tokay2 | Windows Server 2012 R2 Standard / x64 | OK | OK | WARNINGS | OK | |||||||||
| machv2 | macOS 10.14.6 Mojave / x86_64 | OK | OK | WARNINGS | OK | |||||||||
| Package: scDblFinder |
| Version: 1.6.0 |
| Command: /home/biocbuild/bbs-3.13-bioc/R/bin/R CMD check --install=check:scDblFinder.install-out.txt --library=/home/biocbuild/bbs-3.13-bioc/R/library --no-vignettes --timings scDblFinder_1.6.0.tar.gz |
| StartedAt: 2021-10-14 11:29:37 -0400 (Thu, 14 Oct 2021) |
| EndedAt: 2021-10-14 11:33:40 -0400 (Thu, 14 Oct 2021) |
| EllapsedTime: 242.4 seconds |
| RetCode: 0 |
| Status: WARNINGS |
| CheckDir: scDblFinder.Rcheck |
| Warnings: 3 |
##############################################################################
##############################################################################
###
### Running command:
###
### /home/biocbuild/bbs-3.13-bioc/R/bin/R CMD check --install=check:scDblFinder.install-out.txt --library=/home/biocbuild/bbs-3.13-bioc/R/library --no-vignettes --timings scDblFinder_1.6.0.tar.gz
###
##############################################################################
##############################################################################
* using log directory ‘/home/biocbuild/bbs-3.13-bioc/meat/scDblFinder.Rcheck’
* using R version 4.1.1 (2021-08-10)
* using platform: x86_64-pc-linux-gnu (64-bit)
* using session charset: UTF-8
* using option ‘--no-vignettes’
* checking for file ‘scDblFinder/DESCRIPTION’ ... OK
* checking extension type ... Package
* this is package ‘scDblFinder’ version ‘1.6.0’
* package encoding: UTF-8
* checking package namespace information ... OK
* checking package dependencies ... OK
* checking if this is a source package ... OK
* checking if there is a namespace ... OK
* checking for hidden files and directories ... OK
* checking for portable file names ... OK
* checking for sufficient/correct file permissions ... OK
* checking whether package ‘scDblFinder’ can be installed ... OK
* checking installed package size ... OK
* checking package directory ... OK
* checking ‘build’ directory ... OK
* checking DESCRIPTION meta-information ... OK
* checking top-level files ... NOTE
File
LICENSE
is not mentioned in the DESCRIPTION file.
* checking for left-over files ... OK
* checking index information ... OK
* checking package subdirectories ... OK
* checking R files for non-ASCII characters ... OK
* checking R files for syntax errors ... OK
* checking whether the package can be loaded ... OK
* checking whether the package can be loaded with stated dependencies ... OK
* checking whether the package can be unloaded cleanly ... OK
* checking whether the namespace can be loaded with stated dependencies ... OK
* checking whether the namespace can be unloaded cleanly ... OK
* checking dependencies in R code ... WARNING
'library' or 'require' call not declared from: ‘mbkmeans’
'library' or 'require' call to ‘mbkmeans’ in package code.
Please use :: or requireNamespace() instead.
See section 'Suggested packages' in the 'Writing R Extensions' manual.
':::' call which should be '::': ‘mbkmeans:::mbkmeans’
See the note in ?`:::` about the use of this operator.
* checking S3 generic/method consistency ... OK
* checking replacement functions ... OK
* checking foreign function calls ... OK
* checking R code for possible problems ... NOTE
clusterStickiness: no visible binding for global variable ‘sce’
doubletPairwiseEnrichment: no visible binding for global variable ‘sce’
plotThresholds: no visible global function definition for ‘aes’
plotThresholds: no visible binding for global variable ‘threshold’
plotThresholds: no visible binding for global variable ‘FNR’
plotThresholds: no visible binding for global variable ‘FDR’
plotThresholds: no visible binding for global variable ‘dev’
plotThresholds: no visible binding for global variable ‘cost’
Undefined global functions or variables:
FDR FNR aes cost dev sce threshold
* checking Rd files ... WARNING
checkRd: (7) cxds2.Rd:27: Tag \href is invalid in a \code block
* checking Rd metadata ... OK
* checking Rd cross-references ... OK
* checking for missing documentation entries ... OK
* checking for code/documentation mismatches ... OK
* checking Rd \usage sections ... WARNING
Documented arguments not in \usage in documentation object 'doubletThresholding':
‘verbose’
Functions with \usage entries need to have the appropriate \alias
entries, and all their arguments documented.
The \usage entries must correspond to syntactically valid R code.
See chapter ‘Writing R documentation files’ in the ‘Writing R
Extensions’ manual.
* checking Rd contents ... OK
* checking for unstated dependencies in examples ... OK
* checking contents of ‘data’ directory ... OK
* checking data for non-ASCII characters ... OK
* checking data for ASCII and uncompressed saves ... OK
* checking files in ‘vignettes’ ... OK
* checking examples ... OK
Examples with CPU (user + system) or elapsed time > 5s
user system elapsed
scDblFinder 6.919 0.100 7.019
doubletThresholding 6.467 0.136 6.603
* checking for unstated dependencies in ‘tests’ ... OK
* checking tests ...
Running ‘testthat.R’
OK
* checking for unstated dependencies in vignettes ... OK
* checking package vignettes in ‘inst/doc’ ... OK
* checking running R code from vignettes ... SKIPPED
* checking re-building of vignette outputs ... SKIPPED
* checking PDF version of manual ... OK
* DONE
Status: 3 WARNINGs, 2 NOTEs
See
‘/home/biocbuild/bbs-3.13-bioc/meat/scDblFinder.Rcheck/00check.log’
for details.
scDblFinder.Rcheck/00install.out
############################################################################## ############################################################################## ### ### Running command: ### ### /home/biocbuild/bbs-3.13-bioc/R/bin/R CMD INSTALL scDblFinder ### ############################################################################## ############################################################################## * installing to library ‘/home/biocbuild/bbs-3.13-bioc/R/library’ * installing *source* package ‘scDblFinder’ ... ** using staged installation ** R ** data ** inst ** byte-compile and prepare package for lazy loading ** help *** installing help indices ** building package indices ** installing vignettes ** testing if installed package can be loaded from temporary location ** testing if installed package can be loaded from final location ** testing if installed package keeps a record of temporary installation path * DONE (scDblFinder)
scDblFinder.Rcheck/tests/testthat.Rout
R version 4.1.1 (2021-08-10) -- "Kick Things"
Copyright (C) 2021 The R Foundation for Statistical Computing
Platform: x86_64-pc-linux-gnu (64-bit)
R is free software and comes with ABSOLUTELY NO WARRANTY.
You are welcome to redistribute it under certain conditions.
Type 'license()' or 'licence()' for distribution details.
R is a collaborative project with many contributors.
Type 'contributors()' for more information and
'citation()' on how to cite R or R packages in publications.
Type 'demo()' for some demos, 'help()' for on-line help, or
'help.start()' for an HTML browser interface to help.
Type 'q()' to quit R.
> library(testthat)
> library(scDblFinder)
> test_check("scDblFinder")
[ FAIL 0 | WARN 8 | SKIP 0 | PASS 85 ]
>
> proc.time()
user system elapsed
36.604 1.257 37.850
scDblFinder.Rcheck/scDblFinder-Ex.timings
| name | user | system | elapsed | |
| TFIDF | 0.083 | 0.013 | 0.095 | |
| addDoublets | 0.766 | 0.002 | 0.768 | |
| clusterStickiness | 4.549 | 0.041 | 4.581 | |
| computeDoubletDensity | 3.892 | 0.120 | 4.012 | |
| createDoublets | 0.665 | 0.004 | 0.669 | |
| cxds2 | 0.757 | 0.008 | 0.765 | |
| doubletPairwiseEnrichment | 3.811 | 0.024 | 3.836 | |
| doubletThresholding | 6.467 | 0.136 | 6.603 | |
| fastcluster | 1.269 | 0.000 | 1.269 | |
| findDoubletClusters | 1.705 | 0.008 | 1.715 | |
| getArtificialDoublets | 0.000 | 0.003 | 0.004 | |
| getCellPairs | 0.009 | 0.000 | 0.008 | |
| getExpectedDoublets | 0.002 | 0.000 | 0.002 | |
| mockDoubletSCE | 0.685 | 0.003 | 0.689 | |
| propHomotypic | 0.000 | 0.000 | 0.001 | |
| recoverDoublets | 0.136 | 0.000 | 0.136 | |
| scDblFinder | 6.919 | 0.100 | 7.019 | |
| selFeatures | 0.715 | 0.008 | 0.723 | |