Back to Multiple platform build/check report for BioC 3.13 |
|
This page was generated on 2021-10-15 15:05:45 -0400 (Fri, 15 Oct 2021).
To the developers/maintainers of the miRcomp package: - Please allow up to 24 hours (and sometimes 48 hours) for your latest push to git@git.bioconductor.org:packages/miRcomp.git to reflect on this report. See How and When does the builder pull? When will my changes propagate? here for more information. - Make sure to use the following settings in order to reproduce any error or warning you see on this page. |
Package 1147/2041 | Hostname | OS / Arch | INSTALL | BUILD | CHECK | BUILD BIN | ||||||||
miRcomp 1.22.0 (landing page) Matthew N. McCall
| nebbiolo1 | Linux (Ubuntu 20.04.2 LTS) / x86_64 | OK | OK | WARNINGS | ![]() | ||||||||
tokay2 | Windows Server 2012 R2 Standard / x64 | OK | OK | WARNINGS | OK | ![]() | ||||||||
machv2 | macOS 10.14.6 Mojave / x86_64 | OK | OK | WARNINGS | OK | ![]() | ||||||||
Package: miRcomp |
Version: 1.22.0 |
Command: /home/biocbuild/bbs-3.13-bioc/R/bin/R CMD check --install=check:miRcomp.install-out.txt --library=/home/biocbuild/bbs-3.13-bioc/R/library --no-vignettes --timings miRcomp_1.22.0.tar.gz |
StartedAt: 2021-10-14 10:37:40 -0400 (Thu, 14 Oct 2021) |
EndedAt: 2021-10-14 10:38:18 -0400 (Thu, 14 Oct 2021) |
EllapsedTime: 37.3 seconds |
RetCode: 0 |
Status: WARNINGS |
CheckDir: miRcomp.Rcheck |
Warnings: 1 |
############################################################################## ############################################################################## ### ### Running command: ### ### /home/biocbuild/bbs-3.13-bioc/R/bin/R CMD check --install=check:miRcomp.install-out.txt --library=/home/biocbuild/bbs-3.13-bioc/R/library --no-vignettes --timings miRcomp_1.22.0.tar.gz ### ############################################################################## ############################################################################## * using log directory ‘/home/biocbuild/bbs-3.13-bioc/meat/miRcomp.Rcheck’ * using R version 4.1.1 (2021-08-10) * using platform: x86_64-pc-linux-gnu (64-bit) * using session charset: UTF-8 * using option ‘--no-vignettes’ * checking for file ‘miRcomp/DESCRIPTION’ ... OK * this is package ‘miRcomp’ version ‘1.22.0’ * checking package namespace information ... OK * checking package dependencies ... OK * checking if this is a source package ... OK * checking if there is a namespace ... OK * checking for hidden files and directories ... OK * checking for portable file names ... OK * checking for sufficient/correct file permissions ... OK * checking whether package ‘miRcomp’ can be installed ... OK * checking installed package size ... OK * checking package directory ... OK * checking ‘build’ directory ... OK * checking DESCRIPTION meta-information ... OK * checking top-level files ... OK * checking for left-over files ... OK * checking index information ... OK * checking package subdirectories ... OK * checking R files for non-ASCII characters ... OK * checking R files for syntax errors ... OK * checking whether the package can be loaded ... OK * checking whether the package can be loaded with stated dependencies ... OK * checking whether the package can be unloaded cleanly ... OK * checking whether the namespace can be loaded with stated dependencies ... OK * checking whether the namespace can be unloaded cleanly ... OK * checking dependencies in R code ... OK * checking S3 generic/method consistency ... OK * checking replacement functions ... OK * checking foreign function calls ... OK * checking R code for possible problems ... OK * checking Rd files ... OK * checking Rd metadata ... OK * checking Rd cross-references ... OK * checking for missing documentation entries ... OK * checking for code/documentation mismatches ... OK * checking Rd \usage sections ... OK * checking Rd contents ... OK * checking for unstated dependencies in examples ... OK * checking contents of ‘data’ directory ... OK * checking data for non-ASCII characters ... OK * checking data for ASCII and uncompressed saves ... WARNING Note: significantly better compression could be obtained by using R CMD build --resave-data old_size new_size compress lifetech.rda 350Kb 276Kb xz qpcRb4.rda 290Kb 243Kb xz qpcRb5.rda 288Kb 242Kb xz qpcRdefault.rda 290Kb 242Kb xz qpcRl5.rda 287Kb 239Kb xz qpcRlinexp.rda 235Kb 200Kb xz * checking files in ‘vignettes’ ... OK * checking examples ... OK * checking for unstated dependencies in ‘tests’ ... OK * checking tests ... Running ‘runTests.R’ OK * checking for unstated dependencies in vignettes ... OK * checking package vignettes in ‘inst/doc’ ... OK * checking running R code from vignettes ... SKIPPED * checking re-building of vignette outputs ... SKIPPED * checking PDF version of manual ... OK * DONE Status: 1 WARNING See ‘/home/biocbuild/bbs-3.13-bioc/meat/miRcomp.Rcheck/00check.log’ for details.
miRcomp.Rcheck/00install.out
############################################################################## ############################################################################## ### ### Running command: ### ### /home/biocbuild/bbs-3.13-bioc/R/bin/R CMD INSTALL miRcomp ### ############################################################################## ############################################################################## * installing to library ‘/home/biocbuild/bbs-3.13-bioc/R/library’ * installing *source* package ‘miRcomp’ ... ** using staged installation ** R ** data ** inst ** byte-compile and prepare package for lazy loading ** help *** installing help indices ** building package indices ** installing vignettes ** testing if installed package can be loaded from temporary location ** testing if installed package can be loaded from final location ** testing if installed package keeps a record of temporary installation path * DONE (miRcomp)
miRcomp.Rcheck/tests/runTests.Rout
R version 4.1.1 (2021-08-10) -- "Kick Things" Copyright (C) 2021 The R Foundation for Statistical Computing Platform: x86_64-pc-linux-gnu (64-bit) R is free software and comes with ABSOLUTELY NO WARRANTY. You are welcome to redistribute it under certain conditions. Type 'license()' or 'licence()' for distribution details. R is a collaborative project with many contributors. Type 'contributors()' for more information and 'citation()' on how to cite R or R packages in publications. Type 'demo()' for some demos, 'help()' for on-line help, or 'help.start()' for an HTML browser interface to help. Type 'q()' to quit R. > BiocGenerics:::testPackage("miRcomp") Attaching package: 'BiocGenerics' The following objects are masked from 'package:parallel': clusterApply, clusterApplyLB, clusterCall, clusterEvalQ, clusterExport, clusterMap, parApply, parCapply, parLapply, parLapplyLB, parRapply, parSapply, parSapplyLB The following objects are masked from 'package:stats': IQR, mad, sd, var, xtabs The following objects are masked from 'package:base': Filter, Find, Map, Position, Reduce, anyDuplicated, append, as.data.frame, basename, cbind, colnames, dirname, do.call, duplicated, eval, evalq, get, grep, grepl, intersect, is.unsorted, lapply, mapply, match, mget, order, paste, pmax, pmax.int, pmin, pmin.int, rank, rbind, rownames, sapply, setdiff, sort, table, tapply, union, unique, unsplit, which.max, which.min Welcome to Bioconductor Vignettes contain introductory material; view with 'browseVignettes()'. To cite Bioconductor, see 'citation("Biobase")', and for packages 'citation("pkgname")'. RUNIT TEST PROTOCOL -- Thu Oct 14 10:38:15 2021 *********************************************** Number of test functions: 5 Number of errors: 0 Number of failures: 0 1 Test Suite : miRcomp RUnit Tests - 5 test functions, 0 errors, 0 failures Number of test functions: 5 Number of errors: 0 Number of failures: 0 > > proc.time() user system elapsed 1.823 0.086 1.894
miRcomp.Rcheck/miRcomp-Ex.timings
name | user | system | elapsed | |
accuracy | 1.041 | 0.020 | 1.061 | |
completeFeatures | 0.029 | 0.004 | 0.033 | |
expressionComp | 0.086 | 0.016 | 0.103 | |
lifetech | 0.002 | 0.004 | 0.006 | |
limitOfDetection | 0.498 | 0.007 | 0.506 | |
miRcompShinyApp | 0 | 0 | 0 | |
precision | 0.734 | 0.000 | 0.735 | |
qpcRb4 | 0.006 | 0.000 | 0.006 | |
qpcRb5 | 0.006 | 0.000 | 0.005 | |
qpcRdefault | 0.005 | 0.000 | 0.006 | |
qpcRl5 | 0.006 | 0.000 | 0.006 | |
qpcRlinexp | 0.005 | 0.000 | 0.005 | |
qualityAssessment | 0.114 | 0.004 | 0.117 | |
titrationResponse | 0.529 | 0.004 | 0.533 | |