| Back to Multiple platform build/check report for BioC 3.13 |
|
This page was generated on 2021-10-15 15:06:42 -0400 (Fri, 15 Oct 2021).
|
To the developers/maintainers of the methyAnalysis package: - Please allow up to 24 hours (and sometimes 48 hours) for your latest push to git@git.bioconductor.org:packages/methyAnalysis.git to reflect on this report. See How and When does the builder pull? When will my changes propagate? here for more information. - Make sure to use the following settings in order to reproduce any error or warning you see on this page. |
| Package 1104/2041 | Hostname | OS / Arch | INSTALL | BUILD | CHECK | BUILD BIN | ||||||||
Lei Huang
| nebbiolo1 | Linux (Ubuntu 20.04.2 LTS) / x86_64 | OK | OK | WARNINGS | |||||||||
| tokay2 | Windows Server 2012 R2 Standard / x64 | ... NOT SUPPORTED ... | ||||||||||||
| machv2 | macOS 10.14.6 Mojave / x86_64 | OK | OK | WARNINGS | OK | |||||||||
| Package: methyAnalysis |
| Version: 1.34.0 |
| Command: /Library/Frameworks/R.framework/Versions/Current/Resources/bin/R CMD check --install=check:methyAnalysis.install-out.txt --library=/Library/Frameworks/R.framework/Versions/Current/Resources/library --no-vignettes --timings methyAnalysis_1.34.0.tar.gz |
| StartedAt: 2021-10-14 20:58:35 -0400 (Thu, 14 Oct 2021) |
| EndedAt: 2021-10-14 21:11:53 -0400 (Thu, 14 Oct 2021) |
| EllapsedTime: 797.7 seconds |
| RetCode: 0 |
| Status: WARNINGS |
| CheckDir: methyAnalysis.Rcheck |
| Warnings: 3 |
##############################################################################
##############################################################################
###
### Running command:
###
### /Library/Frameworks/R.framework/Versions/Current/Resources/bin/R CMD check --install=check:methyAnalysis.install-out.txt --library=/Library/Frameworks/R.framework/Versions/Current/Resources/library --no-vignettes --timings methyAnalysis_1.34.0.tar.gz
###
##############################################################################
##############################################################################
* using log directory ‘/Users/biocbuild/bbs-3.13-bioc/meat/methyAnalysis.Rcheck’
* using R version 4.1.1 (2021-08-10)
* using platform: x86_64-apple-darwin17.0 (64-bit)
* using session charset: UTF-8
* using option ‘--no-vignettes’
* checking for file ‘methyAnalysis/DESCRIPTION’ ... OK
* checking extension type ... Package
* this is package ‘methyAnalysis’ version ‘1.34.0’
* checking package namespace information ... OK
* checking package dependencies ... NOTE
Depends: includes the non-default packages:
'grid', 'BiocGenerics', 'IRanges', 'GenomeInfoDb', 'GenomicRanges',
'Biobase', 'org.Hs.eg.db'
Adding so many packages to the search path is excessive and importing
selectively is preferable.
* checking if this is a source package ... OK
* checking if there is a namespace ... OK
* checking for hidden files and directories ... NOTE
Found the following hidden files and directories:
.BBSoptions
.git_fetch_output.txt
.git_merge_output.txt
These were most likely included in error. See section ‘Package
structure’ in the ‘Writing R Extensions’ manual.
* checking for portable file names ... OK
* checking for sufficient/correct file permissions ... OK
* checking whether package ‘methyAnalysis’ can be installed ... WARNING
Found the following significant warnings:
Warning: Package 'methyAnalysis' is deprecated and will be removed from
See ‘/Users/biocbuild/bbs-3.13-bioc/meat/methyAnalysis.Rcheck/00install.out’ for details.
* checking installed package size ... OK
* checking package directory ... OK
* checking ‘build’ directory ... OK
* checking DESCRIPTION meta-information ... NOTE
Packages listed in more than one of Depends, Imports, Suggests, Enhances:
‘IRanges’ ‘GenomicRanges’ ‘Biobase’
A package should be listed in only one of these fields.
* checking top-level files ... OK
* checking for left-over files ... OK
* checking index information ... OK
* checking package subdirectories ... OK
* checking R files for non-ASCII characters ... OK
* checking R files for syntax errors ... OK
* checking whether the package can be loaded ... OK
* checking whether the package can be loaded with stated dependencies ... OK
* checking whether the package can be unloaded cleanly ... OK
* checking whether the namespace can be loaded with stated dependencies ... OK
* checking whether the namespace can be unloaded cleanly ... OK
* checking dependencies in R code ... WARNING
Packages in Depends field not imported from:
'grid' 'org.Hs.eg.db'
These packages need to be imported from (in the NAMESPACE file)
for when this namespace is loaded but not attached.
Missing or unexported objects:
'GenomicRanges::overlapsAny'
'bigmemoryExtras::attachAssayDataElements'
Unexported objects imported by ':::' calls:
'Gviz:::.parMappings' 'Gviz:::.setupTextSize' 'Gviz:::.z2icol'
'Gviz:::setStacks'
See the note in ?`:::` about the use of this operator.
* checking S3 generic/method consistency ... OK
* checking replacement functions ... WARNING
'assayElement<-' '\S4method{assayElement<-}{SummarizedExperiment}'
The argument of a replacement function which corresponds to the right
hand side must be named ‘value’.
* checking foreign function calls ... OK
* checking R code for possible problems ... NOTE
.estimateTrackHeight: no visible global function definition for
'convertY'
.estimateTrackHeight: no visible global function definition for 'unit'
.identifySigProbe: no visible global function definition for 'rowMax'
MethyLumiM2GenoSet: no visible global function definition for 'fData'
MethyLumiM2GenoSet: no visible global function definition for
'metadata'
MethyLumiM2GenoSet: no visible global function definition for 'mcols<-'
annotateDMRInfo: no visible global function definition for
'elementNROWS'
annotateDMRInfo: no visible global function definition for 'values'
annotateGRanges: no visible global function definition for
'elementNROWS'
annotateGRanges: no visible global function definition for 'values'
annotateGRanges: no visible global function definition for 'resize'
annotateGRanges: no visible global function definition for 'values<-'
annotateGRanges: no visible global function definition for 'flank'
annotateGRanges: no visible global function definition for 'nearest'
annotateGRanges: no visible global function definition for
'findOverlaps'
annotateGRanges: no visible global function definition for 'queryHits'
annotateGRanges: no visible global function definition for
'subjectHits'
buildAnnotationTracks: no visible global function definition for
'values<-'
buildAnnotationTracks: no visible global function definition for
'DataFrame'
buildAnnotationTracks: no visible global function definition for
'values'
checkChrName: no visible global function definition for 'ranges<-'
createTranscriptTrack: no visible global function definition for
'values'
detectDMR.slideWin: no visible global function definition for
'values<-'
estimateCMR.methylation: no visible global function definition for
'findOverlaps'
estimateCMR.methylation: no visible global function definition for
'mcols'
estimateCMR.methylation: no visible global function definition for
'values'
estimateMethySeq: no visible global function definition for 'slice'
estimateMethySeq: no visible global function definition for 'DataFrame'
estimateMethySeq: no visible global function definition for
'findOverlaps'
estimateMethySeq: no visible global function definition for 'values<-'
estimateMethySeq: no visible global function definition for 'values'
filterBisulfiteVariant: no visible global function definition for
'slice'
filterBisulfiteVariant: no visible global function definition for
'findOverlaps'
getContinuousRegion: no visible global function definition for
'values<-'
getContinuousRegion: no visible global function definition for 'values'
getContinuousRegion: no visible global function definition for 'reduce'
getCoverage: no visible global function definition for 'values<-'
getCoverage: no visible global function definition for 'DataFrame'
getCoverage: no visible global function definition for 'values'
getMethyProbeLocation: no visible global function definition for
'features'
getMethyProbeLocation: no visible global function definition for
'values<-'
getMethyProbeLocation: no visible global function definition for
'DataFrame'
getMethyProbeLocation: no visible global function definition for 'keys'
heatmapByChromosome: no visible global function definition for
'pushViewport'
heatmapByChromosome: no visible global function definition for
'viewport'
heatmapByChromosome: no visible global function definition for
'grid.layout'
heatmapByChromosome: no visible global function definition for
'popViewport'
heatmapByChromosome: no visible global function definition for
'convertX'
heatmapByChromosome: no visible global function definition for 'unit'
heatmapByChromosome: no visible global function definition for
'convertY'
heatmapByChromosome: no visible global function definition for
'grid.rect'
heatmapByChromosome: no visible global function definition for 'gpar'
heatmapByChromosome: no visible global function definition for
'grid.lines'
identifyCpG: no visible global function definition for 'matchPattern'
identifySigDMR: no visible global function definition for 'values'
identifySigDMR: no visible global function definition for 'values<-'
identifySigDMR: no visible global function definition for
'subsetByOverlaps'
plotHeatmapByGene: no visible global function definition for
'grid.newpage'
plotHeatmapByGene: no visible global function definition for
'pushViewport'
plotHeatmapByGene: no visible global function definition for 'viewport'
plotHeatmapByGene: no visible global function definition for
'grid.layout'
plotHeatmapByGene: no visible global function definition for
'popViewport'
plotHeatmapByGene: no visible global function definition for
'grid.rect'
plotHeatmapByGene: no visible global function definition for 'gpar'
plotHeatmapByGene: no visible global function definition for
'grid.segments'
plotHeatmapByGene: no visible global function definition for 'convertX'
plotHeatmapByGene: no visible global function definition for 'unit'
plotHeatmapByGene: no visible global function definition for
'grid.text'
plotHeatmapByGene: no visible global function definition for 'convertY'
plotMethylationHeatmapByGene : <anonymous>: no visible global function
definition for 'grid.newpage'
plotMethylationHeatmapByGene : <anonymous>: no visible global function
definition for 'pushViewport'
plotMethylationHeatmapByGene : <anonymous>: no visible global function
definition for 'viewport'
plotMethylationHeatmapByGene : <anonymous>: no visible global function
definition for 'grid.layout'
plotMethylationHeatmapByGene : <anonymous>: no visible global function
definition for 'popViewport'
plotMethylationHeatmapByGene : <anonymous>: no visible global function
definition for 'grid.rect'
plotMethylationHeatmapByGene : <anonymous>: no visible global function
definition for 'gpar'
plotMethylationHeatmapByGene : <anonymous>: no visible global function
definition for 'grid.segments'
plotMethylationHeatmapByGene : <anonymous>: no visible global function
definition for 'convertX'
plotMethylationHeatmapByGene : <anonymous>: no visible global function
definition for 'unit'
plotMethylationHeatmapByGene : <anonymous>: no visible global function
definition for 'grid.text'
plotMethylationHeatmapByGene : <anonymous>: no visible global function
definition for 'convertY'
plotTracksWithDataTrackInfo : <anonymous>: no visible global function
definition for 'values'
plotTracksWithDataTrackInfo: no visible global function definition for
'grid.newpage'
plotTracksWithDataTrackInfo: no visible global function definition for
'pushViewport'
plotTracksWithDataTrackInfo: no visible global function definition for
'viewport'
plotTracksWithDataTrackInfo: no visible global function definition for
'grid.layout'
plotTracksWithDataTrackInfo: no visible global function definition for
'convertX'
plotTracksWithDataTrackInfo: no visible global function definition for
'unit'
plotTracksWithDataTrackInfo : <anonymous>: no visible global function
definition for 'convertX'
plotTracksWithDataTrackInfo : <anonymous>: no visible global function
definition for 'unit'
plotTracksWithDataTrackInfo: no visible global function definition for
'popViewport'
plotTracksWithDataTrackInfo: no visible global function definition for
'convertY'
plotTracksWithDataTrackInfo: no visible global function definition for
'grid.text'
plotTracksWithDataTrackInfo: no visible global function definition for
'gpar'
plotTracksWithDataTrackInfo: no visible global function definition for
'grid.rect'
transcriptDb2GeneRegionTrackByGene: no visible global function
definition for 'values'
updateMethyGenoSet: no visible global function definition for 'mcols<-'
coerce,MethyGenoSet-MethyLumiM: no visible global function definition
for 'mcols'
coerce,MethyGenoSet-MethyLumiM: no visible global function definition
for 'fData<-'
Undefined global functions or variables:
DataFrame convertX convertY elementNROWS fData fData<- features
findOverlaps flank gpar grid.layout grid.lines grid.newpage grid.rect
grid.segments grid.text keys matchPattern mcols mcols<- metadata
nearest popViewport pushViewport queryHits ranges<- reduce resize
rowMax slice subjectHits subsetByOverlaps unit values values<-
viewport
* checking Rd files ... NOTE
prepare_Rd: estimateCMR.methylation.Rd:35-36: Dropping empty section \details
prepare_Rd: estimateCMR.methylation.Rd:45-47: Dropping empty section \examples
prepare_Rd: estimateMethySeq.Rd:33-35: Dropping empty section \details
prepare_Rd: estimateMethySeq.Rd:44-46: Dropping empty section \seealso
prepare_Rd: estimateMethySeq.Rd:47-49: Dropping empty section \examples
prepare_Rd: filterBisulfiteVariant.Rd:51-52: Dropping empty section \examples
prepare_Rd: getCoverage.Rd:35-36: Dropping empty section \examples
* checking Rd metadata ... OK
* checking Rd cross-references ... OK
* checking for missing documentation entries ... OK
* checking for code/documentation mismatches ... OK
* checking Rd \usage sections ... OK
* checking Rd contents ... OK
* checking for unstated dependencies in examples ... OK
* checking contents of ‘data’ directory ... OK
* checking data for non-ASCII characters ... OK
* checking data for ASCII and uncompressed saves ... OK
* checking sizes of PDF files under ‘inst/doc’ ... OK
* checking files in ‘vignettes’ ... OK
* checking examples ... OK
Examples with CPU (user + system) or elapsed time > 5s
user system elapsed
plotMethylationHeatmapByGene 57.701 0.930 78.236
buildAnnotationTracks 36.128 0.862 52.546
plotHeatmapByGene 28.746 0.362 38.958
heatmapByChromosome 24.942 0.345 25.869
MethyLumiM2GenoSet 21.667 0.811 22.595
plotTracksWithDataTrackInfo 21.168 0.189 22.677
createTranscriptTrack 20.898 0.303 21.214
annotateDMRInfo 5.669 0.315 5.990
* checking for unstated dependencies in vignettes ... OK
* checking package vignettes in ‘inst/doc’ ... OK
* checking running R code from vignettes ... SKIPPED
* checking re-building of vignette outputs ... SKIPPED
* checking PDF version of manual ... OK
* DONE
Status: 3 WARNINGs, 5 NOTEs
See
‘/Users/biocbuild/bbs-3.13-bioc/meat/methyAnalysis.Rcheck/00check.log’
for details.
methyAnalysis.Rcheck/00install.out
############################################################################## ############################################################################## ### ### Running command: ### ### /Library/Frameworks/R.framework/Versions/Current/Resources/bin/R CMD INSTALL methyAnalysis ### ############################################################################## ############################################################################## * installing to library ‘/Library/Frameworks/R.framework/Versions/4.1/Resources/library’ * installing *source* package ‘methyAnalysis’ ... ** using staged installation ** R ** data ** inst ** byte-compile and prepare package for lazy loading No methods found in package ‘RSQLite’ for request: ‘dbListFields’ when loading ‘lumi’ No methods found in package 'IRanges' for request: 'universe' when loading 'methyAnalysis' No methods found in package 'genoset' for request: 'toGenomeOrder' when loading 'methyAnalysis' ** help *** installing help indices ** building package indices ** installing vignettes ** testing if installed package can be loaded from temporary location No methods found in package ‘RSQLite’ for request: ‘dbListFields’ when loading ‘lumi’ No methods found in package 'IRanges' for request: 'universe' when loading 'methyAnalysis' No methods found in package 'genoset' for request: 'toGenomeOrder' when loading 'methyAnalysis' Warning: Package 'methyAnalysis' is deprecated and will be removed from Bioconductor version 3.14 ** testing if installed package can be loaded from final location No methods found in package ‘RSQLite’ for request: ‘dbListFields’ when loading ‘lumi’ No methods found in package 'IRanges' for request: 'universe' when loading 'methyAnalysis' No methods found in package 'genoset' for request: 'toGenomeOrder' when loading 'methyAnalysis' Warning: Package 'methyAnalysis' is deprecated and will be removed from Bioconductor version 3.14 ** testing if installed package keeps a record of temporary installation path * DONE (methyAnalysis)
methyAnalysis.Rcheck/methyAnalysis-Ex.timings
| name | user | system | elapsed | |
| MethyGenoSet-class | 0.105 | 0.006 | 0.111 | |
| MethyLumiM2GenoSet | 21.667 | 0.811 | 22.595 | |
| annotateDMRInfo | 5.669 | 0.315 | 5.990 | |
| annotateGRanges | 3.249 | 0.105 | 3.357 | |
| buildAnnotationTracks | 36.128 | 0.862 | 52.546 | |
| checkChrName | 0.175 | 0.012 | 0.194 | |
| createTranscriptTrack | 20.898 | 0.303 | 21.214 | |
| detectDMR.slideWin | 0.567 | 0.010 | 0.577 | |
| exampleMethyGenoSet | 0.147 | 0.007 | 0.154 | |
| export.DMRInfo | 4.246 | 0.063 | 4.313 | |
| export.methyGenoSet | 0.229 | 0.012 | 0.241 | |
| getContinuousRegion | 0.522 | 0.009 | 0.531 | |
| heatmapByChromosome | 24.942 | 0.345 | 25.869 | |
| identifyCpG | 0.000 | 0.001 | 0.001 | |
| identifySigDMR | 0.736 | 0.007 | 0.743 | |
| plotHeatmapByGene | 28.746 | 0.362 | 38.958 | |
| plotMethylationHeatmapByGene | 57.701 | 0.930 | 78.236 | |
| plotTracksWithDataTrackInfo | 21.168 | 0.189 | 22.677 | |
| smoothMethyData | 0.429 | 0.008 | 0.461 | |