| Back to Multiple platform build/check report for BioC 3.13 |
|
This page was generated on 2021-10-15 15:06:40 -0400 (Fri, 15 Oct 2021).
|
To the developers/maintainers of the lumi package: - Please allow up to 24 hours (and sometimes 48 hours) for your latest push to git@git.bioconductor.org:packages/lumi.git to reflect on this report. See How and When does the builder pull? When will my changes propagate? here for more information. - Make sure to use the following settings in order to reproduce any error or warning you see on this page. |
| Package 1008/2041 | Hostname | OS / Arch | INSTALL | BUILD | CHECK | BUILD BIN | ||||||||
| lumi 2.44.0 (landing page) Lei Huang
| nebbiolo1 | Linux (Ubuntu 20.04.2 LTS) / x86_64 | OK | OK | WARNINGS | |||||||||
| tokay2 | Windows Server 2012 R2 Standard / x64 | OK | OK | WARNINGS | OK | |||||||||
| machv2 | macOS 10.14.6 Mojave / x86_64 | OK | OK | WARNINGS | OK | |||||||||
| Package: lumi |
| Version: 2.44.0 |
| Command: /Library/Frameworks/R.framework/Versions/Current/Resources/bin/R CMD check --install=check:lumi.install-out.txt --library=/Library/Frameworks/R.framework/Versions/Current/Resources/library --no-vignettes --timings lumi_2.44.0.tar.gz |
| StartedAt: 2021-10-14 20:34:31 -0400 (Thu, 14 Oct 2021) |
| EndedAt: 2021-10-14 20:43:18 -0400 (Thu, 14 Oct 2021) |
| EllapsedTime: 527.0 seconds |
| RetCode: 0 |
| Status: WARNINGS |
| CheckDir: lumi.Rcheck |
| Warnings: 3 |
##############################################################################
##############################################################################
###
### Running command:
###
### /Library/Frameworks/R.framework/Versions/Current/Resources/bin/R CMD check --install=check:lumi.install-out.txt --library=/Library/Frameworks/R.framework/Versions/Current/Resources/library --no-vignettes --timings lumi_2.44.0.tar.gz
###
##############################################################################
##############################################################################
* using log directory ‘/Users/biocbuild/bbs-3.13-bioc/meat/lumi.Rcheck’
* using R version 4.1.1 (2021-08-10)
* using platform: x86_64-apple-darwin17.0 (64-bit)
* using session charset: UTF-8
* using option ‘--no-vignettes’
* checking for file ‘lumi/DESCRIPTION’ ... OK
* checking extension type ... Package
* this is package ‘lumi’ version ‘2.44.0’
* checking package namespace information ... OK
* checking package dependencies ... OK
* checking if this is a source package ... OK
* checking if there is a namespace ... OK
* checking for hidden files and directories ... NOTE
Found the following hidden files and directories:
.git_fetch_output.txt
.git_merge_output.txt
These were most likely included in error. See section ‘Package
structure’ in the ‘Writing R Extensions’ manual.
* checking for portable file names ... OK
* checking for sufficient/correct file permissions ... OK
* checking whether package ‘lumi’ can be installed ... OK
* checking installed package size ... OK
* checking package directory ... OK
* checking DESCRIPTION meta-information ... OK
* checking top-level files ... OK
* checking for left-over files ... OK
* checking index information ... OK
* checking package subdirectories ... OK
* checking R files for non-ASCII characters ... OK
* checking R files for syntax errors ... OK
* checking whether the package can be loaded ... OK
* checking whether the package can be loaded with stated dependencies ... OK
* checking whether the package can be unloaded cleanly ... OK
* checking whether the namespace can be loaded with stated dependencies ... OK
* checking whether the namespace can be unloaded cleanly ... OK
* checking dependencies in R code ... WARNING
'::' or ':::' imports not declared from:
‘IRanges’ ‘bigmemoryExtras’
* checking S3 generic/method consistency ... OK
* checking replacement functions ... OK
* checking foreign function calls ... OK
* checking R code for possible problems ... OK
* checking Rd files ... OK
* checking Rd metadata ... OK
* checking Rd cross-references ... WARNING
Missing link or links in documentation object 'lumiN.Rd':
‘[vsn]{vsn}’
See section 'Cross-references' in the 'Writing R Extensions' manual.
* checking for missing documentation entries ... OK
* checking for code/documentation mismatches ... OK
* checking Rd \usage sections ... OK
* checking Rd contents ... OK
* checking for unstated dependencies in examples ... OK
* checking contents of ‘data’ directory ... OK
* checking data for non-ASCII characters ... OK
* checking data for ASCII and uncompressed saves ... OK
* checking files in ‘vignettes’ ... WARNING
Files in the 'vignettes' directory but no files in 'inst/doc':
‘IlluminaAnnotation.R’, ‘IlluminaAnnotation.pdf’, ‘lumi.R’,
‘lumi.pdf’, ‘lumi_VST_evaluation.R’, ‘lumi_VST_evaluation.pdf’,
‘methylationAnalysis.R’, ‘methylationAnalysis.pdf’
Package has no Sweave vignette sources and no VignetteBuilder field.
* checking examples ... OK
Examples with CPU (user + system) or elapsed time > 5s
user system elapsed
lumiMethyStatus 55.273 10.223 65.588
MAplot-methods 5.214 0.063 5.282
* checking PDF version of manual ... OK
* DONE
Status: 3 WARNINGs, 1 NOTE
See
‘/Users/biocbuild/bbs-3.13-bioc/meat/lumi.Rcheck/00check.log’
for details.
lumi.Rcheck/00install.out
############################################################################## ############################################################################## ### ### Running command: ### ### /Library/Frameworks/R.framework/Versions/Current/Resources/bin/R CMD INSTALL lumi ### ############################################################################## ############################################################################## * installing to library ‘/Library/Frameworks/R.framework/Versions/4.1/Resources/library’ * installing *source* package ‘lumi’ ... ** using staged installation ** R ** data ** inst ** byte-compile and prepare package for lazy loading No methods found in package ‘RSQLite’ for request: ‘dbListFields’ when loading ‘lumi’ ** help *** installing help indices ** building package indices ** installing vignettes ** testing if installed package can be loaded from temporary location No methods found in package ‘RSQLite’ for request: ‘dbListFields’ when loading ‘lumi’ ** testing if installed package can be loaded from final location No methods found in package ‘RSQLite’ for request: ‘dbListFields’ when loading ‘lumi’ ** testing if installed package keeps a record of temporary installation path * DONE (lumi)
lumi.Rcheck/lumi-Ex.timings
| name | user | system | elapsed | |
| LumiBatch-class | 1.576 | 0.104 | 1.681 | |
| MAplot-methods | 5.214 | 0.063 | 5.282 | |
| addAnnotationInfo | 0.057 | 0.002 | 0.059 | |
| addControlData2lumi | 0 | 0 | 0 | |
| addNuID2lumi | 0 | 0 | 0 | |
| adjColorBias.quantile | 0.723 | 0.073 | 0.796 | |
| adjColorBias.ssn | 0.438 | 0.036 | 0.475 | |
| bgAdjust | 0.115 | 0.002 | 0.116 | |
| bgAdjustMethylation | 0.209 | 0.017 | 0.225 | |
| boxplot-MethyLumiM-methods | 0.646 | 0.020 | 0.667 | |
| boxplot-methods | 0.093 | 0.003 | 0.096 | |
| boxplotColorBias | 0.182 | 0.023 | 0.206 | |
| density-methods | 0.109 | 0.004 | 0.114 | |
| detectOutlier | 0.125 | 0.003 | 0.129 | |
| detectionCall | 0.168 | 0.005 | 0.174 | |
| estimateBeta | 0.220 | 0.006 | 0.226 | |
| estimateIntensity | 0.262 | 0.004 | 0.267 | |
| estimateLumiCV | 0.119 | 0.003 | 0.121 | |
| estimateM | 0.592 | 0.014 | 0.607 | |
| estimateMethylationBG | 0.938 | 0.008 | 0.946 | |
| example.lumi | 0.090 | 0.003 | 0.093 | |
| example.lumiMethy | 0.055 | 0.003 | 0.058 | |
| example.methyTitration | 0.230 | 0.005 | 0.235 | |
| gammaFitEM | 3.066 | 0.654 | 3.728 | |
| getChipInfo | 4.430 | 0.293 | 4.791 | |
| getControlData | 0.001 | 0.000 | 0.001 | |
| getControlProbe | 0.000 | 0.000 | 0.002 | |
| getControlType | 0.001 | 0.001 | 0.001 | |
| getNuIDMappingInfo | 1.196 | 0.062 | 1.265 | |
| hist-methods | 0.133 | 0.006 | 0.141 | |
| id2seq | 0.001 | 0.001 | 0.001 | |
| inverseVST | 0.534 | 0.016 | 0.550 | |
| is.nuID | 0.001 | 0.000 | 0.001 | |
| lumiB | 0.091 | 0.003 | 0.096 | |
| lumiExpresso | 0.207 | 0.006 | 0.215 | |
| lumiMethyB | 0.063 | 0.003 | 0.065 | |
| lumiMethyC | 1.010 | 0.086 | 1.105 | |
| lumiMethyN | 0.099 | 0.005 | 0.104 | |
| lumiMethyStatus | 55.273 | 10.223 | 65.588 | |
| lumiN | 0.477 | 0.016 | 0.493 | |
| lumiQ | 0.354 | 0.015 | 0.369 | |
| lumiR | 0.000 | 0.001 | 0.001 | |
| lumiR.batch | 0.000 | 0.001 | 0.001 | |
| lumiT | 0.354 | 0.023 | 0.378 | |
| methylationCall | 4.204 | 0.639 | 4.849 | |
| normalizeMethylation.quantile | 0.195 | 0.004 | 0.199 | |
| normalizeMethylation.ssn | 0.198 | 0.058 | 0.257 | |
| nuID2EntrezID | 1.257 | 0.029 | 1.287 | |
| nuID2IlluminaID | 4.198 | 0.032 | 4.231 | |
| nuID2RefSeqID | 1.407 | 0.027 | 1.435 | |
| nuID2probeID | 4.681 | 0.021 | 4.708 | |
| nuID2targetID | 3.889 | 0.016 | 3.907 | |
| pairs-methods | 0.971 | 0.066 | 1.037 | |
| plot-methods | 2.051 | 0.045 | 2.106 | |
| plotCDF | 0.131 | 0.007 | 0.139 | |
| plotColorBias1D | 0.282 | 0.016 | 0.300 | |
| plotColorBias2D | 0.211 | 0.005 | 0.216 | |
| plotControlData | 0.001 | 0.000 | 0.002 | |
| plotDensity | 0.153 | 0.003 | 0.157 | |
| plotGammaFit | 4.055 | 0.687 | 4.746 | |
| plotHousekeepingGene | 0.001 | 0.000 | 0.001 | |
| plotSampleRelation | 0.976 | 0.036 | 1.014 | |
| plotStringencyGene | 0.001 | 0.000 | 0.002 | |
| plotVST | 0.370 | 0.015 | 0.388 | |
| probeID2nuID | 3.879 | 0.023 | 3.910 | |
| produceGEOPlatformFile | 0.000 | 0.001 | 0.000 | |
| produceGEOSubmissionFile | 0.000 | 0.000 | 0.001 | |
| produceMethylationGEOSubmissionFile | 0.001 | 0.001 | 0.000 | |
| seq2id | 0.001 | 0.000 | 0.000 | |
| targetID2nuID | 3.946 | 0.027 | 4.020 | |
| vst | 0.252 | 0.007 | 0.260 | |