| Back to Multiple platform build/check report for BioC 3.13 |
|
This page was generated on 2021-10-15 15:06:39 -0400 (Fri, 15 Oct 2021).
|
To the developers/maintainers of the igvR package: - Please allow up to 24 hours (and sometimes 48 hours) for your latest push to git@git.bioconductor.org:packages/igvR.git to reflect on this report. See How and When does the builder pull? When will my changes propagate? here for more information. - Make sure to use the following settings in order to reproduce any error or warning you see on this page. |
| Package 906/2041 | Hostname | OS / Arch | INSTALL | BUILD | CHECK | BUILD BIN | ||||||||
| igvR 1.12.0 (landing page) Paul Shannon
| nebbiolo1 | Linux (Ubuntu 20.04.2 LTS) / x86_64 | OK | OK | WARNINGS | |||||||||
| tokay2 | Windows Server 2012 R2 Standard / x64 | OK | OK | WARNINGS | OK | |||||||||
| machv2 | macOS 10.14.6 Mojave / x86_64 | OK | OK | WARNINGS | OK | |||||||||
| Package: igvR |
| Version: 1.12.0 |
| Command: /Library/Frameworks/R.framework/Versions/Current/Resources/bin/R CMD check --install=check:igvR.install-out.txt --library=/Library/Frameworks/R.framework/Versions/Current/Resources/library --no-vignettes --timings igvR_1.12.0.tar.gz |
| StartedAt: 2021-10-14 20:08:29 -0400 (Thu, 14 Oct 2021) |
| EndedAt: 2021-10-14 20:15:23 -0400 (Thu, 14 Oct 2021) |
| EllapsedTime: 414.3 seconds |
| RetCode: 0 |
| Status: WARNINGS |
| CheckDir: igvR.Rcheck |
| Warnings: 2 |
##############################################################################
##############################################################################
###
### Running command:
###
### /Library/Frameworks/R.framework/Versions/Current/Resources/bin/R CMD check --install=check:igvR.install-out.txt --library=/Library/Frameworks/R.framework/Versions/Current/Resources/library --no-vignettes --timings igvR_1.12.0.tar.gz
###
##############################################################################
##############################################################################
* using log directory ‘/Users/biocbuild/bbs-3.13-bioc/meat/igvR.Rcheck’
* using R version 4.1.1 (2021-08-10)
* using platform: x86_64-apple-darwin17.0 (64-bit)
* using session charset: UTF-8
* using option ‘--no-vignettes’
* checking for file ‘igvR/DESCRIPTION’ ... OK
* checking extension type ... Package
* this is package ‘igvR’ version ‘1.12.0’
* package encoding: UTF-8
* checking package namespace information ... OK
* checking package dependencies ... OK
* checking if this is a source package ... OK
* checking if there is a namespace ... OK
* checking for hidden files and directories ... NOTE
Found the following hidden files and directories:
.git_fetch_output.txt
.git_merge_output.txt
These were most likely included in error. See section ‘Package
structure’ in the ‘Writing R Extensions’ manual.
* checking for portable file names ... OK
* checking for sufficient/correct file permissions ... OK
* checking whether package ‘igvR’ can be installed ... OK
* checking installed package size ... OK
* checking package directory ... OK
* checking ‘build’ directory ... OK
* checking DESCRIPTION meta-information ... OK
* checking top-level files ... OK
* checking for left-over files ... OK
* checking index information ... OK
* checking package subdirectories ... OK
* checking R files for non-ASCII characters ... OK
* checking R files for syntax errors ... OK
* checking whether the package can be loaded ... OK
* checking whether the package can be loaded with stated dependencies ... OK
* checking whether the package can be unloaded cleanly ... OK
* checking whether the namespace can be loaded with stated dependencies ... OK
* checking whether the namespace can be unloaded cleanly ... WARNING
---- unloading
Error in .mergeMethodsTable(generic, mtable, tt, attach) :
trying to get slot "defined" from an object of a basic class ("environment") with no slots
Calls: unloadNamespace ... <Anonymous> -> .updateMethodsInTable -> .mergeMethodsTable
Execution halted
* checking dependencies in R code ... OK
* checking S3 generic/method consistency ... OK
* checking replacement functions ... OK
* checking foreign function calls ... OK
* checking R code for possible problems ... OK
* checking Rd files ... OK
* checking Rd metadata ... OK
* checking Rd cross-references ... OK
* checking for missing documentation entries ... OK
* checking for code/documentation mismatches ... OK
* checking Rd \usage sections ... OK
* checking Rd contents ... OK
* checking for unstated dependencies in examples ... OK
* checking include directives in Makefiles ... OK
* checking files in ‘vignettes’ ... OK
* checking examples ... OK
* checking for unstated dependencies in vignettes ... OK
* checking package vignettes in ‘inst/doc’ ... WARNING
Found ‘inst/doc/makefile’: should be ‘Makefile’ and will be ignored
* checking running R code from vignettes ... SKIPPED
* checking re-building of vignette outputs ... SKIPPED
* checking PDF version of manual ... OK
* DONE
Status: 2 WARNINGs, 1 NOTE
See
‘/Users/biocbuild/bbs-3.13-bioc/meat/igvR.Rcheck/00check.log’
for details.
igvR.Rcheck/00install.out
##############################################################################
##############################################################################
###
### Running command:
###
### /Library/Frameworks/R.framework/Versions/Current/Resources/bin/R CMD INSTALL igvR
###
##############################################################################
##############################################################################
* installing to library ‘/Library/Frameworks/R.framework/Versions/4.1/Resources/library’
* installing *source* package ‘igvR’ ...
** using staged installation
** R
** inst
** byte-compile and prepare package for lazy loading
See system.file("LICENSE", package="MotifDb") for use restrictions.
** help
*** installing help indices
** building package indices
** installing vignettes
** testing if installed package can be loaded from temporary location
See system.file("LICENSE", package="MotifDb") for use restrictions.
** testing if installed package can be loaded from final location
See system.file("LICENSE", package="MotifDb") for use restrictions.
** testing if installed package keeps a record of temporary installation path
* DONE (igvR)
igvR.Rcheck/igvR-Ex.timings
| name | user | system | elapsed | |
| BedpeInteractionsTrack-class | 0.012 | 0.001 | 0.015 | |
| DataFrameAnnotationTrack-class | 0.019 | 0.000 | 0.020 | |
| DataFrameQuantitativeTrack-class | 0.013 | 0.001 | 0.013 | |
| GRangesAnnotationTrack-class | 0.170 | 0.002 | 0.173 | |
| GRangesQuantitativeTrack-class | 0.067 | 0.000 | 0.068 | |
| GenomicAlignmentTrack-class | 0.260 | 0.004 | 0.266 | |
| UCSCBedAnnotationTrack-class | 0.565 | 0.003 | 0.569 | |
| UCSCBedGraphQuantitativeTrack-class | 0.151 | 0.006 | 0.157 | |
| VariantTrack-class | 1.771 | 0.017 | 1.788 | |
| displayTrack | 0.001 | 0.000 | 0.002 | |
| enableMotifLogoPopups | 0.002 | 0.001 | 0.003 | |
| getGenomicRegion | 0.000 | 0.000 | 0.001 | |
| getSupportedGenomes | 0.001 | 0.001 | 0.001 | |
| getTrackNames | 0.001 | 0.000 | 0.001 | |
| igvR-class | 0.001 | 0.000 | 0.001 | |
| ping | 0.000 | 0.001 | 0.001 | |
| removeTracksByName | 0.003 | 0.000 | 0.003 | |
| setCustomGenome | 0.001 | 0.001 | 0.001 | |
| setGenome | 0 | 0 | 0 | |
| showGenomicRegion | 0.001 | 0.000 | 0.001 | |
| trackInfo | 0.001 | 0.000 | 0.002 | |
| trackSize-DataFrameAnnotationTrack-method | 0.007 | 0.000 | 0.008 | |
| trackSize-UCSCBedAnnotationTrack-method | 0.220 | 0.001 | 0.222 | |