| Back to Multiple platform build/check report for BioC 3.13 |
|
This page was generated on 2021-10-15 15:06:35 -0400 (Fri, 15 Oct 2021).
|
To the developers/maintainers of the flagme package: - Please allow up to 24 hours (and sometimes 48 hours) for your latest push to git@git.bioconductor.org:packages/flagme.git to reflect on this report. See How and When does the builder pull? When will my changes propagate? here for more information. - Make sure to use the following settings in order to reproduce any error or warning you see on this page. |
| Package 638/2041 | Hostname | OS / Arch | INSTALL | BUILD | CHECK | BUILD BIN | ||||||||
| flagme 1.48.0 (landing page) Mark Robinson
| nebbiolo1 | Linux (Ubuntu 20.04.2 LTS) / x86_64 | OK | OK | WARNINGS | |||||||||
| tokay2 | Windows Server 2012 R2 Standard / x64 | OK | OK | WARNINGS | OK | |||||||||
| machv2 | macOS 10.14.6 Mojave / x86_64 | OK | OK | WARNINGS | OK | |||||||||
| Package: flagme |
| Version: 1.48.0 |
| Command: /Library/Frameworks/R.framework/Versions/Current/Resources/bin/R CMD check --install=check:flagme.install-out.txt --library=/Library/Frameworks/R.framework/Versions/Current/Resources/library --no-vignettes --timings flagme_1.48.0.tar.gz |
| StartedAt: 2021-10-14 19:04:48 -0400 (Thu, 14 Oct 2021) |
| EndedAt: 2021-10-14 19:15:52 -0400 (Thu, 14 Oct 2021) |
| EllapsedTime: 664.4 seconds |
| RetCode: 0 |
| Status: WARNINGS |
| CheckDir: flagme.Rcheck |
| Warnings: 2 |
##############################################################################
##############################################################################
###
### Running command:
###
### /Library/Frameworks/R.framework/Versions/Current/Resources/bin/R CMD check --install=check:flagme.install-out.txt --library=/Library/Frameworks/R.framework/Versions/Current/Resources/library --no-vignettes --timings flagme_1.48.0.tar.gz
###
##############################################################################
##############################################################################
* using log directory ‘/Users/biocbuild/bbs-3.13-bioc/meat/flagme.Rcheck’
* using R version 4.1.1 (2021-08-10)
* using platform: x86_64-apple-darwin17.0 (64-bit)
* using session charset: UTF-8
* using option ‘--no-vignettes’
* checking for file ‘flagme/DESCRIPTION’ ... OK
* this is package ‘flagme’ version ‘1.48.0’
* checking package namespace information ... NOTE
Namespace with empty importFrom: ‘gcspikelite’
* checking package dependencies ... OK
* checking if this is a source package ... OK
* checking if there is a namespace ... OK
* checking for hidden files and directories ... NOTE
Found the following hidden files and directories:
.git_fetch_output.txt
.git_merge_output.txt
These were most likely included in error. See section ‘Package
structure’ in the ‘Writing R Extensions’ manual.
* checking for portable file names ... OK
* checking for sufficient/correct file permissions ... OK
* checking whether package ‘flagme’ can be installed ... OK
* checking installed package size ... OK
* checking package directory ... OK
* checking ‘build’ directory ... OK
* checking DESCRIPTION meta-information ... NOTE
Malformed Description field: should contain one or more complete sentences.
* checking top-level files ... OK
* checking for left-over files ... OK
* checking index information ... OK
* checking package subdirectories ... OK
* checking R files for non-ASCII characters ... OK
* checking R files for syntax errors ... OK
* checking whether the package can be loaded ... OK
* checking whether the package can be loaded with stated dependencies ... OK
* checking whether the package can be unloaded cleanly ... OK
* checking whether the namespace can be loaded with stated dependencies ... OK
* checking whether the namespace can be unloaded cleanly ... OK
* checking dependencies in R code ... OK
* checking S3 generic/method consistency ... OK
* checking replacement functions ... OK
* checking foreign function calls ... OK
* checking R code for possible problems ... OK
* checking Rd files ... WARNING
man/plotMultipleSpectra.Rd: non-ASCII input and no declared encoding
problem found in ‘plotMultipleSpectra.Rd’
* checking Rd metadata ... OK
* checking Rd cross-references ... OK
* checking for missing documentation entries ... WARNING
Undocumented S4 methods:
generic 'show' and siglist 'betweenAlignment'
All user-level objects in a package (including S4 classes and methods)
should have documentation entries.
See chapter ‘Writing R documentation files’ in the ‘Writing R
Extensions’ manual.
* checking for code/documentation mismatches ... OK
* checking Rd \usage sections ... OK
* checking Rd contents ... OK
* checking for unstated dependencies in examples ... OK
* checking line endings in C/C++/Fortran sources/headers ... OK
* checking compiled code ... NOTE
Note: information on .o files is not available
* checking sizes of PDF files under ‘inst/doc’ ... OK
* checking installed files from ‘inst/doc’ ... OK
* checking files in ‘vignettes’ ... OK
* checking examples ... OK
Examples with CPU (user + system) or elapsed time > 5s
user system elapsed
plotMultipleSpectra 47.403 1.338 48.798
peaksAlignment 36.532 0.871 37.438
corPrt 35.513 0.808 36.360
dynRT 35.280 0.909 36.214
plotSpectra 34.813 0.885 35.733
ndpRT 33.771 0.781 34.622
retFatMatrix 20.346 0.398 20.763
addXCMSPeaks 13.166 0.278 13.454
imputePeaks 11.322 0.176 11.512
plot 9.675 0.222 9.907
calcTimeDiffs 8.526 0.392 8.924
rmaFitUnit 7.720 0.280 8.014
gatherInfo 7.681 0.151 7.838
multipleAlignment 7.706 0.123 7.832
progressiveAlignment 7.451 0.175 7.633
compress 7.398 0.150 7.552
clusterAlignment 6.828 0.154 6.996
peaksDataset 6.496 0.134 6.639
dp 6.524 0.100 6.629
normDotProduct 6.291 0.198 6.497
addAMDISPeaks 5.448 0.227 5.687
* checking for unstated dependencies in vignettes ... OK
* checking package vignettes in ‘inst/doc’ ... OK
* checking running R code from vignettes ... SKIPPED
* checking re-building of vignette outputs ... SKIPPED
* checking PDF version of manual ... OK
* DONE
Status: 2 WARNINGs, 4 NOTEs
See
‘/Users/biocbuild/bbs-3.13-bioc/meat/flagme.Rcheck/00check.log’
for details.
flagme.Rcheck/00install.out
############################################################################## ############################################################################## ### ### Running command: ### ### /Library/Frameworks/R.framework/Versions/Current/Resources/bin/R CMD INSTALL flagme ### ############################################################################## ############################################################################## * installing to library ‘/Library/Frameworks/R.framework/Versions/4.1/Resources/library’ * installing *source* package ‘flagme’ ... ** using staged installation ** libs clang -mmacosx-version-min=10.13 -I"/Library/Frameworks/R.framework/Resources/include" -DNDEBUG -I/usr/local/include -fPIC -Wall -g -O2 -c dp.c -o dp.o clang -mmacosx-version-min=10.13 -I"/Library/Frameworks/R.framework/Resources/include" -DNDEBUG -I/usr/local/include -fPIC -Wall -g -O2 -c init.c -o init.o clang -mmacosx-version-min=10.13 -I"/Library/Frameworks/R.framework/Resources/include" -DNDEBUG -I/usr/local/include -fPIC -Wall -g -O2 -c pearson.c -o pearson.o clang -mmacosx-version-min=10.13 -dynamiclib -Wl,-headerpad_max_install_names -undefined dynamic_lookup -single_module -multiply_defined suppress -L/Library/Frameworks/R.framework/Resources/lib -L/usr/local/lib -o flagme.so dp.o init.o pearson.o -F/Library/Frameworks/R.framework/.. -framework R -Wl,-framework -Wl,CoreFoundation installing to /Library/Frameworks/R.framework/Versions/4.1/Resources/library/00LOCK-flagme/00new/flagme/libs ** R ** inst ** byte-compile and prepare package for lazy loading ** help *** installing help indices ** building package indices ** installing vignettes ‘flagme.Rnw’ using ‘UTF-8’ ** testing if installed package can be loaded from temporary location ** checking absolute paths in shared objects and dynamic libraries ** testing if installed package can be loaded from final location ** testing if installed package keeps a record of temporary installation path * DONE (flagme)
flagme.Rcheck/flagme-Ex.timings
| name | user | system | elapsed | |
| addAMDISPeaks | 5.448 | 0.227 | 5.687 | |
| addChromaTOFPeaks | 3.920 | 0.098 | 4.024 | |
| addXCMSPeaks | 13.166 | 0.278 | 13.454 | |
| betweenAlignment | 0.001 | 0.000 | 0.001 | |
| calcTimeDiffs | 8.526 | 0.392 | 8.924 | |
| clusterAlignment | 6.828 | 0.154 | 6.996 | |
| compress | 7.398 | 0.150 | 7.552 | |
| corPrt | 35.513 | 0.808 | 36.360 | |
| dp | 6.524 | 0.100 | 6.629 | |
| dynRT | 35.280 | 0.909 | 36.214 | |
| gatherInfo | 7.681 | 0.151 | 7.838 | |
| imputePeaks | 11.322 | 0.176 | 11.512 | |
| multipleAlignment | 7.706 | 0.123 | 7.832 | |
| ndpRT | 33.771 | 0.781 | 34.622 | |
| normDotProduct | 6.291 | 0.198 | 6.497 | |
| parseChromaTOF | 4.299 | 0.028 | 4.333 | |
| parseELU | 3.428 | 0.012 | 3.445 | |
| peaksAlignment | 36.532 | 0.871 | 37.438 | |
| peaksDataset | 6.496 | 0.134 | 6.639 | |
| plot | 9.675 | 0.222 | 9.907 | |
| plotImage | 4.191 | 0.088 | 4.282 | |
| plotMultipleSpectra | 47.403 | 1.338 | 48.798 | |
| plotSpectra | 34.813 | 0.885 | 35.733 | |
| progressiveAlignment | 7.451 | 0.175 | 7.633 | |
| retFatMatrix | 20.346 | 0.398 | 20.763 | |
| rmaFitUnit | 7.720 | 0.280 | 8.014 | |