| Back to Multiple platform build/check report for BioC 3.13 | 
  | 
This page was generated on 2021-10-15 15:06:35 -0400 (Fri, 15 Oct 2021).
| 
To the developers/maintainers of the fgga package: - Please allow up to 24 hours (and sometimes 48 hours) for your latest push to git@git.bioconductor.org:packages/fgga.git to reflect on this report. See How and When does the builder pull? When will my changes propagate? here for more information. - Make sure to use the following settings in order to reproduce any error or warning you see on this page.  | 
| Package 630/2041 | Hostname | OS / Arch | INSTALL | BUILD | CHECK | BUILD BIN | ||||||||
| fgga 1.0.0  (landing page) Spetale Flavio 
  | nebbiolo1 | Linux (Ubuntu 20.04.2 LTS) / x86_64 | OK | OK | OK | |||||||||
| tokay2 | Windows Server 2012 R2 Standard / x64 | OK | OK | OK | OK | |||||||||
| machv2 | macOS 10.14.6 Mojave / x86_64 | OK | OK | WARNINGS | OK | |||||||||
| Package: fgga | 
| Version: 1.0.0 | 
| Command: /Library/Frameworks/R.framework/Versions/Current/Resources/bin/R CMD check --install=check:fgga.install-out.txt --library=/Library/Frameworks/R.framework/Versions/Current/Resources/library --no-vignettes --timings fgga_1.0.0.tar.gz | 
| StartedAt: 2021-10-14 19:01:39 -0400 (Thu, 14 Oct 2021) | 
| EndedAt: 2021-10-14 19:03:55 -0400 (Thu, 14 Oct 2021) | 
| EllapsedTime: 136.3 seconds | 
| RetCode: 0 | 
| Status: WARNINGS | 
| CheckDir: fgga.Rcheck | 
| Warnings: 1 | 
##############################################################################
##############################################################################
###
### Running command:
###
###   /Library/Frameworks/R.framework/Versions/Current/Resources/bin/R CMD check --install=check:fgga.install-out.txt --library=/Library/Frameworks/R.framework/Versions/Current/Resources/library --no-vignettes --timings fgga_1.0.0.tar.gz
###
##############################################################################
##############################################################################
* using log directory ‘/Users/biocbuild/bbs-3.13-bioc/meat/fgga.Rcheck’
* using R version 4.1.1 (2021-08-10)
* using platform: x86_64-apple-darwin17.0 (64-bit)
* using session charset: UTF-8
* using option ‘--no-vignettes’
* checking for file ‘fgga/DESCRIPTION’ ... OK
* checking extension type ... Package
* this is package ‘fgga’ version ‘1.0.0’
* package encoding: UTF-8
* checking package namespace information ... OK
* checking package dependencies ... OK
* checking if this is a source package ... OK
* checking if there is a namespace ... OK
* checking for hidden files and directories ... OK
* checking for portable file names ... OK
* checking for sufficient/correct file permissions ... OK
* checking whether package ‘fgga’ can be installed ... WARNING
Found the following significant warnings:
  Warning: DEPRECATION: As of BiocFileCache (>1.15.1), default caching location has changed.
See ‘/Users/biocbuild/bbs-3.13-bioc/meat/fgga.Rcheck/00install.out’ for details.
* checking installed package size ... OK
* checking package directory ... OK
* checking ‘build’ directory ... OK
* checking DESCRIPTION meta-information ... OK
* checking top-level files ... OK
* checking for left-over files ... OK
* checking index information ... OK
* checking package subdirectories ... OK
* checking R files for non-ASCII characters ... OK
* checking R files for syntax errors ... OK
* checking whether the package can be loaded ... OK
* checking whether the package can be loaded with stated dependencies ... OK
* checking whether the package can be unloaded cleanly ... OK
* checking whether the namespace can be loaded with stated dependencies ... NOTE
Warning: DEPRECATION: As of BiocFileCache (>1.15.1), default caching location has changed.
  Problematic cache: /Users/biocbuild/Library/Caches/BiocFileCache
  See https://www.bioconductor.org/packages/devel/bioc/vignettes/BiocFileCache/inst/doc/BiocFileCache.html#default-caching-location-update
A namespace must be able to be loaded with just the base namespace
loaded: otherwise if the namespace gets loaded by a saved object, the
session will be unable to start.
Probably some imports need to be declared in the NAMESPACE file.
* checking whether the namespace can be unloaded cleanly ... OK
* checking dependencies in R code ... OK
* checking S3 generic/method consistency ... OK
* checking replacement functions ... OK
* checking foreign function calls ... OK
* checking R code for possible problems ... OK
* checking Rd files ... OK
* checking Rd metadata ... OK
* checking Rd cross-references ... OK
* checking for missing documentation entries ... OK
* checking for code/documentation mismatches ... OK
* checking Rd \usage sections ... OK
* checking Rd contents ... OK
* checking for unstated dependencies in examples ... OK
* checking contents of ‘data’ directory ... OK
* checking data for non-ASCII characters ... OK
* checking data for ASCII and uncompressed saves ... OK
* checking files in ‘vignettes’ ... OK
* checking examples ... OK
Examples with CPU (user + system) or elapsed time > 5s
          user system elapsed
svmTrain 9.470  0.064   9.538
svmGO    8.649  0.079   8.732
* checking for unstated dependencies in ‘tests’ ... OK
* checking tests ...
  Running ‘runTests.R’
 OK
* checking for unstated dependencies in vignettes ... OK
* checking package vignettes in ‘inst/doc’ ... OK
* checking running R code from vignettes ... SKIPPED
* checking re-building of vignette outputs ... SKIPPED
* checking PDF version of manual ... OK
* DONE
Status: 1 WARNING, 1 NOTE
See
  ‘/Users/biocbuild/bbs-3.13-bioc/meat/fgga.Rcheck/00check.log’
for details.
fgga.Rcheck/00install.out
############################################################################## ############################################################################## ### ### Running command: ### ### /Library/Frameworks/R.framework/Versions/Current/Resources/bin/R CMD INSTALL fgga ### ############################################################################## ############################################################################## * installing to library ‘/Library/Frameworks/R.framework/Versions/4.1/Resources/library’ * installing *source* package ‘fgga’ ... ** using staged installation ** R ** data ** inst ** byte-compile and prepare package for lazy loading ** help *** installing help indices ** building package indices ** installing vignettes ** testing if installed package can be loaded from temporary location Warning: DEPRECATION: As of BiocFileCache (>1.15.1), default caching location has changed. Problematic cache: /Users/biocbuild/Library/Caches/BiocFileCache See https://www.bioconductor.org/packages/devel/bioc/vignettes/BiocFileCache/inst/doc/BiocFileCache.html#default-caching-location-update ** testing if installed package can be loaded from final location Warning: DEPRECATION: As of BiocFileCache (>1.15.1), default caching location has changed. Problematic cache: /Users/biocbuild/Library/Caches/BiocFileCache See https://www.bioconductor.org/packages/devel/bioc/vignettes/BiocFileCache/inst/doc/BiocFileCache.html#default-caching-location-update ** testing if installed package keeps a record of temporary installation path * DONE (fgga)
fgga.Rcheck/tests/runTests.Rout
R version 4.1.1 (2021-08-10) -- "Kick Things"
Copyright (C) 2021 The R Foundation for Statistical Computing
Platform: x86_64-apple-darwin17.0 (64-bit)
R is free software and comes with ABSOLUTELY NO WARRANTY.
You are welcome to redistribute it under certain conditions.
Type 'license()' or 'licence()' for distribution details.
R is a collaborative project with many contributors.
Type 'contributors()' for more information and
'citation()' on how to cite R or R packages in publications.
Type 'demo()' for some demos, 'help()' for on-line help, or
'help.start()' for an HTML browser interface to help.
Type 'q()' to quit R.
> BiocGenerics:::testPackage("fgga")
Attaching package: 'BiocGenerics'
The following objects are masked from 'package:parallel':
    clusterApply, clusterApplyLB, clusterCall, clusterEvalQ,
    clusterExport, clusterMap, parApply, parCapply, parLapply,
    parLapplyLB, parRapply, parSapply, parSapplyLB
The following objects are masked from 'package:stats':
    IQR, mad, sd, var, xtabs
The following objects are masked from 'package:base':
    Filter, Find, Map, Position, Reduce, anyDuplicated, append,
    as.data.frame, basename, cbind, colnames, dirname, do.call,
    duplicated, eval, evalq, get, grep, grepl, intersect, is.unsorted,
    lapply, mapply, match, mget, order, paste, pmax, pmax.int, pmin,
    pmin.int, rank, rbind, rownames, sapply, setdiff, sort, table,
    tapply, union, unique, unsplit, which.max, which.min
GO-term: GO:0000166
GO-term: GO:0003674
GO-term: GO:0003676
GO-term: GO:0003677
GO-term: GO:0003824
GO-term: GO:0004888
GO-term: GO:0005102
GO-term: GO:1901363
GO-term: GO:1902494
GO-term: GO:1990234
GO-term: GO:FES
GO-term:GO:0000166
GO-term:GO:0003674
GO-term:GO:0003676
GO-term:GO:0003677
GO-term:GO:0003824
GO-term:GO:0004888
GO-term:GO:0005102
GO-term:GO:1901363
GO-term:GO:1902494
GO-term:GO:1990234
GO-term:GO:FES
GO-term: GO:0001
GO-term: GO:0002
GO-term: GO:0003
GO-term: GO:0004
GO-term: GO:0005
GO-term: GO:FES
GO-term: GO:0007
GO-term: GO:0008
GO-term: GO:0009
RUNIT TEST PROTOCOL -- Thu Oct 14 19:03:48 2021 
*********************************************** 
Number of test functions: 8 
Number of errors: 0 
Number of failures: 0 
 
1 Test Suite : 
fgga RUnit Tests - 8 test functions, 0 errors, 0 failures
Number of test functions: 8 
Number of errors: 0 
Number of failures: 0 
Warning message:
DEPRECATION: As of BiocFileCache (>1.15.1), default caching location has changed.
  Problematic cache: /Users/biocbuild/Library/Caches/BiocFileCache
  See https://www.bioconductor.org/packages/devel/bioc/vignettes/BiocFileCache/inst/doc/BiocFileCache.html#default-caching-location-update
 
> 
> proc.time()
   user  system elapsed 
  5.801   0.324   6.108 
fgga.Rcheck/fgga-Ex.timings
| name | user | system | elapsed | |
| CfData | 0.136 | 0.015 | 0.151 | |
| createFolds | 0.126 | 0.053 | 0.179 | |
| fgga | 4.334 | 0.166 | 4.506 | |
| fgga2bipartite | 0.187 | 0.044 | 0.232 | |
| preCoreFG | 0.133 | 0.005 | 0.139 | |
| sumProduct | 2.625 | 0.112 | 2.738 | |
| svmGO | 8.649 | 0.079 | 8.732 | |
| svmTrain | 9.470 | 0.064 | 9.538 | |
| tableTPG | 0.001 | 0.000 | 0.002 | |
| varianceGO | 2.231 | 0.059 | 2.291 | |