| Back to Multiple platform build/check report for BioC 3.13 | 
  | 
This page was generated on 2021-10-15 15:05:38 -0400 (Fri, 15 Oct 2021).
| 
To the developers/maintainers of the deco package: - Please allow up to 24 hours (and sometimes 48 hours) for your latest push to git@git.bioconductor.org:packages/deco.git to reflect on this report. See How and When does the builder pull? When will my changes propagate? here for more information. - Make sure to use the following settings in order to reproduce any error or warning you see on this page.  | 
| Package 455/2041 | Hostname | OS / Arch | INSTALL | BUILD | CHECK | BUILD BIN | ||||||||
| deco 1.8.0  (landing page) Francisco Jose Campos Laborie 
  | nebbiolo1 | Linux (Ubuntu 20.04.2 LTS) / x86_64 | OK | OK | WARNINGS | |||||||||
| tokay2 | Windows Server 2012 R2 Standard / x64 | OK | OK | WARNINGS | OK | |||||||||
| machv2 | macOS 10.14.6 Mojave / x86_64 | OK | OK | WARNINGS | OK | |||||||||
| Package: deco | 
| Version: 1.8.0 | 
| Command: /home/biocbuild/bbs-3.13-bioc/R/bin/R CMD check --install=check:deco.install-out.txt --library=/home/biocbuild/bbs-3.13-bioc/R/library --no-vignettes --timings deco_1.8.0.tar.gz | 
| StartedAt: 2021-10-14 09:29:52 -0400 (Thu, 14 Oct 2021) | 
| EndedAt: 2021-10-14 09:32:58 -0400 (Thu, 14 Oct 2021) | 
| EllapsedTime: 186.0 seconds | 
| RetCode: 0 | 
| Status: WARNINGS | 
| CheckDir: deco.Rcheck | 
| Warnings: 1 | 
############################################################################## ############################################################################## ### ### Running command: ### ### /home/biocbuild/bbs-3.13-bioc/R/bin/R CMD check --install=check:deco.install-out.txt --library=/home/biocbuild/bbs-3.13-bioc/R/library --no-vignettes --timings deco_1.8.0.tar.gz ### ############################################################################## ############################################################################## * using log directory ‘/home/biocbuild/bbs-3.13-bioc/meat/deco.Rcheck’ * using R version 4.1.1 (2021-08-10) * using platform: x86_64-pc-linux-gnu (64-bit) * using session charset: UTF-8 * using option ‘--no-vignettes’ * checking for file ‘deco/DESCRIPTION’ ... OK * checking extension type ... Package * this is package ‘deco’ version ‘1.8.0’ * checking package namespace information ... OK * checking package dependencies ... OK * checking if this is a source package ... OK * checking if there is a namespace ... OK * checking for hidden files and directories ... OK * checking for portable file names ... OK * checking for sufficient/correct file permissions ... OK * checking whether package ‘deco’ can be installed ... OK * checking installed package size ... OK * checking package directory ... OK * checking ‘build’ directory ... OK * checking DESCRIPTION meta-information ... OK * checking top-level files ... OK * checking for left-over files ... OK * checking index information ... OK * checking package subdirectories ... OK * checking R files for non-ASCII characters ... OK * checking R files for syntax errors ... OK * checking whether the package can be loaded ... OK * checking whether the package can be loaded with stated dependencies ... OK * checking whether the package can be unloaded cleanly ... OK * checking whether the namespace can be loaded with stated dependencies ... OK * checking whether the namespace can be unloaded cleanly ... OK * checking dependencies in R code ... WARNING Missing or unexported object: ‘made4::array2ade4’ * checking S3 generic/method consistency ... OK * checking replacement functions ... OK * checking foreign function calls ... OK * checking R code for possible problems ... NOTE plotAssociationH: no visible binding for global variable ‘Subclasses’ plotAssociationH: no visible binding for global variable ‘h.statistic’ plotAssociationH: no visible binding for global variable ‘input.info’ plotAssociationH: no visible binding for global variable ‘DECO.subclasses’ plotAssociationH: no visible binding for global variable ‘Samples’ plotAssociationH: no visible binding for global variable ‘Features’ plotGainingH: no visible binding for global variable ‘omic.data’ plotGainingH: no visible binding for global variable ‘h.statistic’ plotGainingH: no visible binding for global variable ‘ranking’ Undefined global functions or variables: DECO.subclasses Features Samples Subclasses h.statistic input.info omic.data ranking * checking Rd files ... OK * checking Rd metadata ... OK * checking Rd cross-references ... OK * checking for missing documentation entries ... OK * checking for code/documentation mismatches ... OK * checking Rd \usage sections ... OK * checking Rd contents ... OK * checking for unstated dependencies in examples ... OK * checking contents of ‘data’ directory ... OK * checking data for non-ASCII characters ... OK * checking data for ASCII and uncompressed saves ... OK * checking files in ‘vignettes’ ... OK * checking examples ... OK * checking for unstated dependencies in vignettes ... OK * checking package vignettes in ‘inst/doc’ ... OK * checking running R code from vignettes ... SKIPPED * checking re-building of vignette outputs ... SKIPPED * checking PDF version of manual ... OK * DONE Status: 1 WARNING, 1 NOTE See ‘/home/biocbuild/bbs-3.13-bioc/meat/deco.Rcheck/00check.log’ for details.
deco.Rcheck/00install.out
############################################################################## ############################################################################## ### ### Running command: ### ### /home/biocbuild/bbs-3.13-bioc/R/bin/R CMD INSTALL deco ### ############################################################################## ############################################################################## * installing to library ‘/home/biocbuild/bbs-3.13-bioc/R/library’ * installing *source* package ‘deco’ ... ** using staged installation ** R ** data ** inst ** byte-compile and prepare package for lazy loading ** help *** installing help indices ** building package indices ** installing vignettes ** testing if installed package can be loaded from temporary location ** testing if installed package can be loaded from final location ** testing if installed package keeps a record of temporary installation path * DONE (deco)
deco.Rcheck/deco-Ex.timings
| name | user | system | elapsed | |
| ALCLdata | 0.948 | 0.004 | 0.952 | |
| AnnotateDECO | 0.142 | 0.000 | 0.142 | |
| NSCAcluster | 0.754 | 1.355 | 2.109 | |
| deco-class | 0.002 | 0.001 | 0.001 | |
| deco-package | 0.699 | 0.019 | 0.716 | |
| decoNSCA | 0.719 | 0.023 | 0.740 | |
| decoRDA | 0.151 | 0.009 | 0.161 | |
| decoReport | 0.144 | 0.000 | 0.145 | |
| featureTable | 0.143 | 0.000 | 0.143 | |
| plotAssociationH | 1.816 | 0.076 | 1.892 | |
| plotDECOProfile | 0.142 | 0.007 | 0.149 | |
| plotGainingH | 1.016 | 0.056 | 1.072 | |
| plotHeatmapH | 0.146 | 0.008 | 0.154 | |