| Back to Multiple platform build/check report for BioC 3.13 |
|
This page was generated on 2021-10-15 15:05:37 -0400 (Fri, 15 Oct 2021).
|
To the developers/maintainers of the clippda package: - Please allow up to 24 hours (and sometimes 48 hours) for your latest push to git@git.bioconductor.org:packages/clippda.git to reflect on this report. See How and When does the builder pull? When will my changes propagate? here for more information. - Make sure to use the following settings in order to reproduce any error or warning you see on this page. |
| Package 320/2041 | Hostname | OS / Arch | INSTALL | BUILD | CHECK | BUILD BIN | ||||||||
| clippda 1.42.0 (landing page) Stephen Nyangoma
| nebbiolo1 | Linux (Ubuntu 20.04.2 LTS) / x86_64 | OK | OK | WARNINGS | |||||||||
| tokay2 | Windows Server 2012 R2 Standard / x64 | OK | OK | WARNINGS | OK | |||||||||
| machv2 | macOS 10.14.6 Mojave / x86_64 | OK | OK | WARNINGS | OK | |||||||||
| Package: clippda |
| Version: 1.42.0 |
| Command: /home/biocbuild/bbs-3.13-bioc/R/bin/R CMD check --install=check:clippda.install-out.txt --library=/home/biocbuild/bbs-3.13-bioc/R/library --no-vignettes --timings clippda_1.42.0.tar.gz |
| StartedAt: 2021-10-14 09:16:20 -0400 (Thu, 14 Oct 2021) |
| EndedAt: 2021-10-14 09:19:34 -0400 (Thu, 14 Oct 2021) |
| EllapsedTime: 194.3 seconds |
| RetCode: 0 |
| Status: WARNINGS |
| CheckDir: clippda.Rcheck |
| Warnings: 1 |
##############################################################################
##############################################################################
###
### Running command:
###
### /home/biocbuild/bbs-3.13-bioc/R/bin/R CMD check --install=check:clippda.install-out.txt --library=/home/biocbuild/bbs-3.13-bioc/R/library --no-vignettes --timings clippda_1.42.0.tar.gz
###
##############################################################################
##############################################################################
* using log directory ‘/home/biocbuild/bbs-3.13-bioc/meat/clippda.Rcheck’
* using R version 4.1.1 (2021-08-10)
* using platform: x86_64-pc-linux-gnu (64-bit)
* using session charset: UTF-8
* using option ‘--no-vignettes’
* checking for file ‘clippda/DESCRIPTION’ ... OK
* this is package ‘clippda’ version ‘1.42.0’
* checking package namespace information ... NOTE
Namespaces with empty importFrom:
‘Biobase’ ‘tools’
* checking package dependencies ... NOTE
Depends: includes the non-default packages:
'limma', 'statmod', 'rgl', 'lattice', 'scatterplot3d', 'Biobase',
'tools'
Adding so many packages to the search path is excessive and importing
selectively is preferable.
* checking if this is a source package ... OK
* checking if there is a namespace ... OK
* checking for hidden files and directories ... OK
* checking for portable file names ... OK
* checking for sufficient/correct file permissions ... OK
* checking whether package ‘clippda’ can be installed ... OK
* checking installed package size ... OK
* checking package directory ... OK
* checking ‘build’ directory ... OK
* checking DESCRIPTION meta-information ... OK
* checking top-level files ... OK
* checking for left-over files ... OK
* checking index information ... OK
* checking package subdirectories ... WARNING
Invalid citation information in ‘inst/CITATION’:
Error in bibentry(bibtype = entry, textVersion = textVersion, header = header, footer = footer, ...): argument "textVersion" is missing, with no default
* checking R files for non-ASCII characters ... OK
* checking R files for syntax errors ... OK
* checking whether the package can be loaded ... OK
* checking whether the package can be loaded with stated dependencies ... OK
* checking whether the package can be unloaded cleanly ... OK
* checking whether the namespace can be loaded with stated dependencies ... OK
* checking whether the namespace can be unloaded cleanly ... OK
* checking dependencies in R code ... NOTE
'library' or 'require' calls to packages already attached by Depends:
‘lattice’ ‘limma’ ‘rgl’ ‘scatterplot3d’ ‘statmod’
Please remove these calls from your code.
Packages in Depends field not imported from:
‘lattice’ ‘rgl’
These packages need to be imported from (in the NAMESPACE file)
for when this namespace is loaded but not attached.
* checking S3 generic/method consistency ... OK
* checking replacement functions ... OK
* checking foreign function calls ... OK
* checking R code for possible problems ... NOTE
ZvaluescasesVcontrolsPlots: no visible global function definition for
‘lines’
ZvaluescasesVcontrolsPlots: no visible global function definition for
‘legend’
ZvaluesfrommultinomPlots: no visible global function definition for
‘rmultinom’
ZvaluesfrommultinomPlots: no visible global function definition for
‘density’
ZvaluesfrommultinomPlots: no visible global function definition for
‘lines’
ZvaluesfrommultinomPlots: no visible global function definition for
‘legend’
ZvaluesfrommultinomPlots: no visible global function definition for
‘cloud’
ZvaluesfrommultinomPlots: no visible global function definition for
‘var’
Undefined global functions or variables:
cloud density legend lines rmultinom var
Consider adding
importFrom("graphics", "legend", "lines")
importFrom("stats", "density", "rmultinom", "var")
to your NAMESPACE file.
* checking Rd files ... OK
* checking Rd metadata ... OK
* checking Rd cross-references ... OK
* checking for missing documentation entries ... OK
* checking for code/documentation mismatches ... OK
* checking Rd \usage sections ... OK
* checking Rd contents ... OK
* checking for unstated dependencies in examples ... OK
* checking contents of ‘data’ directory ... OK
* checking data for non-ASCII characters ... OK
* checking data for ASCII and uncompressed saves ... OK
* checking files in ‘vignettes’ ... OK
* checking examples ... OK
Examples with CPU (user + system) or elapsed time > 5s
user system elapsed
clippda-package 70.440 0.420 70.870
sampleSize 42.085 0.135 42.223
sampleSizeParameters 21.758 0.047 21.815
sample_technicalVariance 5.939 0.004 5.943
* checking for unstated dependencies in vignettes ... OK
* checking package vignettes in ‘inst/doc’ ... OK
* checking running R code from vignettes ... SKIPPED
* checking re-building of vignette outputs ... SKIPPED
* checking PDF version of manual ... OK
* DONE
Status: 1 WARNING, 4 NOTEs
See
‘/home/biocbuild/bbs-3.13-bioc/meat/clippda.Rcheck/00check.log’
for details.
clippda.Rcheck/00install.out
############################################################################## ############################################################################## ### ### Running command: ### ### /home/biocbuild/bbs-3.13-bioc/R/bin/R CMD INSTALL clippda ### ############################################################################## ############################################################################## * installing to library ‘/home/biocbuild/bbs-3.13-bioc/R/library’ * installing *source* package ‘clippda’ ... ** using staged installation ** R ** data ** inst ** byte-compile and prepare package for lazy loading ** help *** installing help indices ** building package indices ** installing vignettes ** testing if installed package can be loaded from temporary location ** testing if installed package can be loaded from final location ** testing if installed package keeps a record of temporary installation path * DONE (clippda)
clippda.Rcheck/clippda-Ex.timings
| name | user | system | elapsed | |
| ZvaluescasesVcontrolsPlots | 0.01 | 0.00 | 0.01 | |
| ZvaluesfrommultinomPlots | 1.167 | 0.080 | 1.246 | |
| aclinicalProteomicsData-class | 0.052 | 0.005 | 0.057 | |
| aclinicalProteomicsData-methods | 0.187 | 0.592 | 0.779 | |
| betweensampleVariance | 1.099 | 0.046 | 1.145 | |
| checkNo.replicates | 0.059 | 0.008 | 0.067 | |
| clippda-package | 70.44 | 0.42 | 70.87 | |
| f | 0.001 | 0.000 | 0.001 | |
| fisherInformation | 0.058 | 0.000 | 0.059 | |
| liverRawData | 0.004 | 0.000 | 0.004 | |
| liver_pheno | 0.000 | 0.001 | 0.002 | |
| liverdata | 0.882 | 0.019 | 0.900 | |
| mostSimilarTwo | 0.001 | 0.000 | 0.002 | |
| negativeIntensitiesCorrection | 0.203 | 0.002 | 0.206 | |
| phenoDataFrame | 0.049 | 0.001 | 0.051 | |
| pheno_urine | 0.002 | 0.000 | 0.001 | |
| preProcRepeatedPeakData | 0.780 | 0.016 | 0.795 | |
| proteomicsExprsData | 0.110 | 0.007 | 0.118 | |
| proteomicspData | 0.052 | 0.000 | 0.052 | |
| replicateCorrelations | 3.884 | 0.040 | 3.924 | |
| sampleClusteredData | 0.215 | 0.004 | 0.219 | |
| sampleSize | 42.085 | 0.135 | 42.223 | |
| sampleSize3DscatterPlots | 0.017 | 0.001 | 0.017 | |
| sampleSizeContourPlots | 0.028 | 0.000 | 0.028 | |
| sampleSizeParameters | 21.758 | 0.047 | 21.815 | |
| sample_technicalVariance | 5.939 | 0.004 | 5.943 | |
| spectrumFilter | 0.869 | 0.000 | 0.868 | |
| ztwo | 0 | 0 | 0 | |