| Back to Multiple platform build/check report for BioC 3.13 |
|
This page was generated on 2021-10-15 15:05:37 -0400 (Fri, 15 Oct 2021).
|
To the developers/maintainers of the cellbaseR package: - Please allow up to 24 hours (and sometimes 48 hours) for your latest push to git@git.bioconductor.org:packages/cellbaseR.git to reflect on this report. See How and When does the builder pull? When will my changes propagate? here for more information. - Make sure to use the following settings in order to reproduce any error or warning you see on this page. |
| Package 258/2041 | Hostname | OS / Arch | INSTALL | BUILD | CHECK | BUILD BIN | ||||||||
| cellbaseR 1.16.0 (landing page) Mohammed OE Abdallah
| nebbiolo1 | Linux (Ubuntu 20.04.2 LTS) / x86_64 | OK | OK | ERROR | |||||||||
| tokay2 | Windows Server 2012 R2 Standard / x64 | OK | OK | OK | OK | |||||||||
| machv2 | macOS 10.14.6 Mojave / x86_64 | OK | OK | OK | OK | |||||||||
| Package: cellbaseR |
| Version: 1.16.0 |
| Command: /home/biocbuild/bbs-3.13-bioc/R/bin/R CMD check --install=check:cellbaseR.install-out.txt --library=/home/biocbuild/bbs-3.13-bioc/R/library --no-vignettes --timings cellbaseR_1.16.0.tar.gz |
| StartedAt: 2021-10-14 09:10:11 -0400 (Thu, 14 Oct 2021) |
| EndedAt: 2021-10-14 09:12:14 -0400 (Thu, 14 Oct 2021) |
| EllapsedTime: 123.7 seconds |
| RetCode: 1 |
| Status: ERROR |
| CheckDir: cellbaseR.Rcheck |
| Warnings: NA |
##############################################################################
##############################################################################
###
### Running command:
###
### /home/biocbuild/bbs-3.13-bioc/R/bin/R CMD check --install=check:cellbaseR.install-out.txt --library=/home/biocbuild/bbs-3.13-bioc/R/library --no-vignettes --timings cellbaseR_1.16.0.tar.gz
###
##############################################################################
##############################################################################
* using log directory ‘/home/biocbuild/bbs-3.13-bioc/meat/cellbaseR.Rcheck’
* using R version 4.1.1 (2021-08-10)
* using platform: x86_64-pc-linux-gnu (64-bit)
* using session charset: UTF-8
* using option ‘--no-vignettes’
* checking for file ‘cellbaseR/DESCRIPTION’ ... OK
* checking extension type ... Package
* this is package ‘cellbaseR’ version ‘1.16.0’
* checking package namespace information ... OK
* checking package dependencies ... OK
* checking if this is a source package ... OK
* checking if there is a namespace ... OK
* checking for hidden files and directories ... OK
* checking for portable file names ... OK
* checking for sufficient/correct file permissions ... OK
* checking whether package ‘cellbaseR’ can be installed ... OK
* checking installed package size ... OK
* checking package directory ... OK
* checking ‘build’ directory ... OK
* checking DESCRIPTION meta-information ... OK
* checking top-level files ... OK
* checking for left-over files ... OK
* checking index information ... OK
* checking package subdirectories ... OK
* checking R files for non-ASCII characters ... OK
* checking R files for syntax errors ... OK
* checking whether the package can be loaded ... OK
* checking whether the package can be loaded with stated dependencies ... OK
* checking whether the package can be unloaded cleanly ... OK
* checking whether the namespace can be loaded with stated dependencies ... OK
* checking whether the namespace can be unloaded cleanly ... OK
* checking dependencies in R code ... OK
* checking S3 generic/method consistency ... OK
* checking replacement functions ... OK
* checking foreign function calls ... OK
* checking R code for possible problems ... OK
* checking Rd files ... OK
* checking Rd metadata ... OK
* checking Rd cross-references ... OK
* checking for missing documentation entries ... OK
* checking for code/documentation mismatches ... OK
* checking Rd \usage sections ... OK
* checking Rd contents ... OK
* checking for unstated dependencies in examples ... OK
* checking files in ‘vignettes’ ... OK
* checking examples ... ERROR
Running examples in ‘cellbaseR-Ex.R’ failed
The error most likely occurred in:
> base::assign(".ptime", proc.time(), pos = "CheckExEnv")
> ### Name: getTf,CellBaseR-method
> ### Title: getTf
> ### Aliases: getTf,CellBaseR-method getTf
>
> ### ** Examples
>
> cb <- CellBaseR()
> param <- CellBaseParam(limit = 12)
> res <- getTf(object=cb, ids="CTCF", resource="tfbs", param=param)
Error in curl::curl_fetch_memory(url, handle = handle) :
Timeout was reached: [bioinfo.hpc.cam.ac.uk] Operation timed out after 10001 milliseconds with 0 bytes received
Calls: getTf ... request_fetch -> request_fetch.write_memory -> <Anonymous>
Execution halted
* checking for unstated dependencies in vignettes ... OK
* checking package vignettes in ‘inst/doc’ ... OK
* checking running R code from vignettes ... SKIPPED
* checking re-building of vignette outputs ... SKIPPED
* checking PDF version of manual ... OK
* DONE
Status: 1 ERROR
See
‘/home/biocbuild/bbs-3.13-bioc/meat/cellbaseR.Rcheck/00check.log’
for details.
cellbaseR.Rcheck/00install.out
############################################################################## ############################################################################## ### ### Running command: ### ### /home/biocbuild/bbs-3.13-bioc/R/bin/R CMD INSTALL cellbaseR ### ############################################################################## ############################################################################## * installing to library ‘/home/biocbuild/bbs-3.13-bioc/R/library’ * installing *source* package ‘cellbaseR’ ... ** using staged installation ** R ** inst ** byte-compile and prepare package for lazy loading ** help *** installing help indices ** building package indices ** installing vignettes ** testing if installed package can be loaded from temporary location ** testing if installed package can be loaded from final location ** testing if installed package keeps a record of temporary installation path * DONE (cellbaseR)
cellbaseR.Rcheck/cellbaseR-Ex.timings
| name | user | system | elapsed | |
| AnnotateVcf-CellBaseR-method | 3.917 | 0.910 | 9.820 | |
| CellBaseParam | 0.000 | 0.002 | 0.002 | |
| CellBaseR | 0.036 | 0.004 | 0.344 | |
| createGeneModel | 0.161 | 0.012 | 0.990 | |
| getCaddScores | 0.047 | 0.004 | 0.548 | |
| getCellBase-CellBaseR-method | 0.052 | 0.008 | 0.576 | |
| getCellBaseResourceHelp | 0.132 | 0.036 | 0.768 | |
| getChromosomeInfo-CellBaseR-method | 0.049 | 0.004 | 0.549 | |
| getClinical-CellBaseR-method | 0.475 | 0.052 | 1.639 | |
| getClinicalByRegion | 1.094 | 0.119 | 3.538 | |
| getConservationByRegion | 0.086 | 0.008 | 0.927 | |
| getGene-CellBaseR-method | 0.150 | 0.007 | 0.991 | |
| getGeneInfo | 0.065 | 0.000 | 0.570 | |
| getMeta-CellBaseR-method | 0.096 | 0.003 | 0.598 | |
| getProtein-CellBaseR-method | 0.152 | 0.000 | 0.753 | |
| getProteinInfo | 0.108 | 0.000 | 0.718 | |
| getRegion-CellBaseR-method | 0.126 | 0.020 | 1.066 | |
| getRegulatoryByRegion | 0.164 | 0.004 | 1.145 | |
| getSnp-CellBaseR-method | 0.074 | 0.004 | 0.578 | |
| getSnpByGene | 0.101 | 0.004 | 0.617 | |