| Back to Multiple platform build/check report for BioC 3.13 |
|
This page was generated on 2021-10-15 15:05:36 -0400 (Fri, 15 Oct 2021).
|
To the developers/maintainers of the casper package: - Please allow up to 24 hours (and sometimes 48 hours) for your latest push to git@git.bioconductor.org:packages/casper.git to reflect on this report. See How and When does the builder pull? When will my changes propagate? here for more information. - Make sure to use the following settings in order to reproduce any error or warning you see on this page. |
| Package 243/2041 | Hostname | OS / Arch | INSTALL | BUILD | CHECK | BUILD BIN | ||||||||
| casper 2.26.0 (landing page) David Rossell
| nebbiolo1 | Linux (Ubuntu 20.04.2 LTS) / x86_64 | OK | OK | WARNINGS | |||||||||
| tokay2 | Windows Server 2012 R2 Standard / x64 | OK | OK | WARNINGS | OK | |||||||||
| machv2 | macOS 10.14.6 Mojave / x86_64 | OK | OK | WARNINGS | OK | |||||||||
| Package: casper |
| Version: 2.26.0 |
| Command: /home/biocbuild/bbs-3.13-bioc/R/bin/R CMD check --install=check:casper.install-out.txt --library=/home/biocbuild/bbs-3.13-bioc/R/library --no-vignettes --timings casper_2.26.0.tar.gz |
| StartedAt: 2021-10-14 09:08:56 -0400 (Thu, 14 Oct 2021) |
| EndedAt: 2021-10-14 09:13:14 -0400 (Thu, 14 Oct 2021) |
| EllapsedTime: 257.2 seconds |
| RetCode: 0 |
| Status: WARNINGS |
| CheckDir: casper.Rcheck |
| Warnings: 1 |
##############################################################################
##############################################################################
###
### Running command:
###
### /home/biocbuild/bbs-3.13-bioc/R/bin/R CMD check --install=check:casper.install-out.txt --library=/home/biocbuild/bbs-3.13-bioc/R/library --no-vignettes --timings casper_2.26.0.tar.gz
###
##############################################################################
##############################################################################
* using log directory ‘/home/biocbuild/bbs-3.13-bioc/meat/casper.Rcheck’
* using R version 4.1.1 (2021-08-10)
* using platform: x86_64-pc-linux-gnu (64-bit)
* using session charset: UTF-8
* using option ‘--no-vignettes’
* checking for file ‘casper/DESCRIPTION’ ... OK
* this is package ‘casper’ version ‘2.26.0’
* checking package namespace information ... OK
* checking package dependencies ... OK
* checking if this is a source package ... OK
* checking if there is a namespace ... OK
* checking for hidden files and directories ... OK
* checking for portable file names ... OK
* checking for sufficient/correct file permissions ... OK
* checking whether package ‘casper’ can be installed ... WARNING
Found the following significant warnings:
model.cpp:147:36: warning: passing argument 1 to restrict-qualified parameter aliases with argument 3 [-Wrestrict]
variant.cpp:164:77: warning: passing argument 1 to restrict-qualified parameter aliases with argument 3 [-Wrestrict]
See ‘/home/biocbuild/bbs-3.13-bioc/meat/casper.Rcheck/00install.out’ for details.
* checking installed package size ... NOTE
installed size is 5.5Mb
sub-directories of 1Mb or more:
data 1.8Mb
libs 2.1Mb
* checking package directory ... OK
* checking ‘build’ directory ... OK
* checking DESCRIPTION meta-information ... OK
* checking top-level files ... OK
* checking for left-over files ... OK
* checking index information ... OK
* checking package subdirectories ... OK
* checking R files for non-ASCII characters ... OK
* checking R files for syntax errors ... OK
* checking whether the package can be loaded ... OK
* checking whether the package can be loaded with stated dependencies ... OK
* checking whether the package can be unloaded cleanly ... OK
* checking whether the namespace can be loaded with stated dependencies ... OK
* checking whether the namespace can be unloaded cleanly ... OK
* checking dependencies in R code ... OK
* checking S3 generic/method consistency ... OK
* checking replacement functions ... OK
* checking foreign function calls ... OK
* checking R code for possible problems ... OK
* checking Rd files ... OK
* checking Rd metadata ... OK
* checking Rd cross-references ... OK
* checking for missing documentation entries ... OK
* checking for code/documentation mismatches ... OK
* checking Rd \usage sections ... OK
* checking Rd contents ... OK
* checking for unstated dependencies in examples ... OK
* checking contents of ‘data’ directory ... OK
* checking data for non-ASCII characters ... OK
* checking data for ASCII and uncompressed saves ... OK
* checking line endings in C/C++/Fortran sources/headers ... OK
* checking compiled code ... OK
* checking installed files from ‘inst/doc’ ... OK
* checking files in ‘vignettes’ ... OK
* checking examples ... OK
* checking for unstated dependencies in vignettes ... OK
* checking package vignettes in ‘inst/doc’ ... OK
* checking running R code from vignettes ... SKIPPED
* checking re-building of vignette outputs ... SKIPPED
* checking PDF version of manual ... OK
* DONE
Status: 1 WARNING, 1 NOTE
See
‘/home/biocbuild/bbs-3.13-bioc/meat/casper.Rcheck/00check.log’
for details.
casper.Rcheck/00install.out
##############################################################################
##############################################################################
###
### Running command:
###
### /home/biocbuild/bbs-3.13-bioc/R/bin/R CMD INSTALL casper
###
##############################################################################
##############################################################################
* installing to library ‘/home/biocbuild/bbs-3.13-bioc/R/library’
* installing *source* package ‘casper’ ...
** using staged installation
** libs
g++ -std=gnu++14 -I"/home/biocbuild/bbs-3.13-bioc/R/include" -DNDEBUG -I/usr/local/include -fpic -g -O2 -Wall -c casper.cpp -o casper.o
g++ -std=gnu++14 -I"/home/biocbuild/bbs-3.13-bioc/R/include" -DNDEBUG -I/usr/local/include -fpic -g -O2 -Wall -c cstat.cpp -o cstat.o
g++ -std=gnu++14 -I"/home/biocbuild/bbs-3.13-bioc/R/include" -DNDEBUG -I/usr/local/include -fpic -g -O2 -Wall -c dataframe.cpp -o dataframe.o
g++ -std=gnu++14 -I"/home/biocbuild/bbs-3.13-bioc/R/include" -DNDEBUG -I/usr/local/include -fpic -g -O2 -Wall -c discretedf.cpp -o discretedf.o
g++ -std=gnu++14 -I"/home/biocbuild/bbs-3.13-bioc/R/include" -DNDEBUG -I/usr/local/include -fpic -g -O2 -Wall -c dropVariant.cpp -o dropVariant.o
g++ -std=gnu++14 -I"/home/biocbuild/bbs-3.13-bioc/R/include" -DNDEBUG -I/usr/local/include -fpic -g -O2 -Wall -c exon.cpp -o exon.o
gcc -I"/home/biocbuild/bbs-3.13-bioc/R/include" -DNDEBUG -I/usr/local/include -fpic -g -O2 -Wall -c fragFunc.c -o fragFunc.o
g++ -std=gnu++14 -I"/home/biocbuild/bbs-3.13-bioc/R/include" -DNDEBUG -I/usr/local/include -fpic -g -O2 -Wall -c fragment.cpp -o fragment.o
gcc -I"/home/biocbuild/bbs-3.13-bioc/R/include" -DNDEBUG -I/usr/local/include -fpic -g -O2 -Wall -c functions.c -o functions.o
gcc -I"/home/biocbuild/bbs-3.13-bioc/R/include" -DNDEBUG -I/usr/local/include -fpic -g -O2 -Wall -c hash.c -o hash.o
gcc -I"/home/biocbuild/bbs-3.13-bioc/R/include" -DNDEBUG -I/usr/local/include -fpic -g -O2 -Wall -c join_exons.c -o join_exons.o
gcc -I"/home/biocbuild/bbs-3.13-bioc/R/include" -DNDEBUG -I/usr/local/include -fpic -g -O2 -Wall -c makeIslands.c -o makeIslands.o
g++ -std=gnu++14 -I"/home/biocbuild/bbs-3.13-bioc/R/include" -DNDEBUG -I/usr/local/include -fpic -g -O2 -Wall -c model.cpp -o model.o
model.cpp: In member function ‘char* Model::toString()’:
model.cpp:147:36: warning: passing argument 1 to restrict-qualified parameter aliases with argument 3 [-Wrestrict]
147 | sprintf(str, "%s {%s}", str, vstr);
| ^
g++ -std=gnu++14 -I"/home/biocbuild/bbs-3.13-bioc/R/include" -DNDEBUG -I/usr/local/include -fpic -g -O2 -Wall -c model_cmp.cpp -o model_cmp.o
gcc -I"/home/biocbuild/bbs-3.13-bioc/R/include" -DNDEBUG -I/usr/local/include -fpic -g -O2 -Wall -c pathCounts.c -o pathCounts.o
gcc -I"/home/biocbuild/bbs-3.13-bioc/R/include" -DNDEBUG -I/usr/local/include -fpic -g -O2 -Wall -c procBam.c -o procBam.o
g++ -std=gnu++14 -I"/home/biocbuild/bbs-3.13-bioc/R/include" -DNDEBUG -I/usr/local/include -fpic -g -O2 -Wall -c rcasper.cpp -o rcasper.o
g++ -std=gnu++14 -I"/home/biocbuild/bbs-3.13-bioc/R/include" -DNDEBUG -I/usr/local/include -fpic -g -O2 -Wall -c seppel.cpp -o seppel.o
gcc -I"/home/biocbuild/bbs-3.13-bioc/R/include" -DNDEBUG -I/usr/local/include -fpic -g -O2 -Wall -c simReads.c -o simReads.o
gcc -I"/home/biocbuild/bbs-3.13-bioc/R/include" -DNDEBUG -I/usr/local/include -fpic -g -O2 -Wall -c simReadsfunc.c -o simReadsfunc.o
g++ -std=gnu++14 -I"/home/biocbuild/bbs-3.13-bioc/R/include" -DNDEBUG -I/usr/local/include -fpic -g -O2 -Wall -c smartmodeldist.cpp -o smartmodeldist.o
gcc -I"/home/biocbuild/bbs-3.13-bioc/R/include" -DNDEBUG -I/usr/local/include -fpic -g -O2 -Wall -c uniqQname.c -o uniqQname.o
g++ -std=gnu++14 -I"/home/biocbuild/bbs-3.13-bioc/R/include" -DNDEBUG -I/usr/local/include -fpic -g -O2 -Wall -c variant.cpp -o variant.o
variant.cpp: In member function ‘void Variant::toString(char*)’:
variant.cpp:164:77: warning: passing argument 1 to restrict-qualified parameter aliases with argument 3 [-Wrestrict]
164 | for (int e = 0; e < exonCount; e++) sprintf(str, "%s,%i", str, exons[e]->id);
| ^
g++ -std=gnu++14 -I"/home/biocbuild/bbs-3.13-bioc/R/include" -DNDEBUG -I/usr/local/include -fpic -g -O2 -Wall -c variant_cmp.cpp -o variant_cmp.o
g++ -std=gnu++14 -shared -L/home/biocbuild/bbs-3.13-bioc/R/lib -L/usr/local/lib -o casper.so casper.o cstat.o dataframe.o discretedf.o dropVariant.o exon.o fragFunc.o fragment.o functions.o hash.o join_exons.o makeIslands.o model.o model_cmp.o pathCounts.o procBam.o rcasper.o seppel.o simReads.o simReadsfunc.o smartmodeldist.o uniqQname.o variant.o variant_cmp.o -L/home/biocbuild/bbs-3.13-bioc/R/lib -lR
installing to /home/biocbuild/bbs-3.13-bioc/R/library/00LOCK-casper/00new/casper/libs
** R
** data
** inst
** byte-compile and prepare package for lazy loading
Creating a new generic function for ‘transcripts’ in package ‘casper’
** help
*** installing help indices
** building package indices
** installing vignettes
‘casper.Rnw’
** testing if installed package can be loaded from temporary location
** checking absolute paths in shared objects and dynamic libraries
** testing if installed package can be loaded from final location
** testing if installed package keeps a record of temporary installation path
* DONE (casper)
casper.Rcheck/casper-Ex.timings
| name | user | system | elapsed | |
| K562.r1l1 | 0.165 | 0.004 | 0.169 | |
| annotatedGenome-class | 0.001 | 0.000 | 0.002 | |
| asymmetryCheck | 0.013 | 0.001 | 0.014 | |
| calcDenovo | 0 | 0 | 0 | |
| calcExp | 3.274 | 0.148 | 3.424 | |
| denovoExpr | 3.197 | 0.128 | 3.325 | |
| denovoGeneExpr-class | 0.001 | 0.000 | 0.001 | |
| denovoGenomeExpr-class | 0.001 | 0.000 | 0.001 | |
| distrsGSE37704 | 0.135 | 0.000 | 0.135 | |
| genePlot | 0.319 | 0.000 | 0.319 | |
| getDistrs | 0.382 | 0.005 | 0.388 | |
| getIsland | 0.083 | 0.002 | 0.085 | |
| getNreads | 0 | 0 | 0 | |
| getReads | 0 | 0 | 0 | |
| getRoc | 0.000 | 0.000 | 0.001 | |
| hg19DB | 0.082 | 0.004 | 0.085 | |
| mergeBatches | 0.096 | 0.000 | 0.096 | |
| mergeExp | 0 | 0 | 0 | |
| modelPrior | 0.337 | 0.000 | 0.337 | |
| modelPriorAS-class | 0.000 | 0.000 | 0.001 | |
| pathCounts-class | 0.001 | 0.000 | 0.000 | |
| pathCounts | 0 | 0 | 0 | |
| plot-methods | 0 | 0 | 0 | |
| plotExpr | 0 | 0 | 0 | |
| plotPriorAS | 0 | 0 | 0 | |
| probNonEquiv | 0.090 | 0.002 | 0.094 | |
| procBam-class | 0.001 | 0.000 | 0.001 | |
| procBam | 0.000 | 0.000 | 0.001 | |
| procGenome | 0.001 | 0.000 | 0.000 | |
| qqnormGenomeWide | 0.043 | 0.001 | 0.043 | |
| quantileNorm | 0.014 | 0.000 | 0.013 | |
| relexprByGene | 0.001 | 0.000 | 0.000 | |
| rmShortInserts | 0 | 0 | 0 | |
| simMAE | 0 | 0 | 0 | |
| simMAEcheck | 0.000 | 0.000 | 0.001 | |
| simMultSamples | 0 | 0 | 0 | |
| simReads | 0.390 | 0.006 | 0.396 | |
| simulatedSamples-class | 0.002 | 0.001 | 0.001 | |
| splitGenomeByLength | 0.001 | 0.000 | 0.000 | |
| transcripts | 0.195 | 0.003 | 0.199 | |
| wrapDenovo | 0 | 0 | 0 | |
| wrapKnown | 0 | 0 | 0 | |