| Back to Multiple platform build/check report for BioC 3.13 |
|
This page was generated on 2021-10-15 15:05:36 -0400 (Fri, 15 Oct 2021).
|
To the developers/maintainers of the blima package: - Please allow up to 24 hours (and sometimes 48 hours) for your latest push to git@git.bioconductor.org:packages/blima.git to reflect on this report. See How and When does the builder pull? When will my changes propagate? here for more information. - Make sure to use the following settings in order to reproduce any error or warning you see on this page. |
| Package 199/2041 | Hostname | OS / Arch | INSTALL | BUILD | CHECK | BUILD BIN | ||||||||
| blima 1.26.0 (landing page) Vojtěch Kulvait
| nebbiolo1 | Linux (Ubuntu 20.04.2 LTS) / x86_64 | OK | OK | WARNINGS | |||||||||
| tokay2 | Windows Server 2012 R2 Standard / x64 | OK | OK | WARNINGS | OK | |||||||||
| machv2 | macOS 10.14.6 Mojave / x86_64 | OK | OK | WARNINGS | OK | |||||||||
| Package: blima |
| Version: 1.26.0 |
| Command: /home/biocbuild/bbs-3.13-bioc/R/bin/R CMD check --install=check:blima.install-out.txt --library=/home/biocbuild/bbs-3.13-bioc/R/library --no-vignettes --timings blima_1.26.0.tar.gz |
| StartedAt: 2021-10-14 09:04:17 -0400 (Thu, 14 Oct 2021) |
| EndedAt: 2021-10-14 09:06:00 -0400 (Thu, 14 Oct 2021) |
| EllapsedTime: 103.0 seconds |
| RetCode: 0 |
| Status: WARNINGS |
| CheckDir: blima.Rcheck |
| Warnings: 1 |
##############################################################################
##############################################################################
###
### Running command:
###
### /home/biocbuild/bbs-3.13-bioc/R/bin/R CMD check --install=check:blima.install-out.txt --library=/home/biocbuild/bbs-3.13-bioc/R/library --no-vignettes --timings blima_1.26.0.tar.gz
###
##############################################################################
##############################################################################
* using log directory ‘/home/biocbuild/bbs-3.13-bioc/meat/blima.Rcheck’
* using R version 4.1.1 (2021-08-10)
* using platform: x86_64-pc-linux-gnu (64-bit)
* using session charset: UTF-8
* using option ‘--no-vignettes’
* checking for file ‘blima/DESCRIPTION’ ... OK
* checking extension type ... Package
* this is package ‘blima’ version ‘1.26.0’
* package encoding: UTF-8
* checking package namespace information ... OK
* checking package dependencies ... OK
* checking if this is a source package ... OK
* checking if there is a namespace ... OK
* checking for hidden files and directories ... OK
* checking for portable file names ... OK
* checking for sufficient/correct file permissions ... OK
* checking whether package ‘blima’ can be installed ... OK
* checking installed package size ... OK
* checking package directory ... OK
* checking ‘build’ directory ... OK
* checking DESCRIPTION meta-information ... OK
* checking top-level files ... OK
* checking for left-over files ... OK
* checking index information ... OK
* checking package subdirectories ... OK
* checking R files for non-ASCII characters ... OK
* checking R files for syntax errors ... OK
* checking whether the package can be loaded ... OK
* checking whether the package can be loaded with stated dependencies ... OK
* checking whether the package can be unloaded cleanly ... OK
* checking whether the namespace can be loaded with stated dependencies ... OK
* checking whether the namespace can be unloaded cleanly ... OK
* checking dependencies in R code ... OK
* checking S3 generic/method consistency ... OK
* checking replacement functions ... OK
* checking foreign function calls ... OK
* checking R code for possible problems ... NOTE
nonParametricEstimator: no visible global function definition for ‘var’
performXieCorrection: no visible global function definition for ‘dnorm’
performXieCorrection: no visible global function definition for ‘pnorm’
vstFromLumi: no visible global function definition for ‘lm’
vstFromLumi: no visible global function definition for ‘predict’
Undefined global functions or variables:
dnorm lm pnorm predict var
Consider adding
importFrom("stats", "dnorm", "lm", "pnorm", "predict", "var")
to your NAMESPACE file.
* checking Rd files ... WARNING
checkRd: (5) interpolateSortedVectorRcpp_.Rd:0-21: Must have a \description
* checking Rd metadata ... OK
* checking Rd cross-references ... OK
* checking for missing documentation entries ... OK
* checking for code/documentation mismatches ... OK
* checking Rd \usage sections ... OK
* checking Rd contents ... OK
* checking for unstated dependencies in examples ... OK
* checking line endings in C/C++/Fortran sources/headers ... OK
* checking compiled code ... NOTE
Note: information on .o files is not available
* checking files in ‘vignettes’ ... OK
* checking examples ... OK
* checking for unstated dependencies in vignettes ... OK
* checking package vignettes in ‘inst/doc’ ... OK
* checking running R code from vignettes ... SKIPPED
* checking re-building of vignette outputs ... SKIPPED
* checking PDF version of manual ... OK
* DONE
Status: 1 WARNING, 2 NOTEs
See
‘/home/biocbuild/bbs-3.13-bioc/meat/blima.Rcheck/00check.log’
for details.
blima.Rcheck/00install.out
############################################################################## ############################################################################## ### ### Running command: ### ### /home/biocbuild/bbs-3.13-bioc/R/bin/R CMD INSTALL blima ### ############################################################################## ############################################################################## * installing to library ‘/home/biocbuild/bbs-3.13-bioc/R/library’ * installing *source* package ‘blima’ ... ** using staged installation ** libs g++ -std=gnu++14 -I"/home/biocbuild/bbs-3.13-bioc/R/include" -DNDEBUG -I'/home/biocbuild/bbs-3.13-bioc/R/library/Rcpp/include' -I/usr/local/include -fpic -g -O2 -Wall -c RcppExports.cpp -o RcppExports.o g++ -std=gnu++14 -I"/home/biocbuild/bbs-3.13-bioc/R/include" -DNDEBUG -I'/home/biocbuild/bbs-3.13-bioc/R/library/Rcpp/include' -I/usr/local/include -fpic -g -O2 -Wall -c interpolateSortedVector.cpp -o interpolateSortedVector.o g++ -std=gnu++14 -shared -L/home/biocbuild/bbs-3.13-bioc/R/lib -L/usr/local/lib -o blima.so RcppExports.o interpolateSortedVector.o -L/home/biocbuild/bbs-3.13-bioc/R/lib -lR installing to /home/biocbuild/bbs-3.13-bioc/R/library/00LOCK-blima/00new/blima/libs ** R ** inst ** byte-compile and prepare package for lazy loading ** help *** installing help indices ** building package indices ** installing vignettes ** testing if installed package can be loaded from temporary location ** checking absolute paths in shared objects and dynamic libraries ** testing if installed package can be loaded from final location ** testing if installed package keeps a record of temporary installation path * DONE (blima)
blima.Rcheck/blima-Ex.timings
| name | user | system | elapsed | |
| bacgroundCorrect | 0.014 | 0.000 | 0.015 | |
| backgroundChannelSubtract | 0.011 | 0.000 | 0.011 | |
| chipArrayStatistics | 0.009 | 0.000 | 0.009 | |
| createSummarizedMatrix | 0.416 | 0.052 | 0.471 | |
| doProbeTTests | 0.103 | 0.000 | 0.103 | |
| doTTests | 0.100 | 0.007 | 0.108 | |
| log2TransformPositive | 0.096 | 0.000 | 0.097 | |
| nonPositiveCorrect | 0.008 | 0.000 | 0.008 | |
| plotBackgroundImageAfterCorrection | 0.007 | 0.000 | 0.007 | |
| plotBackgroundImageBeforeCorrection | 0.006 | 0.000 | 0.006 | |
| quantileNormalize | 0.009 | 0.000 | 0.008 | |
| selectedChannelTransform | 0.008 | 0.000 | 0.008 | |
| varianceBeadStabilise | 0.009 | 0.000 | 0.009 | |
| writeBackgroundImages | 0.008 | 0.000 | 0.008 | |
| xieBacgroundCorrect | 0.009 | 0.000 | 0.009 | |