| Back to Multiple platform build/check report for BioC 3.13 |
|
This page was generated on 2021-10-15 15:06:57 -0400 (Fri, 15 Oct 2021).
|
To the developers/maintainers of the ViSEAGO package: - Please allow up to 24 hours (and sometimes 48 hours) for your latest push to git@git.bioconductor.org:packages/ViSEAGO.git to reflect on this report. See How and When does the builder pull? When will my changes propagate? here for more information. - Make sure to use the following settings in order to reproduce any error or warning you see on this page. |
| Package 2008/2041 | Hostname | OS / Arch | INSTALL | BUILD | CHECK | BUILD BIN | ||||||||
| ViSEAGO 1.6.0 (landing page) Aurelien Brionne
| nebbiolo1 | Linux (Ubuntu 20.04.2 LTS) / x86_64 | OK | OK | WARNINGS | |||||||||
| tokay2 | Windows Server 2012 R2 Standard / x64 | OK | OK | WARNINGS | OK | |||||||||
| machv2 | macOS 10.14.6 Mojave / x86_64 | OK | OK | WARNINGS | OK | |||||||||
| Package: ViSEAGO |
| Version: 1.6.0 |
| Command: /Library/Frameworks/R.framework/Versions/Current/Resources/bin/R CMD check --install=check:ViSEAGO.install-out.txt --library=/Library/Frameworks/R.framework/Versions/Current/Resources/library --no-vignettes --timings ViSEAGO_1.6.0.tar.gz |
| StartedAt: 2021-10-15 01:10:21 -0400 (Fri, 15 Oct 2021) |
| EndedAt: 2021-10-15 01:14:25 -0400 (Fri, 15 Oct 2021) |
| EllapsedTime: 244.5 seconds |
| RetCode: 0 |
| Status: WARNINGS |
| CheckDir: ViSEAGO.Rcheck |
| Warnings: 3 |
##############################################################################
##############################################################################
###
### Running command:
###
### /Library/Frameworks/R.framework/Versions/Current/Resources/bin/R CMD check --install=check:ViSEAGO.install-out.txt --library=/Library/Frameworks/R.framework/Versions/Current/Resources/library --no-vignettes --timings ViSEAGO_1.6.0.tar.gz
###
##############################################################################
##############################################################################
* using log directory ‘/Users/biocbuild/bbs-3.13-bioc/meat/ViSEAGO.Rcheck’
* using R version 4.1.1 (2021-08-10)
* using platform: x86_64-apple-darwin17.0 (64-bit)
* using session charset: UTF-8
* using option ‘--no-vignettes’
* checking for file ‘ViSEAGO/DESCRIPTION’ ... OK
* this is package ‘ViSEAGO’ version ‘1.6.0’
* checking package namespace information ... OK
* checking package dependencies ... OK
* checking if this is a source package ... OK
* checking if there is a namespace ... OK
* checking for hidden files and directories ... NOTE
Found the following hidden files and directories:
.git_fetch_output.txt
.git_merge_output.txt
These were most likely included in error. See section ‘Package
structure’ in the ‘Writing R Extensions’ manual.
* checking for portable file names ... OK
* checking for sufficient/correct file permissions ... OK
* checking whether package ‘ViSEAGO’ can be installed ... WARNING
Found the following significant warnings:
Note: possible error in 'listEnsembl(host = host, ': unused argument (host = host)
Warning: replacing previous import ‘data.table::set’ by ‘dendextend::set’ when loading ‘ViSEAGO’
See ‘/Users/biocbuild/bbs-3.13-bioc/meat/ViSEAGO.Rcheck/00install.out’ for details.
Information on the location(s) of code generating the ‘Note’s can be
obtained by re-running with environment variable R_KEEP_PKG_SOURCE set
to ‘yes’.
* checking installed package size ... NOTE
installed size is 12.3Mb
sub-directories of 1Mb or more:
extdata 10.6Mb
* checking package directory ... OK
* checking ‘build’ directory ... OK
* checking DESCRIPTION meta-information ... OK
* checking top-level files ... OK
* checking for left-over files ... OK
* checking index information ... OK
* checking package subdirectories ... OK
* checking R files for non-ASCII characters ... OK
* checking R files for syntax errors ... OK
* checking whether the package can be loaded ... OK
* checking whether the package can be loaded with stated dependencies ... OK
* checking whether the package can be unloaded cleanly ... OK
* checking whether the namespace can be loaded with stated dependencies ... OK
* checking whether the namespace can be unloaded cleanly ... OK
* checking dependencies in R code ... WARNING
'library' or 'require' call not declared from: ‘topGO’
'library' or 'require' call to ‘topGO’ in package code.
Please use :: or requireNamespace() instead.
See section 'Suggested packages' in the 'Writing R Extensions' manual.
Namespace in Imports field not imported from: ‘processx’
All declared Imports should be used.
* checking S3 generic/method consistency ... OK
* checking replacement functions ... OK
* checking foreign function calls ... OK
* checking R code for possible problems ... NOTE
annotate,character-genomic_ressource: warning in getBM(attributes =
c("ensembl_gene_id", "go_id", "go_linkage_type", "namespace_1003"),
filters = unlist(go_filter[grep("with GO ID", ignore.case = TRUE,
go_filter$description), "name", with = FALSE]), value = TRUE, mart =
myspecies): partial argument match of 'value' to 'values'
compute_SS_distances,ANY-character: warning in select(GO.db, keys =
onto$values, column = "TERM"): partial argument match of 'column' to
'columns'
merge_enrich_terms,list : genes_symbols_add: warning in
getBM(attributes = c("ensembl_gene_id", "external_gene_name"), value
= TRUE, mart = myspecies): partial argument match of 'value' to
'values'
Ensembl2GO: possible error in listEnsembl(host = host, version =
version): unused argument (host = host)
GOcount,ANY: no visible global function definition for ‘orca’
GOterms_heatmap,GO_SS: no visible binding for global variable ‘GO.ID’
MDSplot,ANY: no visible binding for global variable ‘text’
MDSplot,ANY: no visible binding for global variable ‘GO.cluster’
MDSplot,ANY: no visible global function definition for ‘orca’
Upset,ANY: no visible global function definition for ‘png’
Upset,ANY: no visible global function definition for ‘dev.off’
annotate,character-genomic_ressource: no visible global function
definition for ‘.’
annotate,character-genomic_ressource: no visible binding for global
variable ‘ENTREZID’
annotate,character-genomic_ressource: no visible binding for global
variable ‘GO’
annotate,character-genomic_ressource: no visible binding for global
variable ‘EVIDENCE’
annotate,character-genomic_ressource: no visible binding for global
variable ‘ONTOLOGY’
compute_SS_distances,ANY-character: no visible binding for global
variable ‘N’
compute_SS_distances,ANY-character: no visible binding for global
variable ‘IC’
merge_enrich_terms,list : genes_symbols_add : esummary : <anonymous>:
no visible binding for global variable ‘start’
merge_enrich_terms,list : genes_symbols_add : esummary : <anonymous>:
no visible binding for global variable ‘end’
merge_enrich_terms,list : <anonymous>: no visible binding for global
variable ‘pval’
merge_enrich_terms,list : <anonymous>: no visible binding for global
variable ‘pathway’
merge_enrich_terms,list : <anonymous>: no visible binding for global
variable ‘Id’
merge_enrich_terms,list : <anonymous>: no visible global function
definition for ‘.’
merge_enrich_terms,list : <anonymous>: no visible binding for global
variable ‘padj’
merge_enrich_terms,list : <anonymous>: no visible binding for global
variable ‘nMoreExtreme’
merge_enrich_terms,list : <anonymous>: no visible binding for global
variable ‘ES’
merge_enrich_terms,list : <anonymous>: no visible binding for global
variable ‘NES’
merge_enrich_terms,list : <anonymous>: no visible binding for global
variable ‘size’
merge_enrich_terms,list : <anonymous>: no visible binding for global
variable ‘genes_frequency’
merge_enrich_terms,list : <anonymous>: no visible binding for global
variable ‘log2err’
merge_enrich_terms,list : <anonymous>: no visible binding for global
variable ‘leadingEdge’
merge_enrich_terms,list : <anonymous>: no visible binding for global
variable ‘Significant_genes’
merge_enrich_terms,list : <anonymous>: no visible binding for global
variable ‘GO.ID’
runfgsea,ANY-gene2GO-character: no visible binding for global variable
‘genes_frequency’
runfgsea,ANY-gene2GO-character: no visible binding for global variable
‘leadingEdge’
runfgsea,ANY-gene2GO-character: no visible binding for global variable
‘size’
runfgsea,ANY-gene2GO-character: no visible binding for global variable
‘pathway’
show_heatmap,GO_clusters-character: no visible global function
definition for ‘orca’
Undefined global functions or variables:
. ENTREZID ES EVIDENCE GO GO.ID GO.cluster IC Id N NES ONTOLOGY
Significant_genes dev.off end genes_frequency leadingEdge log2err
nMoreExtreme orca padj pathway png pval size start text
Consider adding
importFrom("grDevices", "dev.off", "png")
importFrom("graphics", "text")
importFrom("stats", "end", "start")
to your NAMESPACE file.
* checking Rd files ... OK
* checking Rd metadata ... OK
* checking Rd cross-references ... OK
* checking for missing documentation entries ... OK
* checking for code/documentation mismatches ... OK
* checking Rd \usage sections ... OK
* checking Rd contents ... OK
* checking for unstated dependencies in examples ... OK
* checking contents of ‘data’ directory ... OK
* checking data for non-ASCII characters ... OK
* checking data for ASCII and uncompressed saves ... WARNING
Note: significantly better compression could be obtained
by using R CMD build --resave-data
old_size new_size compress
myGOs.RData 876Kb 517Kb xz
* checking files in ‘vignettes’ ... OK
* checking examples ... OK
* checking for unstated dependencies in vignettes ... OK
* checking package vignettes in ‘inst/doc’ ... OK
* checking running R code from vignettes ... SKIPPED
* checking re-building of vignette outputs ... SKIPPED
* checking PDF version of manual ... OK
* DONE
Status: 3 WARNINGs, 3 NOTEs
See
‘/Users/biocbuild/bbs-3.13-bioc/meat/ViSEAGO.Rcheck/00check.log’
for details.
ViSEAGO.Rcheck/00install.out
############################################################################## ############################################################################## ### ### Running command: ### ### /Library/Frameworks/R.framework/Versions/Current/Resources/bin/R CMD INSTALL ViSEAGO ### ############################################################################## ############################################################################## * installing to library ‘/Library/Frameworks/R.framework/Versions/4.1/Resources/library’ * installing *source* package ‘ViSEAGO’ ... ** using staged installation ** R ** data ** inst ** byte-compile and prepare package for lazy loading Warning: replacing previous import ‘data.table::set’ by ‘dendextend::set’ when loading ‘ViSEAGO’ Note: possible error in 'listEnsembl(host = host, ': unused argument (host = host) ** help *** installing help indices ** building package indices ** installing vignettes ** testing if installed package can be loaded from temporary location Warning: replacing previous import ‘data.table::set’ by ‘dendextend::set’ when loading ‘ViSEAGO’ ** testing if installed package can be loaded from final location Warning: replacing previous import ‘data.table::set’ by ‘dendextend::set’ when loading ‘ViSEAGO’ ** testing if installed package keeps a record of temporary installation path * DONE (ViSEAGO)
ViSEAGO.Rcheck/ViSEAGO-Ex.timings
| name | user | system | elapsed | |
| Bioconductor2GO | 0.067 | 0.004 | 0.074 | |
| Custom2GO | 0.206 | 0.010 | 0.219 | |
| Ensembl2GO | 0.000 | 0.001 | 0.002 | |
| EntrezGene2GO | 0.000 | 0.000 | 0.001 | |
| EntrezGene_orthologs | 0.000 | 0.000 | 0.001 | |
| GOclusters_heatmap-methods | 0.088 | 0.004 | 0.092 | |
| GOcount-methods | 0.280 | 0.057 | 0.343 | |
| GOterms_heatmap-methods | 0.079 | 0.002 | 0.081 | |
| MDSplot-methods | 0.050 | 0.002 | 0.052 | |
| Uniprot2GO | 0.001 | 0.001 | 0.001 | |
| Upset-methods | 1.924 | 0.054 | 1.988 | |
| annotate-methods | 0.000 | 0.001 | 0.001 | |
| available_organisms-methods | 0.164 | 0.045 | 0.214 | |
| build_GO_SS-methods | 0.058 | 0.002 | 0.061 | |
| clusters_cor-methods | 0.063 | 0.004 | 0.067 | |
| compare_clusters-methods | 0.058 | 0.003 | 0.061 | |
| compute_SS_distances-methods | 0.062 | 0.003 | 0.065 | |
| create_topGOdata-methods | 0.016 | 0.003 | 0.020 | |
| merge_enrich_terms-methods | 0.095 | 0.023 | 0.139 | |
| overLapper | 0 | 0 | 0 | |
| pkgdiagram | 0.190 | 0.129 | 0.319 | |
| runfgsea-methods | 0.026 | 0.003 | 0.029 | |
| show_heatmap-methods | 0.061 | 0.002 | 0.064 | |
| show_table-methods | 0.324 | 0.068 | 0.396 | |
| taxonomy | 0.025 | 0.004 | 0.474 | |