| Back to Multiple platform build/check report for BioC 3.13 |
|
This page was generated on 2021-10-15 15:05:51 -0400 (Fri, 15 Oct 2021).
|
To the developers/maintainers of the RNASeqR package: - Please allow up to 24 hours (and sometimes 48 hours) for your latest push to git@git.bioconductor.org:packages/RNASeqR.git to reflect on this report. See How and When does the builder pull? When will my changes propagate? here for more information. - Make sure to use the following settings in order to reproduce any error or warning you see on this page. |
| Package 1612/2041 | Hostname | OS / Arch | INSTALL | BUILD | CHECK | BUILD BIN | ||||||||
| RNASeqR 1.10.0 (landing page) Kuan-Hao Chao
| nebbiolo1 | Linux (Ubuntu 20.04.2 LTS) / x86_64 | OK | ERROR | skipped | |||||||||
| tokay2 | Windows Server 2012 R2 Standard / x64 | ... NOT SUPPORTED ... | ||||||||||||
| machv2 | macOS 10.14.6 Mojave / x86_64 | OK | ERROR | skipped | skipped | |||||||||
| Package: RNASeqR |
| Version: 1.10.0 |
| Command: /home/biocbuild/bbs-3.13-bioc/R/bin/R CMD build --keep-empty-dirs --no-resave-data RNASeqR |
| StartedAt: 2021-10-14 08:14:44 -0400 (Thu, 14 Oct 2021) |
| EndedAt: 2021-10-14 08:16:03 -0400 (Thu, 14 Oct 2021) |
| EllapsedTime: 79.5 seconds |
| RetCode: 1 |
| Status: ERROR |
| PackageFile: None |
| PackageFileSize: NA |
##############################################################################
##############################################################################
###
### Running command:
###
### /home/biocbuild/bbs-3.13-bioc/R/bin/R CMD build --keep-empty-dirs --no-resave-data RNASeqR
###
##############################################################################
##############################################################################
* checking for file ‘RNASeqR/DESCRIPTION’ ... OK
* preparing ‘RNASeqR’:
* checking DESCRIPTION meta-information ... OK
* installing the package to build vignettes
* creating vignettes ... ERROR
--- re-building ‘RNASeqR.Rmd’ using rmarkdown
Loading required package: ggplot2
Loading required package: pathview
##############################################################################
Pathview is an open source software package distributed under GNU General
Public License version 3 (GPLv3). Details of GPLv3 is available at
http://www.gnu.org/licenses/gpl-3.0.html. Particullary, users are required to
formally cite the original Pathview paper (not just mention it) in publications
or products. For details, do citation("pathview") within R.
The pathview downloads and uses KEGG data. Non-academic uses may require a KEGG
license agreement (details at http://www.kegg.jp/kegg/legal.html).
##############################################################################
Loading required package: edgeR
Loading required package: limma
Welcome to RNASeqR
************** Checking input parameters ************
(✔) : Input parameters are all not NA !!
************** Checking operating system type ************
(✔) : Your system operating system is 'linux'
************** Checking python version ************
Quitting from lines 244-252 (RNASeqR.Rmd)
Error: processing vignette 'RNASeqR.Rmd' failed with diagnostics:
invalid argument type
--- failed re-building ‘RNASeqR.Rmd’
SUMMARY: processing the following file failed:
‘RNASeqR.Rmd’
Error: Vignette re-building failed.
Execution halted