| Back to Multiple platform build/check report for BioC 3.13 |
|
This page was generated on 2021-10-15 15:05:48 -0400 (Fri, 15 Oct 2021).
|
To the developers/maintainers of the PDATK package: - Please allow up to 24 hours (and sometimes 48 hours) for your latest push to git@git.bioconductor.org:packages/PDATK.git to reflect on this report. See How and When does the builder pull? When will my changes propagate? here for more information. - Make sure to use the following settings in order to reproduce any error or warning you see on this page. |
| Package 1363/2041 | Hostname | OS / Arch | INSTALL | BUILD | CHECK | BUILD BIN | ||||||||
| PDATK 1.0.2 (landing page) Benjamin Haibe-Kains
| nebbiolo1 | Linux (Ubuntu 20.04.2 LTS) / x86_64 | OK | OK | WARNINGS | |||||||||
| tokay2 | Windows Server 2012 R2 Standard / x64 | OK | OK | WARNINGS | OK | |||||||||
| machv2 | macOS 10.14.6 Mojave / x86_64 | OK | OK | WARNINGS | OK | |||||||||
| Package: PDATK |
| Version: 1.0.2 |
| Command: /home/biocbuild/bbs-3.13-bioc/R/bin/R CMD check --install=check:PDATK.install-out.txt --library=/home/biocbuild/bbs-3.13-bioc/R/library --no-vignettes --timings PDATK_1.0.2.tar.gz |
| StartedAt: 2021-10-14 10:58:04 -0400 (Thu, 14 Oct 2021) |
| EndedAt: 2021-10-14 11:03:30 -0400 (Thu, 14 Oct 2021) |
| EllapsedTime: 325.7 seconds |
| RetCode: 0 |
| Status: WARNINGS |
| CheckDir: PDATK.Rcheck |
| Warnings: 1 |
##############################################################################
##############################################################################
###
### Running command:
###
### /home/biocbuild/bbs-3.13-bioc/R/bin/R CMD check --install=check:PDATK.install-out.txt --library=/home/biocbuild/bbs-3.13-bioc/R/library --no-vignettes --timings PDATK_1.0.2.tar.gz
###
##############################################################################
##############################################################################
* using log directory ‘/home/biocbuild/bbs-3.13-bioc/meat/PDATK.Rcheck’
* using R version 4.1.1 (2021-08-10)
* using platform: x86_64-pc-linux-gnu (64-bit)
* using session charset: UTF-8
* using option ‘--no-vignettes’
* checking for file ‘PDATK/DESCRIPTION’ ... OK
* checking extension type ... Package
* this is package ‘PDATK’ version ‘1.0.2’
* package encoding: UTF-8
* checking package namespace information ... OK
* checking package dependencies ... OK
* checking if this is a source package ... OK
* checking if there is a namespace ... OK
* checking for hidden files and directories ... OK
* checking for portable file names ... OK
* checking for sufficient/correct file permissions ... OK
* checking whether package ‘PDATK’ can be installed ... OK
* checking installed package size ... OK
* checking package directory ... OK
* checking ‘build’ directory ... OK
* checking DESCRIPTION meta-information ... OK
* checking top-level files ... OK
* checking for left-over files ... OK
* checking index information ... OK
* checking package subdirectories ... OK
* checking R files for non-ASCII characters ... OK
* checking R files for syntax errors ... OK
* checking whether the package can be loaded ... OK
* checking whether the package can be loaded with stated dependencies ... OK
* checking whether the package can be unloaded cleanly ... OK
* checking whether the namespace can be loaded with stated dependencies ... OK
* checking whether the namespace can be unloaded cleanly ... OK
* checking dependencies in R code ... OK
* checking S3 generic/method consistency ... OK
* checking replacement functions ... OK
* checking foreign function calls ... OK
* checking R code for possible problems ... NOTE
.calculateMSMthresholds: no visible binding for global variable
‘funContext’
.plotNetwork: no visible global function definition for ‘legend’
NCSModel: no visible binding for global variable ‘metric’
NCSModel: no visible binding for global variable ‘comparison’
NCSModel: no visible binding for global variable ‘centroid_K’
NCSModel: no visible binding for global variable ‘assay_K’
NetworkCommunitySearchModel: no visible binding for global variable
‘metric’
NetworkCommunitySearchModel: no visible binding for global variable
‘comparison’
NetworkCommunitySearchModel: no visible binding for global variable
‘centroid_K’
NetworkCommunitySearchModel: no visible binding for global variable
‘assay_K’
predictClasses,ConsensusMetaclusteringModel-ANY: no visible global
function definition for ‘.error’
predictClasses,NCSModel-ANY: no visible binding for global variable
‘centroid_cohort’
predictClasses,NCSModel-ANY: no visible binding for global variable
‘centroid_K’
predictClasses,NCSModel-ANY: no visible binding for global variable
‘assay_cohort’
predictClasses,NCSModel-ANY: no visible binding for global variable
‘assay_K’
predictClasses,NCSModel-ANY: no visible binding for global variable
‘tmp’
predictClasses,NCSModel-ANY: no visible binding for global variable
‘cluster_label’
rankFeatures,MultiAssayExperiment: no visible binding for global
variable ‘feature’
rankFeatures,MultiAssayExperiment: no visible binding for global
variable ‘missignAssays’
rankFeatures,MultiAssayExperiment: no visible binding for global
variable ‘feature_score’
rankFeatures,MultiAssayExperiment: no visible binding for global
variable ‘feature_rank’
trainModel,ConsensusMetaclusteringModel: no visible global function
definition for ‘pdf’
trainModel,ConsensusMetaclusteringModel: no visible global function
definition for ‘dev.off’
trainModel,NCSModel: no visible binding for global variable
‘ingroup_proportion’
trainModel,NCSModel: no visible binding for global variable
‘cor_threshold’
Undefined global functions or variables:
.error assay_K assay_cohort centroid_K centroid_cohort cluster_label
comparison cor_threshold dev.off feature feature_rank feature_score
funContext ingroup_proportion legend metric missignAssays pdf tmp
Consider adding
importFrom("grDevices", "dev.off", "pdf")
importFrom("graphics", "legend")
to your NAMESPACE file.
* checking Rd files ... OK
* checking Rd metadata ... OK
* checking Rd cross-references ... OK
* checking for missing documentation entries ... WARNING
Undocumented code objects:
‘optimalKMinimizeAmbiguity’
All user-level objects in a package should have documentation entries.
See chapter ‘Writing R documentation files’ in the ‘Writing R
Extensions’ manual.
* checking for code/documentation mismatches ... OK
* checking Rd \usage sections ... OK
* checking Rd contents ... OK
* checking for unstated dependencies in examples ... OK
* checking contents of ‘data’ directory ... OK
* checking data for non-ASCII characters ... OK
* checking data for ASCII and uncompressed saves ... OK
* checking files in ‘vignettes’ ... OK
* checking examples ... OK
* checking for unstated dependencies in ‘tests’ ... OK
* checking tests ...
Running ‘testthat.R’
OK
* checking for unstated dependencies in vignettes ... OK
* checking package vignettes in ‘inst/doc’ ... OK
* checking running R code from vignettes ... SKIPPED
* checking re-building of vignette outputs ... SKIPPED
* checking PDF version of manual ... OK
* DONE
Status: 1 WARNING, 1 NOTE
See
‘/home/biocbuild/bbs-3.13-bioc/meat/PDATK.Rcheck/00check.log’
for details.
PDATK.Rcheck/00install.out
############################################################################## ############################################################################## ### ### Running command: ### ### /home/biocbuild/bbs-3.13-bioc/R/bin/R CMD INSTALL PDATK ### ############################################################################## ############################################################################## * installing to library ‘/home/biocbuild/bbs-3.13-bioc/R/library’ * installing *source* package ‘PDATK’ ... ** using staged installation ** R ** data ** byte-compile and prepare package for lazy loading ** help *** installing help indices ** building package indices ** installing vignettes ** testing if installed package can be loaded from temporary location ** testing if installed package can be loaded from final location ** testing if installed package keeps a record of temporary installation path * DONE (PDATK)
PDATK.Rcheck/tests/testthat.Rout
R version 4.1.1 (2021-08-10) -- "Kick Things"
Copyright (C) 2021 The R Foundation for Statistical Computing
Platform: x86_64-pc-linux-gnu (64-bit)
R is free software and comes with ABSOLUTELY NO WARRANTY.
You are welcome to redistribute it under certain conditions.
Type 'license()' or 'licence()' for distribution details.
R is a collaborative project with many contributors.
Type 'contributors()' for more information and
'citation()' on how to cite R or R packages in publications.
Type 'demo()' for some demos, 'help()' for on-line help, or
'help.start()' for an HTML browser interface to help.
Type 'q()' to quit R.
> library(testthat)
> library(PDATK)
Loading required package: SummarizedExperiment
Loading required package: MatrixGenerics
Loading required package: matrixStats
Attaching package: 'MatrixGenerics'
The following objects are masked from 'package:matrixStats':
colAlls, colAnyNAs, colAnys, colAvgsPerRowSet, colCollapse,
colCounts, colCummaxs, colCummins, colCumprods, colCumsums,
colDiffs, colIQRDiffs, colIQRs, colLogSumExps, colMadDiffs,
colMads, colMaxs, colMeans2, colMedians, colMins, colOrderStats,
colProds, colQuantiles, colRanges, colRanks, colSdDiffs, colSds,
colSums2, colTabulates, colVarDiffs, colVars, colWeightedMads,
colWeightedMeans, colWeightedMedians, colWeightedSds,
colWeightedVars, rowAlls, rowAnyNAs, rowAnys, rowAvgsPerColSet,
rowCollapse, rowCounts, rowCummaxs, rowCummins, rowCumprods,
rowCumsums, rowDiffs, rowIQRDiffs, rowIQRs, rowLogSumExps,
rowMadDiffs, rowMads, rowMaxs, rowMeans2, rowMedians, rowMins,
rowOrderStats, rowProds, rowQuantiles, rowRanges, rowRanks,
rowSdDiffs, rowSds, rowSums2, rowTabulates, rowVarDiffs, rowVars,
rowWeightedMads, rowWeightedMeans, rowWeightedMedians,
rowWeightedSds, rowWeightedVars
Loading required package: GenomicRanges
Loading required package: stats4
Loading required package: BiocGenerics
Loading required package: parallel
Attaching package: 'BiocGenerics'
The following objects are masked from 'package:parallel':
clusterApply, clusterApplyLB, clusterCall, clusterEvalQ,
clusterExport, clusterMap, parApply, parCapply, parLapply,
parLapplyLB, parRapply, parSapply, parSapplyLB
The following objects are masked from 'package:stats':
IQR, mad, sd, var, xtabs
The following objects are masked from 'package:base':
Filter, Find, Map, Position, Reduce, anyDuplicated, append,
as.data.frame, basename, cbind, colnames, dirname, do.call,
duplicated, eval, evalq, get, grep, grepl, intersect, is.unsorted,
lapply, mapply, match, mget, order, paste, pmax, pmax.int, pmin,
pmin.int, rank, rbind, rownames, sapply, setdiff, sort, table,
tapply, union, unique, unsplit, which.max, which.min
Loading required package: S4Vectors
Attaching package: 'S4Vectors'
The following objects are masked from 'package:base':
I, expand.grid, unname
Loading required package: IRanges
Loading required package: GenomeInfoDb
Loading required package: Biobase
Welcome to Bioconductor
Vignettes contain introductory material; view with
'browseVignettes()'. To cite Bioconductor, see
'citation("Biobase")', and for packages 'citation("pkgname")'.
Attaching package: 'Biobase'
The following object is masked from 'package:MatrixGenerics':
rowMedians
The following objects are masked from 'package:matrixStats':
anyMissing, rowMedians
>
> test_check("PDATK")
[ FAIL 0 | WARN 0 | SKIP 0 | PASS 77 ]
>
> proc.time()
user system elapsed
32.098 10.244 33.494
PDATK.Rcheck/PDATK-Ex.timings
| name | user | system | elapsed | |
| CSPC_MAE | 0.006 | 0.000 | 0.006 | |
| ClinicalModel-class | 0.097 | 0.005 | 0.101 | |
| ClinicalModel | 0.136 | 0.000 | 0.136 | |
| CohortList | 0.024 | 0.000 | 0.024 | |
| ConsensusMetaclusteringModel | 0.012 | 0.000 | 0.012 | |
| CoxModel | 0.62 | 0.02 | 0.64 | |
| GeneFuModel | 0.114 | 0.000 | 0.114 | |
| ModelComparison | 3.043 | 0.082 | 3.140 | |
| PCOSP | 0.09 | 0.00 | 0.09 | |
| RandomGeneAssignmentModel | 0.095 | 0.000 | 0.095 | |
| RandomLabelShufflingModel | 0.09 | 0.00 | 0.09 | |
| SurvivalExperiment | 0.142 | 0.000 | 0.142 | |
| SurvivalModel-class | 0.046 | 0.000 | 0.047 | |
| SurvivalModel | 0.043 | 0.004 | 0.048 | |
| assignColDataColumn | 0.037 | 0.000 | 0.038 | |
| assignSubtypes-CohortList-list-method | 0.403 | 0.032 | 0.435 | |
| assignSubtypes-SurvivalExperiment-data.frame-method | 0.042 | 0.000 | 0.042 | |
| assignSubtypes | 0.041 | 0.000 | 0.042 | |
| barPlotModelComparison-ClinicalModel-PCOSP_or_RLS_or_RGA-method | 1.013 | 0.023 | 1.036 | |
| barPlotModelComparison | 1.022 | 0.016 | 1.038 | |
| birnbaum | 0.000 | 0.003 | 0.003 | |
| chen | 0.000 | 0.003 | 0.002 | |
| cohortSubtypeDFs | 0.001 | 0.001 | 0.003 | |
| compareModels-ModelComparison-SurvivalModel-method | 1.029 | 0.024 | 1.053 | |
| compareModels-SurvivalModel-SurvivalModel-method | 0.913 | 0.000 | 0.913 | |
| compareModels | 0.949 | 0.020 | 0.968 | |
| dropNotCensored-CohortList-method | 0.812 | 0.012 | 0.824 | |
| dropNotCensored-SurvivalExperiment-method | 0.072 | 0.003 | 0.075 | |
| dropNotCensored | 0.073 | 0.000 | 0.073 | |
| findCommonGenes-CohortList-method | 0.055 | 0.004 | 0.059 | |
| findCommonGenes | 0.054 | 0.004 | 0.058 | |
| findCommonSamples-CohortList-method | 0.112 | 0.004 | 0.116 | |
| findCommonSamples | 0.056 | 0.004 | 0.060 | |
| forestPlot-ModelComparison-method | 0.975 | 0.020 | 0.996 | |
| forestPlot-PCOSP_or_ClinicalModel-method | 0.042 | 0.000 | 0.042 | |
| forestPlot | 0.097 | 0.004 | 0.101 | |
| getModelSeed-SurvivalModel-method | 0.007 | 0.000 | 0.007 | |
| getModelSeed | 0.007 | 0.000 | 0.007 | |
| getTopFeatures-PCOSP-method | 0.007 | 0.000 | 0.008 | |
| getTopFeatures-SummarizedExperiment-method | 0.188 | 0.000 | 0.188 | |
| getTopFeatures | 0.007 | 0.000 | 0.007 | |
| haiderSigScores | 0.003 | 0.000 | 0.002 | |
| hasColDataColumns | 0.017 | 0.000 | 0.017 | |
| merge-SurvivalExperiment-SurvivalExperiment-method | 0.149 | 0.004 | 0.152 | |
| modelParams-set | 0.006 | 0.003 | 0.010 | |
| modelParams | 0.010 | 0.000 | 0.011 | |
| models-SurvivalModel-method | 0.007 | 0.000 | 0.007 | |
| models-set-SurvivalModel-SimpleList-method | 0.008 | 0.000 | 0.007 | |
| models | 0.004 | 0.004 | 0.007 | |
| normalsMAE | 0.002 | 0.000 | 0.002 | |
| plotROC-PCOSP-method | 0.125 | 0.000 | 0.126 | |
| predictClasses-CohortList-ClinicalModel-method | 0.471 | 0.008 | 0.478 | |
| predictClasses-CohortList-PCOSP_or_RLS_or_RGA-method | 0.706 | 0.020 | 0.725 | |
| predictClasses-SurvivalExperiment-ClinicalModel-method | 0.205 | 0.004 | 0.209 | |
| predictClasses-SurvivalExperiment-PCOSP_or_RLS_or_RGA-method | 0.288 | 0.000 | 0.288 | |
| predictClasses | 0.279 | 0.000 | 0.279 | |
| rankFeatures-SummarizedExperiment-method | 0.239 | 0.020 | 0.259 | |
| rankFeatures | 0.172 | 0.000 | 0.172 | |
| removeColDataFactorColumns | 0.041 | 0.000 | 0.041 | |
| removeFactorColumns | 0.002 | 0.000 | 0.003 | |
| renameColDataColumns | 0.045 | 0.000 | 0.045 | |
| renameColumns | 0.000 | 0.002 | 0.002 | |
| sampleClinicalModel | 0.004 | 0.001 | 0.005 | |
| sampleCohortList | 0.019 | 0.003 | 0.022 | |
| sampleICGCmicro | 0.003 | 0.004 | 0.007 | |
| samplePCOSPmodel | 0.002 | 0.004 | 0.006 | |
| samplePCOSPpredList | 0.023 | 0.004 | 0.027 | |
| samplePCSIsurvExp | 0.005 | 0.000 | 0.005 | |
| sampleRGAmodel | 0.007 | 0.000 | 0.007 | |
| sampleRLSmodel | 0.006 | 0.000 | 0.006 | |
| sampleTrainedPCOSPmodel | 0.007 | 0.000 | 0.007 | |
| sampleValPCOSPmodel | 0.025 | 0.004 | 0.029 | |
| show-S4Model-method | 0.071 | 0.000 | 0.071 | |
| subset-CohortList-method | 0.238 | 0.000 | 0.238 | |
| trainData-set | 0.008 | 0.000 | 0.008 | |
| trainData | 0.006 | 0.000 | 0.007 | |
| trainModel-ClinicalModel-method | 0.050 | 0.004 | 0.055 | |
| trainModel-PCOSP-method | 1.042 | 0.024 | 1.066 | |
| trainModel-RGAModel-method | 1.011 | 0.012 | 1.023 | |
| trainModel-RLSModel-method | 0.845 | 0.000 | 0.845 | |
| trainModel | 1.849 | 0.027 | 1.876 | |
| validateModel-ClinicalModel-CohortList-method | 0.365 | 0.000 | 0.366 | |
| validateModel-ClinicalModel-SurvivalExperiment-method | 0.916 | 0.020 | 0.936 | |
| validateModel-GeneFuModel-CohortList-method | 0.661 | 0.003 | 0.665 | |
| validateModel-PCOSP_or_RLS_or_RGA-CohortList-method | 0.509 | 0.000 | 0.509 | |
| validateModel-PCOSP_or_RLS_or_RGA-SurvivalExperiment-method | 0.555 | 0.016 | 0.571 | |
| validateModel | 0.065 | 0.003 | 0.068 | |
| validationData-SurvivalModel-method | 0.008 | 0.000 | 0.009 | |
| validationData-set-SurvivalModel-CohortList-method | 0.006 | 0.000 | 0.007 | |
| validationData-set | 0.007 | 0.000 | 0.007 | |
| validationData | 0.006 | 0.000 | 0.006 | |
| validationStats-SurvivalModel-method | 0.004 | 0.003 | 0.006 | |
| validationStats-set-SurvivalModel-data.frame-method | 0.007 | 0.000 | 0.008 | |
| validationStats-set | 0.007 | 0.000 | 0.007 | |
| validationStats | 0.006 | 0.000 | 0.006 | |