Back to Multiple platform build/check report for BioC 3.13 |
|
This page was generated on 2021-10-15 15:05:46 -0400 (Fri, 15 Oct 2021).
To the developers/maintainers of the MSGFplus package: - Please allow up to 24 hours (and sometimes 48 hours) for your latest push to git@git.bioconductor.org:packages/MSGFplus.git to reflect on this report. See How and When does the builder pull? When will my changes propagate? here for more information. - Make sure to use the following settings in order to reproduce any error or warning you see on this page. |
Package 1199/2041 | Hostname | OS / Arch | INSTALL | BUILD | CHECK | BUILD BIN | ||||||||
MSGFplus 1.26.0 (landing page) Thomas Lin Pedersen
| nebbiolo1 | Linux (Ubuntu 20.04.2 LTS) / x86_64 | OK | OK | WARNINGS | ![]() | ||||||||
tokay2 | Windows Server 2012 R2 Standard / x64 | OK | OK | WARNINGS | OK | ![]() | ||||||||
machv2 | macOS 10.14.6 Mojave / x86_64 | ERROR | ERROR | skipped | skipped | |||||||||
Package: MSGFplus |
Version: 1.26.0 |
Command: /home/biocbuild/bbs-3.13-bioc/R/bin/R CMD check --install=check:MSGFplus.install-out.txt --library=/home/biocbuild/bbs-3.13-bioc/R/library --no-vignettes --timings MSGFplus_1.26.0.tar.gz |
StartedAt: 2021-10-14 10:43:12 -0400 (Thu, 14 Oct 2021) |
EndedAt: 2021-10-14 10:43:42 -0400 (Thu, 14 Oct 2021) |
EllapsedTime: 29.8 seconds |
RetCode: 0 |
Status: WARNINGS |
CheckDir: MSGFplus.Rcheck |
Warnings: 1 |
############################################################################## ############################################################################## ### ### Running command: ### ### /home/biocbuild/bbs-3.13-bioc/R/bin/R CMD check --install=check:MSGFplus.install-out.txt --library=/home/biocbuild/bbs-3.13-bioc/R/library --no-vignettes --timings MSGFplus_1.26.0.tar.gz ### ############################################################################## ############################################################################## * using log directory ‘/home/biocbuild/bbs-3.13-bioc/meat/MSGFplus.Rcheck’ * using R version 4.1.1 (2021-08-10) * using platform: x86_64-pc-linux-gnu (64-bit) * using session charset: UTF-8 * using option ‘--no-vignettes’ * checking for file ‘MSGFplus/DESCRIPTION’ ... OK * checking extension type ... Package * this is package ‘MSGFplus’ version ‘1.26.0’ * checking package namespace information ... OK * checking package dependencies ... OK * checking if this is a source package ... OK * checking if there is a namespace ... OK * checking for hidden files and directories ... NOTE Found the following hidden files and directories: .BBSoptions These were most likely included in error. See section ‘Package structure’ in the ‘Writing R Extensions’ manual. * checking for portable file names ... OK * checking for sufficient/correct file permissions ... OK * checking whether package ‘MSGFplus’ can be installed ... OK * checking installed package size ... OK * checking package directory ... OK * checking ‘build’ directory ... OK * checking DESCRIPTION meta-information ... OK * checking top-level files ... OK * checking for left-over files ... OK * checking index information ... OK * checking package subdirectories ... OK * checking R files for non-ASCII characters ... OK * checking R files for syntax errors ... OK * checking whether the package can be loaded ... OK * checking whether the package can be loaded with stated dependencies ... OK * checking whether the package can be unloaded cleanly ... OK * checking whether the namespace can be loaded with stated dependencies ... OK * checking whether the namespace can be unloaded cleanly ... OK * checking dependencies in R code ... NOTE Namespace in Imports field not imported from: ‘ProtGenerics’ All declared Imports should be used. * checking S3 generic/method consistency ... OK * checking replacement functions ... OK * checking foreign function calls ... OK * checking R code for possible problems ... OK * checking Rd files ... OK * checking Rd metadata ... OK * checking Rd cross-references ... WARNING Missing link or links in documentation object 'msgfPar-class.Rd': ‘msgfParGUI’ See section 'Cross-references' in the 'Writing R Extensions' manual. * checking for missing documentation entries ... OK * checking for code/documentation mismatches ... OK * checking Rd \usage sections ... OK * checking Rd contents ... OK * checking for unstated dependencies in examples ... OK * checking files in ‘vignettes’ ... OK * checking examples ... OK * checking for unstated dependencies in ‘tests’ ... OK * checking tests ... Running ‘test-all.R’ OK * checking for unstated dependencies in vignettes ... OK * checking package vignettes in ‘inst/doc’ ... OK * checking running R code from vignettes ... SKIPPED * checking re-building of vignette outputs ... SKIPPED * checking PDF version of manual ... OK * DONE Status: 1 WARNING, 2 NOTEs See ‘/home/biocbuild/bbs-3.13-bioc/meat/MSGFplus.Rcheck/00check.log’ for details.
MSGFplus.Rcheck/00install.out
############################################################################## ############################################################################## ### ### Running command: ### ### /home/biocbuild/bbs-3.13-bioc/R/bin/R CMD INSTALL MSGFplus ### ############################################################################## ############################################################################## * installing to library ‘/home/biocbuild/bbs-3.13-bioc/R/library’ * installing *source* package ‘MSGFplus’ ... ** using staged installation ** R ** inst ** byte-compile and prepare package for lazy loading ** help *** installing help indices ** building package indices ** installing vignettes ** testing if installed package can be loaded from temporary location ** testing if installed package can be loaded from final location ** testing if installed package keeps a record of temporary installation path * DONE (MSGFplus)
MSGFplus.Rcheck/tests/test-all.Rout
R version 4.1.1 (2021-08-10) -- "Kick Things" Copyright (C) 2021 The R Foundation for Statistical Computing Platform: x86_64-pc-linux-gnu (64-bit) R is free software and comes with ABSOLUTELY NO WARRANTY. You are welcome to redistribute it under certain conditions. Type 'license()' or 'licence()' for distribution details. R is a collaborative project with many contributors. Type 'contributors()' for more information and 'citation()' on how to cite R or R packages in publications. Type 'demo()' for some demos, 'help()' for on-line help, or 'help.start()' for an HTML browser interface to help. Type 'q()' to quit R. > library(testthat) > test_check('MSGFplus') Loading required package: MSGFplus Attaching package: 'MSGFplus' The following object is masked from 'package:testthat': matches [ FAIL 0 | WARN 0 | SKIP 0 | PASS 169 ] > > proc.time() user system elapsed 1.711 0.154 1.818
MSGFplus.Rcheck/MSGFplus-Ex.timings
name | user | system | elapsed | |
chargeRange | 0.003 | 0.000 | 0.003 | |
db | 0.002 | 0.000 | 0.002 | |
enzyme | 0.005 | 0.001 | 0.006 | |
fragmentation | 0.001 | 0.002 | 0.003 | |
getMSGFpar | 0.004 | 0.000 | 0.004 | |
instrument | 0.003 | 0.000 | 0.003 | |
isotopeError | 0.002 | 0.000 | 0.002 | |
lengthRange | 0.002 | 0.000 | 0.002 | |
matches | 0.002 | 0.000 | 0.002 | |
mods | 0.003 | 0.000 | 0.003 | |
msgfAsync-class | 0 | 0 | 0 | |
msgfPar-class | 0.004 | 0.001 | 0.004 | |
msgfPar | 0.009 | 0.003 | 0.012 | |
msgfParChargeRange-class | 0 | 0 | 0 | |
msgfParEnzyme-class | 0.002 | 0.000 | 0.002 | |
msgfParFragmentation-class | 0.002 | 0.000 | 0.002 | |
msgfParFromID | 0.001 | 0.000 | 0.001 | |
msgfParInstrument-class | 0.002 | 0.000 | 0.002 | |
msgfParIsotopeError-class | 0.001 | 0.000 | 0.001 | |
msgfParLengthRange-class | 0.000 | 0.000 | 0.001 | |
msgfParMatches-class | 0.000 | 0.000 | 0.001 | |
msgfParModification-class | 0.001 | 0.000 | 0.001 | |
msgfParModificationList-class | 0.001 | 0.001 | 0.002 | |
msgfParNtt-class | 0 | 0 | 0 | |
msgfParProtocol-class | 0.000 | 0.001 | 0.002 | |
msgfParTda-class | 0 | 0 | 0 | |
msgfParTolerance-class | 0 | 0 | 0 | |
ntt | 0.000 | 0.001 | 0.001 | |
protocol | 0.004 | 0.000 | 0.003 | |
runMSGF | 0.000 | 0.000 | 0.001 | |
tda | 0.001 | 0.000 | 0.001 | |
tolerance | 0.002 | 0.000 | 0.002 | |