| Back to Multiple platform build/check report for BioC 3.13 |
|
This page was generated on 2021-10-15 15:05:46 -0400 (Fri, 15 Oct 2021).
|
To the developers/maintainers of the MSEADbi package: - Please allow up to 24 hours (and sometimes 48 hours) for your latest push to git@git.bioconductor.org:packages/MSEADbi.git to reflect on this report. See How and When does the builder pull? When will my changes propagate? here for more information. - Make sure to use the following settings in order to reproduce any error or warning you see on this page. |
| Package 1195/2041 | Hostname | OS / Arch | INSTALL | BUILD | CHECK | BUILD BIN | ||||||||
Kozo Nishida
| nebbiolo1 | Linux (Ubuntu 20.04.2 LTS) / x86_64 | OK | OK | WARNINGS | |||||||||
| tokay2 | Windows Server 2012 R2 Standard / x64 | OK | OK | WARNINGS | OK | |||||||||
| machv2 | macOS 10.14.6 Mojave / x86_64 | OK | OK | WARNINGS | OK | |||||||||
| Package: MSEADbi |
| Version: 1.2.0 |
| Command: /home/biocbuild/bbs-3.13-bioc/R/bin/R CMD check --install=check:MSEADbi.install-out.txt --library=/home/biocbuild/bbs-3.13-bioc/R/library --no-vignettes --timings MSEADbi_1.2.0.tar.gz |
| StartedAt: 2021-10-14 10:42:29 -0400 (Thu, 14 Oct 2021) |
| EndedAt: 2021-10-14 10:44:00 -0400 (Thu, 14 Oct 2021) |
| EllapsedTime: 90.3 seconds |
| RetCode: 0 |
| Status: WARNINGS |
| CheckDir: MSEADbi.Rcheck |
| Warnings: 1 |
##############################################################################
##############################################################################
###
### Running command:
###
### /home/biocbuild/bbs-3.13-bioc/R/bin/R CMD check --install=check:MSEADbi.install-out.txt --library=/home/biocbuild/bbs-3.13-bioc/R/library --no-vignettes --timings MSEADbi_1.2.0.tar.gz
###
##############################################################################
##############################################################################
* using log directory ‘/home/biocbuild/bbs-3.13-bioc/meat/MSEADbi.Rcheck’
* using R version 4.1.1 (2021-08-10)
* using platform: x86_64-pc-linux-gnu (64-bit)
* using session charset: UTF-8
* using option ‘--no-vignettes’
* checking for file ‘MSEADbi/DESCRIPTION’ ... OK
* this is package ‘MSEADbi’ version ‘1.2.0’
* package encoding: UTF-8
* checking package namespace information ... OK
* checking package dependencies ... OK
* checking if this is a source package ... OK
* checking if there is a namespace ... OK
* checking for hidden files and directories ... OK
* checking for portable file names ... OK
* checking for sufficient/correct file permissions ... OK
* checking whether package ‘MSEADbi’ can be installed ... WARNING
Found the following significant warnings:
Warning: Package 'MSEADbi' is deprecated and will be removed from Bioconductor
See ‘/home/biocbuild/bbs-3.13-bioc/meat/MSEADbi.Rcheck/00install.out’ for details.
* checking installed package size ... OK
* checking package directory ... OK
* checking ‘build’ directory ... OK
* checking DESCRIPTION meta-information ... OK
* checking top-level files ... OK
* checking for left-over files ... OK
* checking index information ... OK
* checking package subdirectories ... OK
* checking R files for non-ASCII characters ... OK
* checking R files for syntax errors ... OK
* checking whether the package can be loaded ... OK
* checking whether the package can be loaded with stated dependencies ... OK
* checking whether the package can be unloaded cleanly ... OK
* checking whether the namespace can be loaded with stated dependencies ... OK
* checking whether the namespace can be unloaded cleanly ... OK
* checking dependencies in R code ... OK
* checking S3 generic/method consistency ... OK
* checking replacement functions ... OK
* checking foreign function calls ... OK
* checking R code for possible problems ... OK
* checking Rd files ... OK
* checking Rd metadata ... OK
* checking Rd cross-references ... OK
* checking for missing documentation entries ... OK
* checking for code/documentation mismatches ... OK
* checking Rd \usage sections ... OK
* checking Rd contents ... OK
* checking for unstated dependencies in examples ... OK
* checking files in ‘vignettes’ ... OK
* checking examples ... OK
Examples with CPU (user + system) or elapsed time > 5s
user system elapsed
makeMSEAPackage 11.654 0.777 12.436
* checking for unstated dependencies in ‘tests’ ... OK
* checking tests ...
Running ‘testthat.R’
OK
* checking for unstated dependencies in vignettes ... OK
* checking package vignettes in ‘inst/doc’ ... OK
* checking running R code from vignettes ... SKIPPED
* checking re-building of vignette outputs ... SKIPPED
* checking PDF version of manual ... OK
* DONE
Status: 1 WARNING
See
‘/home/biocbuild/bbs-3.13-bioc/meat/MSEADbi.Rcheck/00check.log’
for details.
MSEADbi.Rcheck/00install.out
############################################################################## ############################################################################## ### ### Running command: ### ### /home/biocbuild/bbs-3.13-bioc/R/bin/R CMD INSTALL MSEADbi ### ############################################################################## ############################################################################## * installing to library ‘/home/biocbuild/bbs-3.13-bioc/R/library’ * installing *source* package ‘MSEADbi’ ... ** using staged installation ** R ** inst ** byte-compile and prepare package for lazy loading ** help *** installing help indices ** building package indices ** installing vignettes ** testing if installed package can be loaded from temporary location Warning: Package 'MSEADbi' is deprecated and will be removed from Bioconductor version 3.14. Please see replacement package AHPathbankDbs ** testing if installed package can be loaded from final location Warning: Package 'MSEADbi' is deprecated and will be removed from Bioconductor version 3.14. Please see replacement package AHPathbankDbs ** testing if installed package keeps a record of temporary installation path * DONE (MSEADbi)
MSEADbi.Rcheck/tests/testthat.Rout
R version 4.1.1 (2021-08-10) -- "Kick Things" Copyright (C) 2021 The R Foundation for Statistical Computing Platform: x86_64-pc-linux-gnu (64-bit) R is free software and comes with ABSOLUTELY NO WARRANTY. You are welcome to redistribute it under certain conditions. Type 'license()' or 'licence()' for distribution details. R is a collaborative project with many contributors. Type 'contributors()' for more information and 'citation()' on how to cite R or R packages in publications. Type 'demo()' for some demos, 'help()' for on-line help, or 'help.start()' for an HTML browser interface to help. Type 'q()' to quit R. > library(testthat) > > proc.time() user system elapsed 0.228 0.042 0.256
MSEADbi.Rcheck/MSEADbi-Ex.timings
| name | user | system | elapsed | |
| MSEADb | 0.000 | 0.000 | 0.001 | |
| columns | 0.003 | 0.000 | 0.002 | |
| dbInfo | 0.001 | 0.000 | 0.001 | |
| dbconn | 0.001 | 0.000 | 0.001 | |
| dbfile | 0.000 | 0.001 | 0.001 | |
| dbschema | 0.000 | 0.001 | 0.001 | |
| keys | 0.000 | 0.001 | 0.001 | |
| keytypes | 0.000 | 0.001 | 0.001 | |
| makeMSEAPackage | 11.654 | 0.777 | 12.436 | |
| mseaListPathwaySubjects | 0.001 | 0.000 | 0.002 | |
| mseaNomenclature | 0.001 | 0.000 | 0.001 | |
| mseaPackageName | 0.000 | 0.001 | 0.001 | |
| mseaVersion | 0.000 | 0.001 | 0.001 | |
| select | 0.002 | 0.000 | 0.002 | |
| species | 0.001 | 0.000 | 0.001 | |