| Back to Multiple platform build/check report for BioC 3.13 |
|
This page was generated on 2021-10-15 15:06:43 -0400 (Fri, 15 Oct 2021).
|
To the developers/maintainers of the MMUPHin package: - Please allow up to 24 hours (and sometimes 48 hours) for your latest push to git@git.bioconductor.org:packages/MMUPHin.git to reflect on this report. See How and When does the builder pull? When will my changes propagate? here for more information. - Make sure to use the following settings in order to reproduce any error or warning you see on this page. |
| Package 1167/2041 | Hostname | OS / Arch | INSTALL | BUILD | CHECK | BUILD BIN | ||||||||
| MMUPHin 1.6.2 (landing page) Siyuan MA
| nebbiolo1 | Linux (Ubuntu 20.04.2 LTS) / x86_64 | OK | OK | OK | |||||||||
| tokay2 | Windows Server 2012 R2 Standard / x64 | OK | OK | OK | OK | |||||||||
| machv2 | macOS 10.14.6 Mojave / x86_64 | OK | ERROR | skipped | skipped | |||||||||
| Package: MMUPHin |
| Version: 1.6.2 |
| Command: /Library/Frameworks/R.framework/Versions/Current/Resources/bin/R CMD build --keep-empty-dirs --no-resave-data MMUPHin |
| StartedAt: 2021-10-14 13:18:57 -0400 (Thu, 14 Oct 2021) |
| EndedAt: 2021-10-14 13:20:18 -0400 (Thu, 14 Oct 2021) |
| EllapsedTime: 81.6 seconds |
| RetCode: 1 |
| Status: ERROR |
| PackageFile: None |
| PackageFileSize: NA |
##############################################################################
##############################################################################
###
### Running command:
###
### /Library/Frameworks/R.framework/Versions/Current/Resources/bin/R CMD build --keep-empty-dirs --no-resave-data MMUPHin
###
##############################################################################
##############################################################################
* checking for file ‘MMUPHin/DESCRIPTION’ ... OK
* preparing ‘MMUPHin’:
* checking DESCRIPTION meta-information ... OK
* installing the package to build vignettes
* creating vignettes ... ERROR
--- re-building ‘MMUPHin.Rmd’ using rmarkdown
Attaching package: 'dplyr'
The following objects are masked from 'package:stats':
filter, lag
The following objects are masked from 'package:base':
intersect, setdiff, setequal, union
Quitting from lines 320-325 (MMUPHin.Rmd)
Error: processing vignette 'MMUPHin.Rmd' failed with diagnostics:
At optimal_modularity.c:85 : GLPK is not available, Unimplemented function call
--- failed re-building ‘MMUPHin.Rmd’
SUMMARY: processing the following file failed:
‘MMUPHin.Rmd’
Error: Vignette re-building failed.
Execution halted