| Back to Multiple platform build/check report for BioC 3.13 |
|
This page was generated on 2021-10-15 15:05:44 -0400 (Fri, 15 Oct 2021).
|
To the developers/maintainers of the LOBSTAHS package: - Please allow up to 24 hours (and sometimes 48 hours) for your latest push to git@git.bioconductor.org:packages/LOBSTAHS.git to reflect on this report. See How and When does the builder pull? When will my changes propagate? here for more information. - Make sure to use the following settings in order to reproduce any error or warning you see on this page. |
| Package 995/2041 | Hostname | OS / Arch | INSTALL | BUILD | CHECK | BUILD BIN | ||||||||
| LOBSTAHS 1.18.1 (landing page) James Collins
| nebbiolo1 | Linux (Ubuntu 20.04.2 LTS) / x86_64 | OK | OK | WARNINGS | |||||||||
| tokay2 | Windows Server 2012 R2 Standard / x64 | OK | OK | WARNINGS | OK | |||||||||
| machv2 | macOS 10.14.6 Mojave / x86_64 | OK | OK | WARNINGS | OK | |||||||||
| Package: LOBSTAHS |
| Version: 1.18.1 |
| Command: /home/biocbuild/bbs-3.13-bioc/R/bin/R CMD check --install=check:LOBSTAHS.install-out.txt --library=/home/biocbuild/bbs-3.13-bioc/R/library --no-vignettes --timings LOBSTAHS_1.18.1.tar.gz |
| StartedAt: 2021-10-14 10:23:33 -0400 (Thu, 14 Oct 2021) |
| EndedAt: 2021-10-14 10:27:09 -0400 (Thu, 14 Oct 2021) |
| EllapsedTime: 215.7 seconds |
| RetCode: 0 |
| Status: WARNINGS |
| CheckDir: LOBSTAHS.Rcheck |
| Warnings: 1 |
##############################################################################
##############################################################################
###
### Running command:
###
### /home/biocbuild/bbs-3.13-bioc/R/bin/R CMD check --install=check:LOBSTAHS.install-out.txt --library=/home/biocbuild/bbs-3.13-bioc/R/library --no-vignettes --timings LOBSTAHS_1.18.1.tar.gz
###
##############################################################################
##############################################################################
* using log directory ‘/home/biocbuild/bbs-3.13-bioc/meat/LOBSTAHS.Rcheck’
* using R version 4.1.1 (2021-08-10)
* using platform: x86_64-pc-linux-gnu (64-bit)
* using session charset: UTF-8
* using option ‘--no-vignettes’
* checking for file ‘LOBSTAHS/DESCRIPTION’ ... OK
* this is package ‘LOBSTAHS’ version ‘1.18.1’
* checking package namespace information ... OK
* checking package dependencies ... OK
* checking if this is a source package ... OK
* checking if there is a namespace ... OK
* checking for hidden files and directories ... OK
* checking for portable file names ... OK
* checking for sufficient/correct file permissions ... OK
* checking whether package ‘LOBSTAHS’ can be installed ... WARNING
Found the following significant warnings:
Warning: multiple methods tables found for ‘polarity<-’
See ‘/home/biocbuild/bbs-3.13-bioc/meat/LOBSTAHS.Rcheck/00install.out’ for details.
* checking installed package size ... OK
* checking package directory ... OK
* checking ‘build’ directory ... OK
* checking DESCRIPTION meta-information ... OK
* checking top-level files ... OK
* checking for left-over files ... OK
* checking index information ... OK
* checking package subdirectories ... OK
* checking R files for non-ASCII characters ... OK
* checking R files for syntax errors ... OK
* checking whether the package can be loaded ... OK
* checking whether the package can be loaded with stated dependencies ... OK
* checking whether the package can be unloaded cleanly ... OK
* checking whether the namespace can be loaded with stated dependencies ... NOTE
Warning: multiple methods tables found for ‘polarity<-’
A namespace must be able to be loaded with just the base namespace
loaded: otherwise if the namespace gets loaded by a saved object, the
session will be unable to start.
Probably some imports need to be declared in the NAMESPACE file.
* checking whether the namespace can be unloaded cleanly ... OK
* checking dependencies in R code ... OK
* checking S3 generic/method consistency ... OK
* checking replacement functions ... OK
* checking foreign function calls ... OK
* checking R code for possible problems ... OK
* checking Rd files ... OK
* checking Rd metadata ... OK
* checking Rd cross-references ... OK
* checking for missing documentation entries ... OK
* checking for code/documentation mismatches ... OK
* checking Rd \usage sections ... OK
* checking Rd contents ... OK
* checking for unstated dependencies in examples ... OK
* checking contents of ‘data’ directory ... OK
* checking data for non-ASCII characters ... OK
* checking data for ASCII and uncompressed saves ... OK
* checking installed files from ‘inst/doc’ ... OK
* checking files in ‘vignettes’ ... OK
* checking examples ... OK
Examples with CPU (user + system) or elapsed time > 5s
user system elapsed
loadLOBdbase 5.371 0.112 5.483
* checking for unstated dependencies in vignettes ... OK
* checking package vignettes in ‘inst/doc’ ... OK
* checking running R code from vignettes ... SKIPPED
* checking re-building of vignette outputs ... SKIPPED
* checking PDF version of manual ... OK
* DONE
Status: 1 WARNING, 1 NOTE
See
‘/home/biocbuild/bbs-3.13-bioc/meat/LOBSTAHS.Rcheck/00check.log’
for details.
LOBSTAHS.Rcheck/00install.out
############################################################################## ############################################################################## ### ### Running command: ### ### /home/biocbuild/bbs-3.13-bioc/R/bin/R CMD INSTALL LOBSTAHS ### ############################################################################## ############################################################################## * installing to library ‘/home/biocbuild/bbs-3.13-bioc/R/library’ * installing *source* package ‘LOBSTAHS’ ... ** using staged installation ** R ** data ** inst ** byte-compile and prepare package for lazy loading Creating a new generic function for ‘polarity<-’ in package ‘LOBSTAHS’ ** help *** installing help indices ** building package indices ** installing vignettes ‘LOBSTAHS.Rmd’ using ‘UTF-8’ ** testing if installed package can be loaded from temporary location Warning: multiple methods tables found for ‘polarity<-’ ** testing if installed package can be loaded from final location Warning: multiple methods tables found for ‘polarity<-’ ** testing if installed package keeps a record of temporary installation path * DONE (LOBSTAHS)
LOBSTAHS.Rcheck/LOBSTAHS-Ex.timings
| name | user | system | elapsed | |
| LOBSet-class | 0.002 | 0.001 | 0.002 | |
| LOBSet | 0.002 | 0.000 | 0.001 | |
| LOBdbase-class | 0.002 | 0.000 | 0.001 | |
| LOBdbase | 0.002 | 0.000 | 0.001 | |
| doLOBscreen | 2.527 | 0.123 | 2.657 | |
| exportDBtoCSV | 1.429 | 0.056 | 1.485 | |
| extractLOBdbasedata | 0.420 | 0.028 | 0.448 | |
| generateLOBdbase | 0.001 | 0.000 | 0.001 | |
| getLOBpeaklist | 0.04 | 0.00 | 0.04 | |
| loadLOBdbase | 5.371 | 0.112 | 5.483 | |