| Back to Multiple platform build/check report for BioC 3.13 |
|
This page was generated on 2021-10-15 15:06:07 -0400 (Fri, 15 Oct 2021).
|
To the developers/maintainers of the HCABrowser package: - Please allow up to 24 hours (and sometimes 48 hours) for your latest push to git@git.bioconductor.org:packages/HCABrowser.git to reflect on this report. See How and When does the builder pull? When will my changes propagate? here for more information. - Make sure to use the following settings in order to reproduce any error or warning you see on this page. |
| Package 842/2041 | Hostname | OS / Arch | INSTALL | BUILD | CHECK | BUILD BIN | ||||||||
Bioconductor Package Maintainer
| nebbiolo1 | Linux (Ubuntu 20.04.2 LTS) / x86_64 | OK | ERROR | skipped | |||||||||
| tokay2 | Windows Server 2012 R2 Standard / x64 | OK | ERROR | skipped | skipped | |||||||||
| machv2 | macOS 10.14.6 Mojave / x86_64 | OK | ERROR | skipped | skipped | |||||||||
| Package: HCABrowser |
| Version: 1.8.0 |
| Command: chmod a+r HCABrowser -R && C:\Users\biocbuild\bbs-3.13-bioc\R\bin\R.exe CMD build --keep-empty-dirs --no-resave-data HCABrowser |
| StartedAt: 2021-10-14 14:49:55 -0400 (Thu, 14 Oct 2021) |
| EndedAt: 2021-10-14 14:50:29 -0400 (Thu, 14 Oct 2021) |
| EllapsedTime: 34.4 seconds |
| RetCode: 1 |
| Status: ERROR |
| PackageFile: None |
| PackageFileSize: NA |
##############################################################################
##############################################################################
###
### Running command:
###
### chmod a+r HCABrowser -R && C:\Users\biocbuild\bbs-3.13-bioc\R\bin\R.exe CMD build --keep-empty-dirs --no-resave-data HCABrowser
###
##############################################################################
##############################################################################
* checking for file 'HCABrowser/DESCRIPTION' ... OK
* preparing 'HCABrowser':
* checking DESCRIPTION meta-information ... OK
* installing the package to build vignettes
* creating vignettes ... ERROR
--- re-building 'HCABrowser.Rmd' using rmarkdown
Loading required package: dplyr
Attaching package: 'dplyr'
The following objects are masked from 'package:stats':
filter, lag
The following objects are masked from 'package:base':
intersect, setdiff, setequal, union
Loading required package: AnVIL
Warning: Package 'HCABrowser' is deprecated and will be removed from
Bioconductor version 3.14
Warning in open.connection(url0) :
InternetOpenUrl failed: 'The server name or address could not be resolved'
Quitting from lines 105-111 (HCABrowser.Rmd)
Error: processing vignette 'HCABrowser.Rmd' failed with diagnostics:
'url' does not appear to be JSON or YAML
--- failed re-building 'HCABrowser.Rmd'
SUMMARY: processing the following file failed:
'HCABrowser.Rmd'
Error: Vignette re-building failed.
Execution halted