| Back to Multiple platform build/check report for BioC 3.13 |
|
This page was generated on 2021-10-15 15:05:41 -0400 (Fri, 15 Oct 2021).
|
To the developers/maintainers of the GeneSelectMMD package: - Please allow up to 24 hours (and sometimes 48 hours) for your latest push to git@git.bioconductor.org:packages/GeneSelectMMD.git to reflect on this report. See How and When does the builder pull? When will my changes propagate? here for more information. - Make sure to use the following settings in order to reproduce any error or warning you see on this page. |
| Package 725/2041 | Hostname | OS / Arch | INSTALL | BUILD | CHECK | BUILD BIN | ||||||||
| GeneSelectMMD 2.36.0 (landing page) Weiliang Qiu
| nebbiolo1 | Linux (Ubuntu 20.04.2 LTS) / x86_64 | OK | OK | WARNINGS | |||||||||
| tokay2 | Windows Server 2012 R2 Standard / x64 | OK | OK | OK | OK | |||||||||
| machv2 | macOS 10.14.6 Mojave / x86_64 | OK | OK | WARNINGS | OK | |||||||||
| Package: GeneSelectMMD |
| Version: 2.36.0 |
| Command: /home/biocbuild/bbs-3.13-bioc/R/bin/R CMD check --install=check:GeneSelectMMD.install-out.txt --library=/home/biocbuild/bbs-3.13-bioc/R/library --no-vignettes --timings GeneSelectMMD_2.36.0.tar.gz |
| StartedAt: 2021-10-14 09:57:33 -0400 (Thu, 14 Oct 2021) |
| EndedAt: 2021-10-14 09:58:02 -0400 (Thu, 14 Oct 2021) |
| EllapsedTime: 29.6 seconds |
| RetCode: 0 |
| Status: WARNINGS |
| CheckDir: GeneSelectMMD.Rcheck |
| Warnings: 1 |
##############################################################################
##############################################################################
###
### Running command:
###
### /home/biocbuild/bbs-3.13-bioc/R/bin/R CMD check --install=check:GeneSelectMMD.install-out.txt --library=/home/biocbuild/bbs-3.13-bioc/R/library --no-vignettes --timings GeneSelectMMD_2.36.0.tar.gz
###
##############################################################################
##############################################################################
* using log directory ‘/home/biocbuild/bbs-3.13-bioc/meat/GeneSelectMMD.Rcheck’
* using R version 4.1.1 (2021-08-10)
* using platform: x86_64-pc-linux-gnu (64-bit)
* using session charset: UTF-8
* using option ‘--no-vignettes’
* checking for file ‘GeneSelectMMD/DESCRIPTION’ ... OK
* checking extension type ... Package
* this is package ‘GeneSelectMMD’ version ‘2.36.0’
* checking package namespace information ... OK
* checking package dependencies ... OK
* checking if this is a source package ... OK
* checking if there is a namespace ... OK
* checking for hidden files and directories ... OK
* checking for portable file names ... OK
* checking for sufficient/correct file permissions ... OK
* checking whether package ‘GeneSelectMMD’ can be installed ... OK
* checking installed package size ... OK
* checking package directory ... OK
* checking ‘build’ directory ... OK
* checking DESCRIPTION meta-information ... OK
* checking top-level files ... OK
* checking for left-over files ... OK
* checking index information ... OK
* checking package subdirectories ... OK
* checking R files for non-ASCII characters ... OK
* checking R files for syntax errors ... OK
* checking whether the package can be loaded ... OK
* checking whether the package can be loaded with stated dependencies ... OK
* checking whether the package can be unloaded cleanly ... OK
* checking whether the namespace can be loaded with stated dependencies ... OK
* checking whether the namespace can be unloaded cleanly ... OK
* checking dependencies in R code ... OK
* checking S3 generic/method consistency ... OK
* checking replacement functions ... OK
* checking foreign function calls ... OK
* checking R code for possible problems ... OK
* checking Rd files ... OK
* checking Rd metadata ... OK
* checking Rd cross-references ... OK
* checking for missing documentation entries ... OK
* checking for code/documentation mismatches ... OK
* checking Rd \usage sections ... OK
* checking Rd contents ... OK
* checking for unstated dependencies in examples ... OK
* checking line endings in C/C++/Fortran sources/headers ... OK
* checking compiled code ... WARNING
Note: information on .o files is not available
File ‘/home/biocbuild/bbs-3.13-bioc/R/library/GeneSelectMMD/libs/GeneSelectMMD.so’:
Found ‘_gfortran_st_open’, possibly from ‘open’ (Fortran)
Found ‘_gfortran_st_write’, possibly from ‘write’ (Fortran), ‘print’
(Fortran)
Compiled code should not call entry points which might terminate R nor
write to stdout/stderr instead of to the console, nor use Fortran I/O
nor system RNGs. The detected symbols are linked into the code but
might come from libraries and not actually be called.
See ‘Writing portable packages’ in the ‘Writing R Extensions’ manual.
* checking files in ‘vignettes’ ... OK
* checking examples ... OK
* checking for unstated dependencies in vignettes ... OK
* checking package vignettes in ‘inst/doc’ ... OK
* checking running R code from vignettes ... SKIPPED
* checking re-building of vignette outputs ... SKIPPED
* checking PDF version of manual ... OK
* DONE
Status: 1 WARNING
See
‘/home/biocbuild/bbs-3.13-bioc/meat/GeneSelectMMD.Rcheck/00check.log’
for details.
GeneSelectMMD.Rcheck/00install.out
##############################################################################
##############################################################################
###
### Running command:
###
### /home/biocbuild/bbs-3.13-bioc/R/bin/R CMD INSTALL GeneSelectMMD
###
##############################################################################
##############################################################################
* installing to library ‘/home/biocbuild/bbs-3.13-bioc/R/library’
* installing *source* package ‘GeneSelectMMD’ ...
** using staged installation
** libs
gcc -I"/home/biocbuild/bbs-3.13-bioc/R/include" -DNDEBUG -I/usr/local/include -fpic -g -O2 -Wall -c GeneSelectMMD_init.c -o GeneSelectMMD_init.o
gfortran -fno-optimize-sibling-calls -fpic -g -O2 -Wall -c Qfunc.f -o Qfunc.o
gfortran -fno-optimize-sibling-calls -fpic -g -O2 -Wall -c blas.f -o blas.o
gcc -I"/home/biocbuild/bbs-3.13-bioc/R/include" -DNDEBUG -I/usr/local/include -fpic -g -O2 -Wall -c isnan.c -o isnan.o
gfortran -fno-optimize-sibling-calls -fpic -g -O2 -Wall -c lbfgsb.f -o lbfgsb.o
lbfgsb.f:1409:0:
1409 | + tu,tl,wmc,wmp,wmw,ddot,tj,tj0,neggi,sbgnrm,
|
Warning: ‘tu’ may be used uninitialized in this function [-Wmaybe-uninitialized]
lbfgsb.f:1482:0:
1482 | t(nbreak) = tl/(-neggi)
|
Warning: ‘tl’ may be used uninitialized in this function [-Wmaybe-uninitialized]
gfortran -fno-optimize-sibling-calls -fpic -g -O2 -Wall -c lbfgsbDriver.f -o lbfgsbDriver.o
gfortran -fno-optimize-sibling-calls -fpic -g -O2 -Wall -c linpack.f -o linpack.o
gfortran -fno-optimize-sibling-calls -fpic -g -O2 -Wall -c llkhFun.f -o llkhFun.o
gfortran -fno-optimize-sibling-calls -fpic -g -O2 -Wall -c myTtest.f -o myTtest.o
gfortran -fno-optimize-sibling-calls -fpic -g -O2 -Wall -c paraEstLoop.f -o paraEstLoop.o
gcc -I"/home/biocbuild/bbs-3.13-bioc/R/include" -DNDEBUG -I/usr/local/include -fpic -g -O2 -Wall -c pt.c -o pt.o
gfortran -fno-optimize-sibling-calls -fpic -g -O2 -Wall -c timer.f -o timer.o
gfortran -fno-optimize-sibling-calls -fpic -g -O2 -Wall -c wiFun.f -o wiFun.o
gcc -shared -L/home/biocbuild/bbs-3.13-bioc/R/lib -L/usr/local/lib -o GeneSelectMMD.so GeneSelectMMD_init.o Qfunc.o blas.o isnan.o lbfgsb.o lbfgsbDriver.o linpack.o llkhFun.o myTtest.o paraEstLoop.o pt.o timer.o wiFun.o -lgfortran -lm -lquadmath -L/home/biocbuild/bbs-3.13-bioc/R/lib -lR
installing to /home/biocbuild/bbs-3.13-bioc/R/library/00LOCK-GeneSelectMMD/00new/GeneSelectMMD/libs
** R
** byte-compile and prepare package for lazy loading
** help
*** installing help indices
** building package indices
** installing vignettes
** testing if installed package can be loaded from temporary location
** checking absolute paths in shared objects and dynamic libraries
** testing if installed package can be loaded from final location
** testing if installed package keeps a record of temporary installation path
* DONE (GeneSelectMMD)
GeneSelectMMD.Rcheck/GeneSelectMMD-Ex.timings
| name | user | system | elapsed | |
| errRates | 0 | 0 | 0 | |
| gsMMD | 1.255 | 0.052 | 1.308 | |
| gsMMD.default | 0.000 | 0.000 | 0.001 | |
| gsMMD2 | 0.001 | 0.000 | 0.001 | |
| gsMMD2.default | 0 | 0 | 0 | |
| plotHistDensity | 0.000 | 0.001 | 0.001 | |