| Back to Multiple platform build/check report for BioC 3.13 |
|
This page was generated on 2021-10-15 15:06:35 -0400 (Fri, 15 Oct 2021).
|
To the developers/maintainers of the FindMyFriends package: - Please allow up to 24 hours (and sometimes 48 hours) for your latest push to git@git.bioconductor.org:packages/FindMyFriends.git to reflect on this report. See How and When does the builder pull? When will my changes propagate? here for more information. - Make sure to use the following settings in order to reproduce any error or warning you see on this page. |
| Package 634/2041 | Hostname | OS / Arch | INSTALL | BUILD | CHECK | BUILD BIN | ||||||||
| FindMyFriends 1.22.0 (landing page) Thomas Lin Pedersen
| nebbiolo1 | Linux (Ubuntu 20.04.2 LTS) / x86_64 | OK | OK | WARNINGS | |||||||||
| tokay2 | Windows Server 2012 R2 Standard / x64 | OK | ERROR | skipped | skipped | |||||||||
| machv2 | macOS 10.14.6 Mojave / x86_64 | OK | OK | WARNINGS | OK | |||||||||
| Package: FindMyFriends |
| Version: 1.22.0 |
| Command: /Library/Frameworks/R.framework/Versions/Current/Resources/bin/R CMD check --install=check:FindMyFriends.install-out.txt --library=/Library/Frameworks/R.framework/Versions/Current/Resources/library --no-vignettes --timings FindMyFriends_1.22.0.tar.gz |
| StartedAt: 2021-10-14 19:04:01 -0400 (Thu, 14 Oct 2021) |
| EndedAt: 2021-10-14 19:13:46 -0400 (Thu, 14 Oct 2021) |
| EllapsedTime: 585.3 seconds |
| RetCode: 0 |
| Status: WARNINGS |
| CheckDir: FindMyFriends.Rcheck |
| Warnings: 1 |
##############################################################################
##############################################################################
###
### Running command:
###
### /Library/Frameworks/R.framework/Versions/Current/Resources/bin/R CMD check --install=check:FindMyFriends.install-out.txt --library=/Library/Frameworks/R.framework/Versions/Current/Resources/library --no-vignettes --timings FindMyFriends_1.22.0.tar.gz
###
##############################################################################
##############################################################################
* using log directory ‘/Users/biocbuild/bbs-3.13-bioc/meat/FindMyFriends.Rcheck’
* using R version 4.1.1 (2021-08-10)
* using platform: x86_64-apple-darwin17.0 (64-bit)
* using session charset: UTF-8
* using option ‘--no-vignettes’
* checking for file ‘FindMyFriends/DESCRIPTION’ ... OK
* checking extension type ... Package
* this is package ‘FindMyFriends’ version ‘1.22.0’
* package encoding: UTF-8
* checking package namespace information ... OK
* checking package dependencies ... OK
* checking if this is a source package ... OK
* checking if there is a namespace ... OK
* checking for hidden files and directories ... NOTE
Found the following hidden files and directories:
.git_fetch_output.txt
.git_merge_output.txt
These were most likely included in error. See section ‘Package
structure’ in the ‘Writing R Extensions’ manual.
* checking for portable file names ... OK
* checking for sufficient/correct file permissions ... OK
* checking whether package ‘FindMyFriends’ can be installed ... OK
* checking installed package size ... OK
* checking package directory ... OK
* checking ‘build’ directory ... OK
* checking DESCRIPTION meta-information ... OK
* checking top-level files ... OK
* checking for left-over files ... OK
* checking index information ... OK
* checking package subdirectories ... OK
* checking R files for non-ASCII characters ... OK
* checking R files for syntax errors ... OK
* checking whether the package can be loaded ... OK
* checking whether the package can be loaded with stated dependencies ... OK
* checking whether the package can be unloaded cleanly ... OK
* checking whether the namespace can be loaded with stated dependencies ... OK
* checking whether the namespace can be unloaded cleanly ... OK
* checking dependencies in R code ... NOTE
Unexported objects imported by ':::' calls:
‘gtable:::compare_unit’ ‘gtable:::insert.unit’
‘gtable:::z_arrange_gtables’
See the note in ?`:::` about the use of this operator.
* checking S3 generic/method consistency ... OK
* checking replacement functions ... OK
* checking foreign function calls ... OK
* checking R code for possible problems ... OK
* checking Rd files ... OK
* checking Rd metadata ... OK
* checking Rd cross-references ... OK
* checking for missing documentation entries ... OK
* checking for code/documentation mismatches ... WARNING
Functions or methods with usage in documentation object 'pgVirtual-class' but not in code:
‘as’
* checking Rd \usage sections ... OK
* checking Rd contents ... OK
* checking for unstated dependencies in examples ... OK
* checking line endings in C/C++/Fortran sources/headers ... OK
* checking compiled code ... NOTE
Note: information on .o files is not available
* checking files in ‘vignettes’ ... OK
* checking examples ... OK
Examples with CPU (user + system) or elapsed time > 5s
user system elapsed
groupStat 9.196 0.589 9.881
kmerLink 5.548 0.059 5.613
* checking for unstated dependencies in ‘tests’ ... OK
* checking tests ...
Running ‘testthat.R’
OK
* checking for unstated dependencies in vignettes ... OK
* checking package vignettes in ‘inst/doc’ ... OK
* checking running R code from vignettes ... SKIPPED
* checking re-building of vignette outputs ... SKIPPED
* checking PDF version of manual ... OK
* DONE
Status: 1 WARNING, 3 NOTEs
See
‘/Users/biocbuild/bbs-3.13-bioc/meat/FindMyFriends.Rcheck/00check.log’
for details.
FindMyFriends.Rcheck/00install.out
##############################################################################
##############################################################################
###
### Running command:
###
### /Library/Frameworks/R.framework/Versions/Current/Resources/bin/R CMD INSTALL FindMyFriends
###
##############################################################################
##############################################################################
* installing to library ‘/Library/Frameworks/R.framework/Versions/4.1/Resources/library’
* installing *source* package ‘FindMyFriends’ ...
** using staged installation
** libs
clang++ -mmacosx-version-min=10.13 -std=gnu++14 -I"/Library/Frameworks/R.framework/Resources/include" -DNDEBUG -I'/Library/Frameworks/R.framework/Versions/4.1/Resources/library/Rcpp/include' -I/usr/local/include -fPIC -Wall -g -O2 -c RcppExports.cpp -o RcppExports.o
clang++ -mmacosx-version-min=10.13 -std=gnu++14 -I"/Library/Frameworks/R.framework/Resources/include" -DNDEBUG -I'/Library/Frameworks/R.framework/Versions/4.1/Resources/library/Rcpp/include' -I/usr/local/include -fPIC -Wall -g -O2 -c cdhit-bombs.cpp -o cdhit-bombs.o
clang++ -mmacosx-version-min=10.13 -std=gnu++14 -I"/Library/Frameworks/R.framework/Resources/include" -DNDEBUG -I'/Library/Frameworks/R.framework/Versions/4.1/Resources/library/Rcpp/include' -I/usr/local/include -fPIC -Wall -g -O2 -c cdhit-common.cpp -o cdhit-common.o
cdhit-common.cpp:341:9: warning: unused variable 'tm' [-Wunused-variable]
time_t tm = time(NULL);
^
cdhit-common.cpp:394:14: warning: unused variable 'message' [-Wunused-variable]
const char *message = "Your word length is %i, using %i may be faster!\n";
^
cdhit-common.cpp:517:8: warning: unused variable 'bip' [-Wunused-variable]
INTs *bip;
^
cdhit-common.cpp:866:8: warning: unused variable 's1' [-Wunused-variable]
int s1, k0, back;
^
cdhit-common.cpp:866:12: warning: unused variable 'k0' [-Wunused-variable]
int s1, k0, back;
^
cdhit-common.cpp:917:14: warning: unused variable 'letters' [-Wunused-variable]
const char *letters = "acgtnx";
^
cdhit-common.cpp:918:14: warning: unused variable 'letters2' [-Wunused-variable]
const char *letters2 = "ACGTNX";
^
cdhit-common.cpp:778:6: warning: unused variable 'iden_no1' [-Wunused-variable]
int iden_no1;
^
cdhit-common.cpp:777:6: warning: unused variable 'jj' [-Wunused-variable]
int jj, kk;
^
cdhit-common.cpp:777:10: warning: unused variable 'kk' [-Wunused-variable]
int jj, kk;
^
cdhit-common.cpp:1200:6: warning: unused variable 'i' [-Wunused-variable]
int i;
^
cdhit-common.cpp:1419:6: warning: unused variable 'ix1' [-Wunused-variable]
int ix1, ix2, ix3, ix4;
^
cdhit-common.cpp:1417:6: warning: unused variable 'S' [-Wunused-variable]
int S = frag_count ? frag_count : sequences.size();
^
cdhit-common.cpp:1419:11: warning: unused variable 'ix2' [-Wunused-variable]
int ix1, ix2, ix3, ix4;
^
cdhit-common.cpp:1419:16: warning: unused variable 'ix3' [-Wunused-variable]
int ix1, ix2, ix3, ix4;
^
cdhit-common.cpp:1419:21: warning: unused variable 'ix4' [-Wunused-variable]
int ix1, ix2, ix3, ix4;
^
cdhit-common.cpp:1418:25: warning: unused variable 'm' [-Wunused-variable]
int j, k, j0, j1, k1, m;
^
cdhit-common.cpp:1469:6: warning: unused variable 'i' [-Wunused-variable]
int i;
^
cdhit-common.cpp:1511:6: warning: unused variable 'i' [-Wunused-variable]
int i, m = size, n = strlen( s );
^
cdhit-common.cpp:1517:6: warning: unused variable 'i' [-Wunused-variable]
int i, m = size < n ? size : n;
^
cdhit-common.cpp:1533:6: warning: unused variable 'i' [-Wunused-variable]
int i, m = size < n ? size : n;
^
cdhit-common.cpp:1622:12: warning: unused variable 'last' [-Wunused-variable]
Sequence *last = NULL;
^
cdhit-common.cpp:1755:9: warning: unused variable 'j' [-Wunused-variable]
int i, j, k, len;
^
cdhit-common.cpp:1755:12: warning: unused variable 'k' [-Wunused-variable]
int i, j, k, len;
^
cdhit-common.cpp:1944:12: warning: unused variable 'k' [-Wunused-variable]
int i, k, N = sequences.size();
^
cdhit-common.cpp:2098:7: warning: unused variable 'k' [-Wunused-variable]
int k = len_eff < invd ? len_eff : invd;
^
cdhit-common.cpp:2103:7: warning: unused variable 'ks3' [-Wunused-variable]
int ks3 = int((len_eff - band + 1.0)*(1.0 - options.distance_thd * ss));
^
cdhit-common.cpp:2104:7: warning: unused variable 'kn3' [-Wunused-variable]
int kn3 = int((len_eff - band + 1.0)*(1.0 - options.distance_thd * NAA));
^
cdhit-common.cpp:2255:7: warning: unused variable 'size' [-Wunused-variable]
int size = rep_seqs.size();
^
cdhit-common.cpp:2337:6: warning: unused variable 'len' [-Wunused-variable]
int len, len_bound;
^
cdhit-common.cpp:2337:11: warning: unused variable 'len_bound' [-Wunused-variable]
int len, len_bound;
^
cdhit-common.cpp:2365:6: warning: unused variable 'K' [-Wunused-variable]
int K = N - 100 * T;
^
cdhit-common.cpp:2367:9: warning: unused variable 'mem_limit' [-Wunused-variable]
size_t mem_limit = MemoryLimit( mem_need, options );
^
cdhit-common.cpp:2329:9: warning: unused variable 'j' [-Wunused-variable]
int i, j, k;
^
cdhit-common.cpp:2338:6: warning: unused variable 'flag' [-Wunused-variable]
int flag;
^
cdhit-common.cpp:2536:17: warning: unused variable 'aap_list' [-Wunused-variable]
Vector<INTs> & aap_list = buf.aap_list;
^
cdhit-common.cpp:2537:17: warning: unused variable 'aap_begin' [-Wunused-variable]
Vector<INTs> & aap_begin = buf.aap_begin;
^
cdhit-common.cpp:2545:6: warning: unused variable 'j' [-Wunused-variable]
int j, k, j1, len = seq->size;
^
cdhit-common.cpp:2589:6: warning: unused variable 'best1' [-Wunused-variable]
int best1, sum;
^
cdhit-common.cpp:2590:8: warning: unused variable 'lookptr' [-Wunused-variable]
INTs *lookptr;
^
cdhit-common.cpp:2579:6: warning: unused variable 'M' [-Wunused-variable]
int M = frag_size ? table.frag_count : S;
^
cdhit-common.cpp:2539:17: warning: unused variable 'taap' [-Wunused-variable]
Vector<int> & taap = buf.taap;
^
cdhit-common.cpp:2699:17: warning: unused variable 'aap_list' [-Wunused-variable]
Vector<INTs> & aap_list = buf.aap_list;
^
cdhit-common.cpp:2702:17: warning: unused variable 'taap' [-Wunused-variable]
Vector<int> & taap = buf.taap;
^
cdhit-common.cpp:2700:17: warning: unused variable 'aap_begin' [-Wunused-variable]
Vector<INTs> & aap_begin = buf.aap_begin;
^
cdhit-common.cpp:2876:55: warning: unused variable 'required_aa1' [-Wunused-variable]
int band_width1, band_left, band_center, band_right, required_aa1;
^
cdhit-common.cpp:3024:9: warning: unused variable 'p0' [-Wunused-variable]
float p0 = 0;
^
cdhit-common.cpp:2979:14: warning: unused variable 'mega' [-Wunused-variable]
size_t mem, mega = 1000000;
^
cdhit-common.cpp:2978:9: warning: unused variable 'mem_limit' [-Wunused-variable]
size_t mem_limit = MemoryLimit( mem_need, options );
^
cdhit-common.cpp:2950:6: warning: unused variable 'flag' [-Wunused-variable]
int flag;
^
cdhit-common.cpp:2979:9: warning: unused variable 'mem' [-Wunused-variable]
size_t mem, mega = 1000000;
^
cdhit-common.cpp:2949:11: warning: unused variable 'len_bound' [-Wunused-variable]
int len, len_bound;
^
cdhit-common.cpp:2949:6: warning: unused variable 'len' [-Wunused-variable]
int len, len_bound;
^
cdhit-common.cpp:3145:11: warning: unused variable 'seqi' [-Wunused-variable]
char *seqi = seq->data;
^
cdhit-common.cpp:3097:9: warning: unused variable 'mem_limit' [-Wunused-variable]
size_t mem_limit = MemoryLimit( mem_need, options );
^
cdhit-common.cpp:3063:9: warning: unused variable 'is' [-Wunused-variable]
int i, is, js, flag;
^
cdhit-common.cpp:3063:13: warning: unused variable 'js' [-Wunused-variable]
int i, is, js, flag;
^
cdhit-common.cpp:61:12: warning: unused variable 'aa' [-Wunused-const-variable]
const char aa[] = {"ARNDCQEGHILKMFPSTWYVBZX"};
^
58 warnings generated.
clang++ -mmacosx-version-min=10.13 -std=gnu++14 -I"/Library/Frameworks/R.framework/Resources/include" -DNDEBUG -I'/Library/Frameworks/R.framework/Versions/4.1/Resources/library/Rcpp/include' -I/usr/local/include -fPIC -Wall -g -O2 -c cdhit-est.cpp -o cdhit-est.o
clang++ -mmacosx-version-min=10.13 -std=gnu++14 -I"/Library/Frameworks/R.framework/Resources/include" -DNDEBUG -I'/Library/Frameworks/R.framework/Versions/4.1/Resources/library/Rcpp/include' -I/usr/local/include -fPIC -Wall -g -O2 -c cdhit.cpp -o cdhit.o
clang++ -mmacosx-version-min=10.13 -std=gnu++14 -I"/Library/Frameworks/R.framework/Resources/include" -DNDEBUG -I'/Library/Frameworks/R.framework/Versions/4.1/Resources/library/Rcpp/include' -I/usr/local/include -fPIC -Wall -g -O2 -c fastaFunctions.cpp -o fastaFunctions.o
clang++ -mmacosx-version-min=10.13 -std=gnu++14 -I"/Library/Frameworks/R.framework/Resources/include" -DNDEBUG -I'/Library/Frameworks/R.framework/Versions/4.1/Resources/library/Rcpp/include' -I/usr/local/include -fPIC -Wall -g -O2 -c fmf-common.cpp -o fmf-common.o
clang++ -mmacosx-version-min=10.13 -std=gnu++14 -I"/Library/Frameworks/R.framework/Resources/include" -DNDEBUG -I'/Library/Frameworks/R.framework/Versions/4.1/Resources/library/Rcpp/include' -I/usr/local/include -fPIC -Wall -g -O2 -c linearKernel.cpp -o linearKernel.o
clang++ -mmacosx-version-min=10.13 -std=gnu++14 -I"/Library/Frameworks/R.framework/Resources/include" -DNDEBUG -I'/Library/Frameworks/R.framework/Versions/4.1/Resources/library/Rcpp/include' -I/usr/local/include -fPIC -Wall -g -O2 -c neighborhoodSim.cpp -o neighborhoodSim.o
neighborhoodSim.cpp:432:9: warning: unused variable 'maxO' [-Wunused-variable]
int maxO = 0;
^
1 warning generated.
clang++ -mmacosx-version-min=10.13 -std=gnu++14 -I"/Library/Frameworks/R.framework/Resources/include" -DNDEBUG -I'/Library/Frameworks/R.framework/Versions/4.1/Resources/library/Rcpp/include' -I/usr/local/include -fPIC -Wall -g -O2 -c panSim.cpp -o panSim.o
panSim.cpp:20:9: warning: unused variable 'jVal' [-Wunused-variable]
int jVal;
^
panSim.cpp:16:9: warning: unused variable 'k' [-Wunused-variable]
int k;
^
panSim.cpp:19:9: warning: unused variable 'iVal' [-Wunused-variable]
int iVal;
^
3 warnings generated.
clang++ -mmacosx-version-min=10.13 -std=gnu++14 -I"/Library/Frameworks/R.framework/Resources/include" -DNDEBUG -I'/Library/Frameworks/R.framework/Versions/4.1/Resources/library/Rcpp/include' -I/usr/local/include -fPIC -Wall -g -O2 -c progress.cpp -o progress.o
clang++ -mmacosx-version-min=10.13 -std=gnu++14 -I"/Library/Frameworks/R.framework/Resources/include" -DNDEBUG -I'/Library/Frameworks/R.framework/Versions/4.1/Resources/library/Rcpp/include' -I/usr/local/include -fPIC -Wall -g -O2 -c smallgraph.cpp -o smallgraph.o
smallgraph.cpp:28:32: warning: unused variable 'itvec' [-Wunused-variable]
std::vector<int>::iterator itvec;
^
1 warning generated.
clang++ -mmacosx-version-min=10.13 -std=gnu++14 -dynamiclib -Wl,-headerpad_max_install_names -undefined dynamic_lookup -single_module -multiply_defined suppress -L/Library/Frameworks/R.framework/Resources/lib -L/usr/local/lib -o FindMyFriends.so RcppExports.o cdhit-bombs.o cdhit-common.o cdhit-est.o cdhit.o fastaFunctions.o fmf-common.o linearKernel.o neighborhoodSim.o panSim.o progress.o smallgraph.o -F/Library/Frameworks/R.framework/.. -framework R -Wl,-framework -Wl,CoreFoundation
installing to /Library/Frameworks/R.framework/Versions/4.1/Resources/library/00LOCK-FindMyFriends/00new/FindMyFriends/libs
** R
** inst
** byte-compile and prepare package for lazy loading
** help
*** installing help indices
** building package indices
** installing vignettes
** testing if installed package can be loaded from temporary location
** checking absolute paths in shared objects and dynamic libraries
** testing if installed package can be loaded from final location
** testing if installed package keeps a record of temporary installation path
* DONE (FindMyFriends)
FindMyFriends.Rcheck/tests/testthat.Rout
R version 4.1.1 (2021-08-10) -- "Kick Things"
Copyright (C) 2021 The R Foundation for Statistical Computing
Platform: x86_64-apple-darwin17.0 (64-bit)
R is free software and comes with ABSOLUTELY NO WARRANTY.
You are welcome to redistribute it under certain conditions.
Type 'license()' or 'licence()' for distribution details.
R is a collaborative project with many contributors.
Type 'contributors()' for more information and
'citation()' on how to cite R or R packages in publications.
Type 'demo()' for some demos, 'help()' for on-line help, or
'help.start()' for an HTML browser interface to help.
Type 'q()' to quit R.
> library(testthat)
> library(FindMyFriends)
>
> test_check("FindMyFriends")
══ Skipped tests ═══════════════════════════════════════════════════════════════
• empty test (1)
[ FAIL 0 | WARN 39 | SKIP 1 | PASS 295 ]
>
> proc.time()
user system elapsed
335.817 3.284 339.427
FindMyFriends.Rcheck/FindMyFriends-Ex.timings
| name | user | system | elapsed | |
| addGenomes | 0.702 | 0.092 | 0.798 | |
| addGroupInfo | 0.226 | 0.042 | 0.269 | |
| addOrgInfo | 0.096 | 0.026 | 0.122 | |
| cdhitGrouping | 4.159 | 0.258 | 4.422 | |
| collapseParalogues | 1.366 | 0.089 | 1.455 | |
| defaults | 0.075 | 0.026 | 0.101 | |
| fillDefaults | 0.004 | 0.001 | 0.005 | |
| geneLocation | 0.268 | 0.029 | 0.297 | |
| geneNames | 0.084 | 0.025 | 0.108 | |
| geneWidth | 0.075 | 0.025 | 0.100 | |
| genes | 0.573 | 0.037 | 0.611 | |
| getNeighborhood | 0.481 | 0.036 | 0.518 | |
| getRep | 0.199 | 0.034 | 0.233 | |
| gpcGrouping | 0.087 | 0.030 | 0.116 | |
| graphGrouping | 0.069 | 0.020 | 0.088 | |
| groupInfo | 0.10 | 0.03 | 0.13 | |
| groupNames | 0.105 | 0.032 | 0.137 | |
| groupStat | 9.196 | 0.589 | 9.881 | |
| hasGeneGroups | 0.157 | 0.043 | 0.199 | |
| hasGeneInfo | 0.321 | 0.049 | 0.370 | |
| hasParalogueLinks | 0.199 | 0.049 | 0.288 | |
| kmerLink | 5.548 | 0.059 | 5.613 | |
| kmerSimilarity | 0.063 | 0.016 | 0.078 | |
| kmerSplit | 0.158 | 0.017 | 0.176 | |
| loadPgExample | 0.752 | 0.109 | 0.862 | |
| manualGrouping | 0.088 | 0.021 | 0.109 | |
| nGeneGroups | 0.099 | 0.020 | 0.120 | |
| nGenes | 0.075 | 0.019 | 0.095 | |
| nOrganisms | 0.080 | 0.022 | 0.102 | |
| neighborhoodSplit | 0.223 | 0.021 | 0.243 | |
| orgInfo | 0.113 | 0.022 | 0.135 | |
| orgNames | 0.072 | 0.021 | 0.092 | |
| orgStat | 0.138 | 0.024 | 0.162 | |
| pangenome | 0.977 | 0.055 | 1.033 | |
| pcGraph | 0.383 | 0.026 | 0.410 | |
| pgMatrix | 0.100 | 0.018 | 0.119 | |
| plotEvolution | 1.114 | 0.031 | 1.146 | |
| plotGroup | 0.210 | 0.024 | 0.236 | |
| plotNeighborhood | 0.371 | 0.029 | 0.405 | |
| plotSimilarity | 1.685 | 0.042 | 1.731 | |
| plotStat | 0.493 | 0.017 | 0.510 | |
| plotTree | 0.574 | 0.033 | 0.608 | |
| readAnnot | 3.803 | 0.125 | 3.990 | |
| removeGene | 0.233 | 0.029 | 0.262 | |
| reportGroupChanges | 0.001 | 0.000 | 0.001 | |
| seqToGeneGroup | 0.124 | 0.022 | 0.146 | |
| seqToOrg | 0.090 | 0.023 | 0.114 | |
| translated | 0.083 | 0.020 | 0.104 | |
| variableRegions | 0.242 | 0.023 | 0.265 | |