| Back to Multiple platform build/check report for BioC 3.13 |
|
This page was generated on 2021-10-15 15:05:37 -0400 (Fri, 15 Oct 2021).
|
To the developers/maintainers of the CellaRepertorium package: - Please allow up to 24 hours (and sometimes 48 hours) for your latest push to git@git.bioconductor.org:packages/CellaRepertorium.git to reflect on this report. See How and When does the builder pull? When will my changes propagate? here for more information. - Make sure to use the following settings in order to reproduce any error or warning you see on this page. |
| Package 257/2041 | Hostname | OS / Arch | INSTALL | BUILD | CHECK | BUILD BIN | ||||||||
| CellaRepertorium 1.2.0 (landing page) Andrew McDavid
| nebbiolo1 | Linux (Ubuntu 20.04.2 LTS) / x86_64 | OK | OK | WARNINGS | |||||||||
| tokay2 | Windows Server 2012 R2 Standard / x64 | OK | OK | WARNINGS | OK | |||||||||
| machv2 | macOS 10.14.6 Mojave / x86_64 | OK | OK | WARNINGS | OK | |||||||||
| Package: CellaRepertorium |
| Version: 1.2.0 |
| Command: /home/biocbuild/bbs-3.13-bioc/R/bin/R CMD check --install=check:CellaRepertorium.install-out.txt --library=/home/biocbuild/bbs-3.13-bioc/R/library --no-vignettes --timings CellaRepertorium_1.2.0.tar.gz |
| StartedAt: 2021-10-14 09:10:00 -0400 (Thu, 14 Oct 2021) |
| EndedAt: 2021-10-14 09:12:03 -0400 (Thu, 14 Oct 2021) |
| EllapsedTime: 122.5 seconds |
| RetCode: 0 |
| Status: WARNINGS |
| CheckDir: CellaRepertorium.Rcheck |
| Warnings: 1 |
############################################################################## ############################################################################## ### ### Running command: ### ### /home/biocbuild/bbs-3.13-bioc/R/bin/R CMD check --install=check:CellaRepertorium.install-out.txt --library=/home/biocbuild/bbs-3.13-bioc/R/library --no-vignettes --timings CellaRepertorium_1.2.0.tar.gz ### ############################################################################## ############################################################################## * using log directory ‘/home/biocbuild/bbs-3.13-bioc/meat/CellaRepertorium.Rcheck’ * using R version 4.1.1 (2021-08-10) * using platform: x86_64-pc-linux-gnu (64-bit) * using session charset: UTF-8 * using option ‘--no-vignettes’ * checking for file ‘CellaRepertorium/DESCRIPTION’ ... OK * checking extension type ... Package * this is package ‘CellaRepertorium’ version ‘1.2.0’ * package encoding: UTF-8 * checking package namespace information ... OK * checking package dependencies ... OK * checking if this is a source package ... OK * checking if there is a namespace ... OK * checking for hidden files and directories ... OK * checking for portable file names ... OK * checking for sufficient/correct file permissions ... OK * checking whether package ‘CellaRepertorium’ can be installed ... OK * checking installed package size ... OK * checking package directory ... OK * checking ‘build’ directory ... OK * checking DESCRIPTION meta-information ... OK * checking top-level files ... OK * checking for left-over files ... OK * checking index information ... OK * checking package subdirectories ... OK * checking R files for non-ASCII characters ... OK * checking R files for syntax errors ... OK * checking whether the package can be loaded ... OK * checking whether the package can be loaded with stated dependencies ... OK * checking whether the package can be unloaded cleanly ... OK * checking whether the namespace can be loaded with stated dependencies ... OK * checking whether the namespace can be unloaded cleanly ... OK * checking dependencies in R code ... OK * checking S3 generic/method consistency ... OK * checking replacement functions ... OK * checking foreign function calls ... OK * checking R code for possible problems ... NOTE cross_tab_tbl: no visible binding for global variable ‘.’ cross_tab_tbl: no visible binding for global variable ‘x_key__’ fancy_name_contigs: no visible binding for global variable ‘.’ pairing_tables: no visible binding for global variable ‘.’ Undefined global functions or variables: . x_key__ * checking Rd files ... OK * checking Rd metadata ... OK * checking Rd cross-references ... OK * checking for missing documentation entries ... WARNING Undocumented code objects: ‘cross_tab_tbl’ All user-level objects in a package should have documentation entries. See chapter ‘Writing R documentation files’ in the ‘Writing R Extensions’ manual. * checking for code/documentation mismatches ... OK * checking Rd \usage sections ... OK * checking Rd contents ... OK * checking for unstated dependencies in examples ... OK * checking contents of ‘data’ directory ... OK * checking data for non-ASCII characters ... OK * checking data for ASCII and uncompressed saves ... OK * checking line endings in C/C++/Fortran sources/headers ... OK * checking compiled code ... NOTE Note: information on .o files is not available * checking files in ‘vignettes’ ... OK * checking examples ... OK * checking for unstated dependencies in ‘tests’ ... OK * checking tests ... Running ‘testthat.R’ OK * checking for unstated dependencies in vignettes ... OK * checking package vignettes in ‘inst/doc’ ... OK * checking running R code from vignettes ... SKIPPED * checking re-building of vignette outputs ... SKIPPED * checking PDF version of manual ... OK * DONE Status: 1 WARNING, 2 NOTEs See ‘/home/biocbuild/bbs-3.13-bioc/meat/CellaRepertorium.Rcheck/00check.log’ for details.
CellaRepertorium.Rcheck/00install.out
##############################################################################
##############################################################################
###
### Running command:
###
### /home/biocbuild/bbs-3.13-bioc/R/bin/R CMD INSTALL CellaRepertorium
###
##############################################################################
##############################################################################
* installing to library ‘/home/biocbuild/bbs-3.13-bioc/R/library’
* installing *source* package ‘CellaRepertorium’ ...
** using staged installation
** libs
g++ -std=gnu++14 -I"/home/biocbuild/bbs-3.13-bioc/R/include" -DNDEBUG -I'/home/biocbuild/bbs-3.13-bioc/R/library/Rcpp/include' -I/usr/local/include -fpic -g -O2 -Wall -c RcppExports.cpp -o RcppExports.o
g++ -std=gnu++14 -I"/home/biocbuild/bbs-3.13-bioc/R/include" -DNDEBUG -I'/home/biocbuild/bbs-3.13-bioc/R/library/Rcpp/include' -I/usr/local/include -fpic -g -O2 -Wall -c cdhit-bombs.cpp -o cdhit-bombs.o
In file included from cdhit-bombs.cpp:2:
cdhit-common.h: In member function ‘void WorkingBuffer::Set(size_t, size_t, const Options&)’:
cdhit-common.h:494:12: warning: comparison of integer expressions of different signedness: ‘size_t’ {aka ‘long unsigned int’} and ‘const int’ [-Wsign-compare]
494 | if( band > options.band_width ) band = options.band_width;
| ~~~~~^~~~~~~~~~~~~~~~~~~~
g++ -std=gnu++14 -I"/home/biocbuild/bbs-3.13-bioc/R/include" -DNDEBUG -I'/home/biocbuild/bbs-3.13-bioc/R/library/Rcpp/include' -I/usr/local/include -fpic -g -O2 -Wall -c cdhit-common.cpp -o cdhit-common.o
cdhit-common.cpp:160: warning: ignoring #pragma omp critical [-Wunknown-pragmas]
160 | #pragma omp critical
|
cdhit-common.cpp:174: warning: ignoring #pragma omp critical [-Wunknown-pragmas]
174 | #pragma omp critical
|
cdhit-common.cpp:2418: warning: ignoring #pragma omp parallel [-Wunknown-pragmas]
2418 | #pragma omp parallel for schedule( dynamic, 1 )
|
cdhit-common.cpp:2435: warning: ignoring #pragma omp parallel [-Wunknown-pragmas]
2435 | #pragma omp parallel for schedule( dynamic, 1 )
|
cdhit-common.cpp:2437: warning: ignoring #pragma omp flush [-Wunknown-pragmas]
2437 | #pragma omp flush (stop)
|
cdhit-common.cpp:2458: warning: ignoring #pragma omp critical [-Wunknown-pragmas]
2458 | #pragma omp critical
|
cdhit-common.cpp:2467: warning: ignoring #pragma omp flush [-Wunknown-pragmas]
2467 | #pragma omp flush (stop)
|
cdhit-common.cpp:2492: warning: ignoring #pragma omp parallel [-Wunknown-pragmas]
2492 | #pragma omp parallel for schedule( dynamic, 1 )
|
cdhit-common.cpp:3151: warning: ignoring #pragma omp parallel [-Wunknown-pragmas]
3151 | #pragma omp parallel for schedule( dynamic, 1 )
|
In file included from cdhit-common.cpp:37:
cdhit-common.h: In member function ‘void WorkingBuffer::Set(size_t, size_t, const Options&)’:
cdhit-common.h:494:12: warning: comparison of integer expressions of different signedness: ‘size_t’ {aka ‘long unsigned int’} and ‘const int’ [-Wsign-compare]
494 | if( band > options.band_width ) band = options.band_width;
| ~~~~~^~~~~~~~~~~~~~~~~~~~
cdhit-common.cpp: In function ‘int diag_test_aapn(int, char*, int, int, WorkingBuffer&, int&, int, int&, int&, int&, int)’:
cdhit-common.cpp:545:6: warning: variable ‘max_diag’ set but not used [-Wunused-but-set-variable]
545 | int max_diag = 0;
| ^~~~~~~~
cdhit-common.cpp: In function ‘int diag_test_aapn_est(int, char*, int, int, WorkingBuffer&, int&, int, int&, int&, int&, int)’:
cdhit-common.cpp:669:6: warning: variable ‘max_diag’ set but not used [-Wunused-but-set-variable]
669 | int max_diag = 0;
| ^~~~~~~~
cdhit-common.cpp: In member function ‘void SequenceDB::SortDivide(Options&, bool)’:
cdhit-common.cpp:1774:11: warning: comparison of integer expressions of different signedness: ‘int’ and ‘size_t’ {aka ‘long unsigned int’} [-Wsign-compare]
1774 | if (len > max_len) max_len = len;
| ~~~~^~~~~~~~~
cdhit-common.cpp:1775:11: warning: comparison of integer expressions of different signedness: ‘int’ and ‘size_t’ {aka ‘long unsigned int’} [-Wsign-compare]
1775 | if (len < min_len) min_len = len;
| ~~~~^~~~~~~~~
cdhit-common.cpp: In member function ‘void SequenceDB::DoClustering(int, const Options&)’:
cdhit-common.cpp:2379:9: warning: variable ‘mem’ set but not used [-Wunused-but-set-variable]
2379 | size_t mem, mega = 1000000;
| ^~~
g++ -std=gnu++14 -I"/home/biocbuild/bbs-3.13-bioc/R/include" -DNDEBUG -I'/home/biocbuild/bbs-3.13-bioc/R/library/Rcpp/include' -I/usr/local/include -fpic -g -O2 -Wall -c cdhit-est.cpp -o cdhit-est.o
In file included from cdhit-est.cpp:32:
cdhit-common.h: In member function ‘void WorkingBuffer::Set(size_t, size_t, const Options&)’:
cdhit-common.h:494:12: warning: comparison of integer expressions of different signedness: ‘size_t’ {aka ‘long unsigned int’} and ‘const int’ [-Wsign-compare]
494 | if( band > options.band_width ) band = options.band_width;
| ~~~~~^~~~~~~~~~~~~~~~~~~~
g++ -std=gnu++14 -I"/home/biocbuild/bbs-3.13-bioc/R/include" -DNDEBUG -I'/home/biocbuild/bbs-3.13-bioc/R/library/Rcpp/include' -I/usr/local/include -fpic -g -O2 -Wall -c cdhit.cpp -o cdhit.o
In file included from cdhit.cpp:31:
cdhit-common.h: In member function ‘void WorkingBuffer::Set(size_t, size_t, const Options&)’:
cdhit-common.h:494:12: warning: comparison of integer expressions of different signedness: ‘size_t’ {aka ‘long unsigned int’} and ‘const int’ [-Wsign-compare]
494 | if( band > options.band_width ) band = options.band_width;
| ~~~~~^~~~~~~~~~~~~~~~~~~~
g++ -std=gnu++14 -I"/home/biocbuild/bbs-3.13-bioc/R/include" -DNDEBUG -I'/home/biocbuild/bbs-3.13-bioc/R/library/Rcpp/include' -I/usr/local/include -fpic -g -O2 -Wall -c progress.cpp -o progress.o
g++ -std=gnu++14 -shared -L/home/biocbuild/bbs-3.13-bioc/R/lib -L/usr/local/lib -o CellaRepertorium.so RcppExports.o cdhit-bombs.o cdhit-common.o cdhit-est.o cdhit.o progress.o -L/home/biocbuild/bbs-3.13-bioc/R/lib -lR
installing to /home/biocbuild/bbs-3.13-bioc/R/library/00LOCK-CellaRepertorium/00new/CellaRepertorium/libs
** R
** data
** inst
** byte-compile and prepare package for lazy loading
** help
*** installing help indices
*** copying figures
** building package indices
** installing vignettes
** testing if installed package can be loaded from temporary location
** checking absolute paths in shared objects and dynamic libraries
** testing if installed package can be loaded from final location
** testing if installed package keeps a record of temporary installation path
* DONE (CellaRepertorium)
CellaRepertorium.Rcheck/tests/testthat.Rout
R version 4.1.1 (2021-08-10) -- "Kick Things"
Copyright (C) 2021 The R Foundation for Statistical Computing
Platform: x86_64-pc-linux-gnu (64-bit)
R is free software and comes with ABSOLUTELY NO WARRANTY.
You are welcome to redistribute it under certain conditions.
Type 'license()' or 'licence()' for distribution details.
R is a collaborative project with many contributors.
Type 'contributors()' for more information and
'citation()' on how to cite R or R packages in publications.
Type 'demo()' for some demos, 'help()' for on-line help, or
'help.start()' for an HTML browser interface to help.
Type 'q()' to quit R.
> library(testthat)
> library(CellaRepertorium)
>
> test_check("CellaRepertorium")
[ FAIL 0 | WARN 0 | SKIP 0 | PASS 76 ]
>
> proc.time()
user system elapsed
19.903 0.888 20.777
CellaRepertorium.Rcheck/CellaRepertorium-Ex.timings
| name | user | system | elapsed | |
| ContigCellDB-fun | 0.19 | 0.00 | 0.19 | |
| canonicalize_cell | 0.167 | 0.000 | 0.167 | |
| canonicalize_cluster | 2.91 | 0.12 | 3.03 | |
| cash-ContigCellDB-method | 0.110 | 0.004 | 0.114 | |
| ccdb_join | 0.042 | 0.000 | 0.042 | |
| cdhit | 0.182 | 0.124 | 0.306 | |
| cdhit_ccdb | 0.099 | 0.008 | 0.107 | |
| cluster_filterset | 0.001 | 0.000 | 0.000 | |
| cluster_germline | 0.066 | 0.000 | 0.066 | |
| cluster_logistic_test | 3.594 | 0.207 | 3.806 | |
| cluster_permute_test | 0.386 | 0.004 | 0.390 | |
| cluster_plot | 1.835 | 0.036 | 1.872 | |
| crosstab_by_celltype | 0.071 | 0.003 | 0.075 | |
| entropy | 0.002 | 0.000 | 0.002 | |
| enumerate_pairing | 0.302 | 0.000 | 0.302 | |
| equalize_ccdb | 0.065 | 0.000 | 0.065 | |
| fancy_name_contigs | 0.267 | 0.035 | 0.299 | |
| fine_cluster_seqs | 0.03 | 0.00 | 0.03 | |
| fine_clustering | 1.497 | 0.068 | 1.565 | |
| generate_pseudobulk | 0.131 | 0.004 | 0.136 | |
| guess_celltype | 0.052 | 0.004 | 0.055 | |
| hushWarning | 0.001 | 0.000 | 0.001 | |
| left_join_warn | 0.029 | 0.008 | 0.037 | |
| map_axis_labels | 0.167 | 0.011 | 0.178 | |
| mutate_cdb | 0.107 | 0.000 | 0.107 | |
| pairing_tables | 0.348 | 0.004 | 0.352 | |
| purity | 0.000 | 0.000 | 0.001 | |
| rank_prevalence_ccdb | 0.305 | 0.000 | 0.305 | |
| rbind-ContigCellDB-method | 0.095 | 0.000 | 0.096 | |
| split_cdb | 0.060 | 0.000 | 0.061 | |
| sub-sub-ContigCellDB-character-missing-method | 0.044 | 0.007 | 0.051 | |