| Back to Build/check report for BioC 3.12 experimental data |
|
This page was generated on 2021-05-06 14:10:07 -0400 (Thu, 06 May 2021).
|
To the developers/maintainers of the ecoliLeucine package: Please make sure to use the following settings in order to reproduce any error or warning you see on this page. |
| Package 109/398 | Hostname | OS / Arch | INSTALL | BUILD | CHECK | ||||||||
| ecoliLeucine 1.30.0 (landing page) Laurent Gautier
| malbec1 | Linux (Ubuntu 18.04.5 LTS) / x86_64 | OK | OK | WARNINGS | ||||||||
| Package: ecoliLeucine |
| Version: 1.30.0 |
| Command: /home/biocbuild/bbs-3.12-bioc/R/bin/R CMD check --install=check:ecoliLeucine.install-out.txt --library=/home/biocbuild/bbs-3.12-bioc/R/library --no-vignettes --timings ecoliLeucine_1.30.0.tar.gz |
| StartedAt: 2021-05-06 11:56:47 -0400 (Thu, 06 May 2021) |
| EndedAt: 2021-05-06 11:57:34 -0400 (Thu, 06 May 2021) |
| EllapsedTime: 47.5 seconds |
| RetCode: 0 |
| Status: WARNINGS |
| CheckDir: ecoliLeucine.Rcheck |
| Warnings: 1 |
##############################################################################
##############################################################################
###
### Running command:
###
### /home/biocbuild/bbs-3.12-bioc/R/bin/R CMD check --install=check:ecoliLeucine.install-out.txt --library=/home/biocbuild/bbs-3.12-bioc/R/library --no-vignettes --timings ecoliLeucine_1.30.0.tar.gz
###
##############################################################################
##############################################################################
* using log directory ‘/home/biocbuild/bbs-3.12-data-experiment/meat/ecoliLeucine.Rcheck’
* using R version 4.0.5 (2021-03-31)
* using platform: x86_64-pc-linux-gnu (64-bit)
* using session charset: UTF-8
* using option ‘--no-vignettes’
* checking for file ‘ecoliLeucine/DESCRIPTION’ ... OK
* this is package ‘ecoliLeucine’ version ‘1.30.0’
* checking package namespace information ... OK
* checking package dependencies ... OK
* checking if this is a source package ... OK
* checking if there is a namespace ... OK
* checking for hidden files and directories ... OK
* checking for portable file names ... OK
* checking for sufficient/correct file permissions ... OK
* checking whether package ‘ecoliLeucine’ can be installed ... OK
* checking installed package size ... NOTE
installed size is 6.8Mb
sub-directories of 1Mb or more:
data 6.7Mb
* checking package directory ... OK
* checking DESCRIPTION meta-information ... NOTE
Malformed Description field: should contain one or more complete sentences.
* checking top-level files ... OK
* checking for left-over files ... OK
* checking index information ... OK
* checking package subdirectories ... OK
* checking whether the package can be loaded ... OK
* checking whether the package can be loaded with stated dependencies ... OK
* checking whether the package can be unloaded cleanly ... OK
* checking whether the namespace can be loaded with stated dependencies ... OK
* checking whether the namespace can be unloaded cleanly ... OK
* checking Rd files ... OK
* checking Rd metadata ... OK
* checking Rd cross-references ... OK
* checking for missing documentation entries ... OK
* checking for code/documentation mismatches ... OK
* checking Rd \usage sections ... OK
* checking Rd contents ... OK
* checking for unstated dependencies in examples ... OK
* checking contents of ‘data’ directory ... OK
* checking data for non-ASCII characters ... OK
* checking data for ASCII and uncompressed saves ... WARNING
Note: significantly better compression could be obtained
by using R CMD build --resave-data
old_size new_size compress
ecoliLeucine.rda 6.7Mb 4.5Mb xz
* checking examples ... NONE
* checking PDF version of manual ... OK
* DONE
Status: 1 WARNING, 2 NOTEs
See
‘/home/biocbuild/bbs-3.12-data-experiment/meat/ecoliLeucine.Rcheck/00check.log’
for details.
ecoliLeucine.Rcheck/00install.out
############################################################################## ############################################################################## ### ### Running command: ### ### /home/biocbuild/bbs-3.12-bioc/R/bin/R CMD INSTALL ecoliLeucine ### ############################################################################## ############################################################################## * installing to library ‘/home/biocbuild/bbs-3.12-bioc/R/library’ * installing *source* package ‘ecoliLeucine’ ... ** using staged installation ** data ** help *** installing help indices ** building package indices ** testing if installed package can be loaded from temporary location Warning: replacing previous import ‘AnnotationDbi::tail’ by ‘utils::tail’ when loading ‘ecolicdf’ Warning: replacing previous import ‘AnnotationDbi::head’ by ‘utils::head’ when loading ‘ecolicdf’ ** testing if installed package can be loaded from final location Warning: replacing previous import ‘AnnotationDbi::tail’ by ‘utils::tail’ when loading ‘ecolicdf’ Warning: replacing previous import ‘AnnotationDbi::head’ by ‘utils::head’ when loading ‘ecolicdf’ ** testing if installed package keeps a record of temporary installation path * DONE (ecoliLeucine)