| Back to Build/check report for BioC 3.12 experimental data | 
 | 
This page was generated on 2021-05-06 14:10:11 -0400 (Thu, 06 May 2021).
| To the developers/maintainers of the MetaGxOvarian package: Please make sure to use the following settings in order to reproduce any error or warning you see on this page. | 
| Package 221/398 | Hostname | OS / Arch | INSTALL | BUILD | CHECK | ||||||||
| MetaGxOvarian 1.10.0  (landing page) Michael Zon 
 | malbec1 | Linux (Ubuntu 18.04.5 LTS) / x86_64 | OK | OK | WARNINGS |  | |||||||
| Package: MetaGxOvarian | 
| Version: 1.10.0 | 
| Command: /home/biocbuild/bbs-3.12-bioc/R/bin/R CMD check --install=check:MetaGxOvarian.install-out.txt --library=/home/biocbuild/bbs-3.12-bioc/R/library --no-vignettes --timings MetaGxOvarian_1.10.0.tar.gz | 
| StartedAt: 2021-05-06 12:20:21 -0400 (Thu, 06 May 2021) | 
| EndedAt: 2021-05-06 12:25:59 -0400 (Thu, 06 May 2021) | 
| EllapsedTime: 337.7 seconds | 
| RetCode: 0 | 
| Status: WARNINGS | 
| CheckDir: MetaGxOvarian.Rcheck | 
| Warnings: 1 | 
##############################################################################
##############################################################################
###
### Running command:
###
###   /home/biocbuild/bbs-3.12-bioc/R/bin/R CMD check --install=check:MetaGxOvarian.install-out.txt --library=/home/biocbuild/bbs-3.12-bioc/R/library --no-vignettes --timings MetaGxOvarian_1.10.0.tar.gz
###
##############################################################################
##############################################################################
* using log directory ‘/home/biocbuild/bbs-3.12-data-experiment/meat/MetaGxOvarian.Rcheck’
* using R version 4.0.5 (2021-03-31)
* using platform: x86_64-pc-linux-gnu (64-bit)
* using session charset: UTF-8
* using option ‘--no-vignettes’
* checking for file ‘MetaGxOvarian/DESCRIPTION’ ... OK
* checking extension type ... Package
* this is package ‘MetaGxOvarian’ version ‘1.10.0’
* checking package namespace information ... OK
* checking package dependencies ... NOTE
Depends: includes the non-default packages:
  'Biobase', 'lattice', 'impute', 'AnnotationHub', 'ExperimentHub',
  'SummarizedExperiment'
Adding so many packages to the search path is excessive and importing
selectively is preferable.
* checking if this is a source package ... OK
* checking if there is a namespace ... OK
* checking for hidden files and directories ... OK
* checking for portable file names ... OK
* checking for sufficient/correct file permissions ... OK
* checking whether package ‘MetaGxOvarian’ can be installed ... OK
* checking installed package size ... OK
* checking package directory ... OK
* checking ‘build’ directory ... OK
* checking DESCRIPTION meta-information ... OK
* checking top-level files ... OK
* checking for left-over files ... OK
* checking index information ... OK
* checking package subdirectories ... OK
* checking R files for non-ASCII characters ... OK
* checking R files for syntax errors ... OK
* checking whether the package can be loaded ... OK
* checking whether the package can be loaded with stated dependencies ... OK
* checking whether the package can be unloaded cleanly ... OK
* checking whether the namespace can be loaded with stated dependencies ... OK
* checking whether the namespace can be unloaded cleanly ... OK
* checking dependencies in R code ... OK
* checking S3 generic/method consistency ... OK
* checking replacement functions ... OK
* checking foreign function calls ... OK
* checking R code for possible problems ... OK
* checking Rd files ... OK
* checking Rd metadata ... OK
* checking Rd cross-references ... OK
* checking for missing documentation entries ... OK
* checking for code/documentation mismatches ... OK
* checking Rd \usage sections ... OK
* checking Rd contents ... OK
* checking for unstated dependencies in examples ... OK
* checking files in ‘vignettes’ ... OK
* checking examples ... OK
Examples with CPU (user + system) or elapsed time > 5s
                      user system elapsed
loadOvarianEsets    70.676  1.228  80.015
loadOvarianDatasets 69.828  1.184  77.441
* checking for unstated dependencies in ‘tests’ ... OK
* checking tests ...
  Running ‘required.R’
 OK
* checking for unstated dependencies in vignettes ... OK
* checking package vignettes in ‘inst/doc’ ... OK
* checking running R code from vignettes ... SKIPPED
* checking re-building of vignette outputs ... SKIPPED
* checking PDF version of manual ... WARNING
LaTeX errors when creating PDF version.
This typically indicates Rd problems.
LaTeX errors found:
* checking PDF version of manual without hyperrefs or index ... OK
* DONE
Status: 1 WARNING, 1 NOTE
See
  ‘/home/biocbuild/bbs-3.12-data-experiment/meat/MetaGxOvarian.Rcheck/00check.log’
for details.
MetaGxOvarian.Rcheck/00install.out
############################################################################## ############################################################################## ### ### Running command: ### ### /home/biocbuild/bbs-3.12-bioc/R/bin/R CMD INSTALL MetaGxOvarian ### ############################################################################## ############################################################################## * installing to library ‘/home/biocbuild/bbs-3.12-bioc/R/library’ * installing *source* package ‘MetaGxOvarian’ ... ** using staged installation ** R ** inst ** byte-compile and prepare package for lazy loading ** help *** installing help indices ** building package indices ** installing vignettes ** testing if installed package can be loaded from temporary location ** testing if installed package can be loaded from final location ** testing if installed package keeps a record of temporary installation path * DONE (MetaGxOvarian)
MetaGxOvarian.Rcheck/tests/required.Rout
R version 4.0.5 (2021-03-31) -- "Shake and Throw" Copyright (C) 2021 The R Foundation for Statistical Computing Platform: x86_64-pc-linux-gnu (64-bit) R is free software and comes with ABSOLUTELY NO WARRANTY. You are welcome to redistribute it under certain conditions. Type 'license()' or 'licence()' for distribution details. R is a collaborative project with many contributors. Type 'contributors()' for more information and 'citation()' on how to cite R or R packages in publications. Type 'demo()' for some demos, 'help()' for on-line help, or 'help.start()' for an HTML browser interface to help. Type 'q()' to quit R. > # > > proc.time() user system elapsed 0.148 0.024 0.172
MetaGxOvarian.Rcheck/MetaGxOvarian-Ex.timings
| name | user | system | elapsed | |
| loadOvarianDatasets | 69.828 | 1.184 | 77.441 | |
| loadOvarianEsets | 70.676 | 1.228 | 80.015 | |