| Back to Build/check report for BioC 3.12 experimental data |
|
This page was generated on 2021-05-06 14:10:10 -0400 (Thu, 06 May 2021).
|
To the developers/maintainers of the HIVcDNAvantWout03 package: Please make sure to use the following settings in order to reproduce any error or warning you see on this page. |
| Package 180/398 | Hostname | OS / Arch | INSTALL | BUILD | CHECK | ||||||||
| HIVcDNAvantWout03 1.30.0 (landing page) Chris Fraley
| malbec1 | Linux (Ubuntu 18.04.5 LTS) / x86_64 | OK | OK | WARNINGS | ||||||||
| Package: HIVcDNAvantWout03 |
| Version: 1.30.0 |
| Command: /home/biocbuild/bbs-3.12-bioc/R/bin/R CMD check --install=check:HIVcDNAvantWout03.install-out.txt --library=/home/biocbuild/bbs-3.12-bioc/R/library --no-vignettes --timings HIVcDNAvantWout03_1.30.0.tar.gz |
| StartedAt: 2021-05-06 12:13:00 -0400 (Thu, 06 May 2021) |
| EndedAt: 2021-05-06 12:13:08 -0400 (Thu, 06 May 2021) |
| EllapsedTime: 7.5 seconds |
| RetCode: 0 |
| Status: WARNINGS |
| CheckDir: HIVcDNAvantWout03.Rcheck |
| Warnings: 1 |
##############################################################################
##############################################################################
###
### Running command:
###
### /home/biocbuild/bbs-3.12-bioc/R/bin/R CMD check --install=check:HIVcDNAvantWout03.install-out.txt --library=/home/biocbuild/bbs-3.12-bioc/R/library --no-vignettes --timings HIVcDNAvantWout03_1.30.0.tar.gz
###
##############################################################################
##############################################################################
* using log directory ‘/home/biocbuild/bbs-3.12-data-experiment/meat/HIVcDNAvantWout03.Rcheck’
* using R version 4.0.5 (2021-03-31)
* using platform: x86_64-pc-linux-gnu (64-bit)
* using session charset: UTF-8
* using option ‘--no-vignettes’
* checking for file ‘HIVcDNAvantWout03/DESCRIPTION’ ... OK
* this is package ‘HIVcDNAvantWout03’ version ‘1.30.0’
* checking package namespace information ... OK
* checking package dependencies ... OK
* checking if this is a source package ... OK
* checking if there is a namespace ... OK
* checking for hidden files and directories ... OK
* checking for portable file names ... OK
* checking for sufficient/correct file permissions ... OK
* checking whether package ‘HIVcDNAvantWout03’ can be installed ... OK
* checking installed package size ... NOTE
installed size is 5.3Mb
sub-directories of 1Mb or more:
data 5.2Mb
* checking package directory ... OK
* checking DESCRIPTION meta-information ... OK
* checking top-level files ... OK
* checking for left-over files ... OK
* checking index information ... OK
* checking package subdirectories ... OK
* checking whether the package can be loaded ... OK
* checking whether the package can be loaded with stated dependencies ... OK
* checking whether the package can be unloaded cleanly ... OK
* checking whether the namespace can be loaded with stated dependencies ... OK
* checking whether the namespace can be unloaded cleanly ... OK
* checking Rd files ... OK
* checking Rd metadata ... OK
* checking Rd cross-references ... OK
* checking for missing documentation entries ... OK
* checking for code/documentation mismatches ... OK
* checking Rd \usage sections ... OK
* checking Rd contents ... OK
* checking for unstated dependencies in examples ... OK
* checking contents of ‘data’ directory ... NOTE
Output for data("hiv1raw", package = "HIVcDNAvantWout03"):
Read 450000 items
Output for data("hiv2raw", package = "HIVcDNAvantWout03"):
Read 450000 items
* checking data for non-ASCII characters ... OK
* checking data for ASCII and uncompressed saves ... OK
* checking files in ‘vignettes’ ... WARNING
Files in the 'vignettes' directory but no files in 'inst/doc':
‘hivData.pdf’
Package has no Sweave vignette sources and no VignetteBuilder field.
* checking examples ... NONE
* checking PDF version of manual ... OK
* DONE
Status: 1 WARNING, 2 NOTEs
See
‘/home/biocbuild/bbs-3.12-data-experiment/meat/HIVcDNAvantWout03.Rcheck/00check.log’
for details.
HIVcDNAvantWout03.Rcheck/00install.out
############################################################################## ############################################################################## ### ### Running command: ### ### /home/biocbuild/bbs-3.12-bioc/R/bin/R CMD INSTALL HIVcDNAvantWout03 ### ############################################################################## ############################################################################## * installing to library ‘/home/biocbuild/bbs-3.12-bioc/R/library’ * installing *source* package ‘HIVcDNAvantWout03’ ... ** using staged installation ** data ** help *** installing help indices ** building package indices Read 450000 items Read 450000 items ** installing vignettes ** testing if installed package can be loaded from temporary location ** testing if installed package can be loaded from final location ** testing if installed package keeps a record of temporary installation path * DONE (HIVcDNAvantWout03)