| Back to Multiple platform build/check report for BioC 3.12 |
|
This page was generated on 2021-05-06 12:28:10 -0400 (Thu, 06 May 2021).
|
To the developers/maintainers of the metabCombiner package: Please make sure to use the following settings in order to reproduce any error or warning you see on this page. |
| Package 1045/1974 | Hostname | OS / Arch | INSTALL | BUILD | CHECK | BUILD BIN | ||||||||
| metabCombiner 1.0.1 (landing page) Hani Habra
| malbec1 | Linux (Ubuntu 18.04.5 LTS) / x86_64 | OK | OK | WARNINGS | |||||||||
| tokay1 | Windows Server 2012 R2 Standard / x64 | OK | OK | WARNINGS | OK | |||||||||
| merida1 | macOS 10.14.6 Mojave / x86_64 | OK | OK | WARNINGS | OK | |||||||||
| Package: metabCombiner |
| Version: 1.0.1 |
| Command: /home/biocbuild/bbs-3.12-bioc/R/bin/R CMD check --install=check:metabCombiner.install-out.txt --library=/home/biocbuild/bbs-3.12-bioc/R/library --no-vignettes --timings metabCombiner_1.0.1.tar.gz |
| StartedAt: 2021-05-06 03:13:31 -0400 (Thu, 06 May 2021) |
| EndedAt: 2021-05-06 03:16:19 -0400 (Thu, 06 May 2021) |
| EllapsedTime: 167.9 seconds |
| RetCode: 0 |
| Status: WARNINGS |
| CheckDir: metabCombiner.Rcheck |
| Warnings: 2 |
##############################################################################
##############################################################################
###
### Running command:
###
### /home/biocbuild/bbs-3.12-bioc/R/bin/R CMD check --install=check:metabCombiner.install-out.txt --library=/home/biocbuild/bbs-3.12-bioc/R/library --no-vignettes --timings metabCombiner_1.0.1.tar.gz
###
##############################################################################
##############################################################################
* using log directory ‘/home/biocbuild/bbs-3.12-bioc/meat/metabCombiner.Rcheck’
* using R version 4.0.5 (2021-03-31)
* using platform: x86_64-pc-linux-gnu (64-bit)
* using session charset: UTF-8
* using option ‘--no-vignettes’
* checking for file ‘metabCombiner/DESCRIPTION’ ... OK
* this is package ‘metabCombiner’ version ‘1.0.1’
* package encoding: UTF-8
* checking package namespace information ... OK
* checking package dependencies ... OK
* checking if this is a source package ... OK
* checking if there is a namespace ... OK
* checking for hidden files and directories ... OK
* checking for portable file names ... OK
* checking for sufficient/correct file permissions ... OK
* checking whether package ‘metabCombiner’ can be installed ... OK
* checking installed package size ... OK
* checking package directory ... OK
* checking ‘build’ directory ... OK
* checking DESCRIPTION meta-information ... OK
* checking top-level files ... OK
* checking for left-over files ... OK
* checking index information ... OK
* checking package subdirectories ... OK
* checking R files for non-ASCII characters ... OK
* checking R files for syntax errors ... OK
* checking whether the package can be loaded ... OK
* checking whether the package can be loaded with stated dependencies ... OK
* checking whether the package can be unloaded cleanly ... OK
* checking whether the namespace can be loaded with stated dependencies ... OK
* checking whether the namespace can be unloaded cleanly ... OK
* checking dependencies in R code ... OK
* checking S3 generic/method consistency ... OK
* checking replacement functions ... OK
* checking foreign function calls ... OK
* checking R code for possible problems ... NOTE
metabData: no visible global function definition for ‘is’
Undefined global functions or variables:
is
Consider adding
importFrom("methods", "is")
to your NAMESPACE file (and ensure that your DESCRIPTION Imports field
contains 'methods').
* checking Rd files ... OK
* checking Rd metadata ... OK
* checking Rd cross-references ... OK
* checking for missing documentation entries ... WARNING
Undocumented S4 methods:
generic 'getExtra' and siglist 'metabCombiner'
All user-level objects in a package (including S4 classes and methods)
should have documentation entries.
See chapter ‘Writing R documentation files’ in the ‘Writing R
Extensions’ manual.
* checking for code/documentation mismatches ... WARNING
Codoc mismatches from documentation object 'getExtra':
getExtra
Code: function(object, data = "x")
Docs: function(object, data = c("x", "y"))
Mismatches in argument default values:
Name: 'data' Code: "x" Docs: c("x", "y")
Codoc mismatches from documentation object 'getSamples':
getSamples
Code: function(object, data = "x")
Docs: function(object, data = c("x", "y"))
Mismatches in argument default values:
Name: 'data' Code: "x" Docs: c("x", "y")
\S4method{getSamples}{metabCombiner}
Code: function(object, data = "x")
Docs: function(object, data = c("x", "y"))
Mismatches in argument default values:
Name: 'data' Code: "x" Docs: c("x", "y")
Codoc mismatches from documentation object 'nonmatched':
nonmatched
Code: function(object, data = "x")
Docs: function(object, data = c("x", "y"))
Mismatches in argument default values:
Name: 'data' Code: "x" Docs: c("x", "y")
\S4method{nonmatched}{metabCombiner}
Code: function(object, data = "x")
Docs: function(object, data = c("x", "y"))
Mismatches in argument default values:
Name: 'data' Code: "x" Docs: c("x", "y")
* checking Rd \usage sections ... OK
* checking Rd contents ... OK
* checking for unstated dependencies in examples ... OK
* checking contents of ‘data’ directory ... OK
* checking data for non-ASCII characters ... OK
* checking data for ASCII and uncompressed saves ... OK
* checking line endings in C/C++/Fortran sources/headers ... OK
* checking compiled code ... NOTE
Note: information on .o files is not available
* checking files in ‘vignettes’ ... OK
* checking examples ... OK
Examples with CPU (user + system) or elapsed time > 5s
user system elapsed
calcScores 13.248 0.044 13.318
evaluateParams 5.336 0.008 5.348
* checking for unstated dependencies in ‘tests’ ... OK
* checking tests ...
Running ‘testthat.R’
OK
* checking for unstated dependencies in vignettes ... OK
* checking package vignettes in ‘inst/doc’ ... OK
* checking running R code from vignettes ... SKIPPED
* checking re-building of vignette outputs ... SKIPPED
* checking PDF version of manual ... OK
* DONE
Status: 2 WARNINGs, 2 NOTEs
See
‘/home/biocbuild/bbs-3.12-bioc/meat/metabCombiner.Rcheck/00check.log’
for details.
metabCombiner.Rcheck/00install.out
############################################################################## ############################################################################## ### ### Running command: ### ### /home/biocbuild/bbs-3.12-bioc/R/bin/R CMD INSTALL metabCombiner ### ############################################################################## ############################################################################## * installing to library ‘/home/biocbuild/bbs-3.12-bioc/R/library’ * installing *source* package ‘metabCombiner’ ... ** using staged installation ** libs gcc -I"/home/biocbuild/bbs-3.12-bioc/R/include" -DNDEBUG -I/usr/local/include -fpic -g -O2 -Wall -c binByMZ.c -o binByMZ.o gcc -I"/home/biocbuild/bbs-3.12-bioc/R/include" -DNDEBUG -I/usr/local/include -fpic -g -O2 -Wall -c findDuplicates.c -o findDuplicates.o gcc -I"/home/biocbuild/bbs-3.12-bioc/R/include" -DNDEBUG -I/usr/local/include -fpic -g -O2 -Wall -c labelRows.c -o labelRows.o gcc -I"/home/biocbuild/bbs-3.12-bioc/R/include" -DNDEBUG -I/usr/local/include -fpic -g -O2 -Wall -c metabCombiner_init.c -o metabCombiner_init.o gcc -I"/home/biocbuild/bbs-3.12-bioc/R/include" -DNDEBUG -I/usr/local/include -fpic -g -O2 -Wall -c selectAnchors.c -o selectAnchors.o gcc -I"/home/biocbuild/bbs-3.12-bioc/R/include" -DNDEBUG -I/usr/local/include -fpic -g -O2 -Wall -c write2file.c -o write2file.o gcc -shared -L/home/biocbuild/bbs-3.12-bioc/R/lib -L/usr/local/lib -o metabCombiner.so binByMZ.o findDuplicates.o labelRows.o metabCombiner_init.o selectAnchors.o write2file.o -L/home/biocbuild/bbs-3.12-bioc/R/lib -lR installing to /home/biocbuild/bbs-3.12-bioc/R/library/00LOCK-metabCombiner/00new/metabCombiner/libs ** R ** data ** demo ** inst ** byte-compile and prepare package for lazy loading ** help *** installing help indices ** building package indices ** installing vignettes ** testing if installed package can be loaded from temporary location ** checking absolute paths in shared objects and dynamic libraries ** testing if installed package can be loaded from final location ** testing if installed package keeps a record of temporary installation path * DONE (metabCombiner)
metabCombiner.Rcheck/tests/testthat.Rout
R version 4.0.5 (2021-03-31) -- "Shake and Throw"
Copyright (C) 2021 The R Foundation for Statistical Computing
Platform: x86_64-pc-linux-gnu (64-bit)
R is free software and comes with ABSOLUTELY NO WARRANTY.
You are welcome to redistribute it under certain conditions.
Type 'license()' or 'licence()' for distribution details.
R is a collaborative project with many contributors.
Type 'contributors()' for more information and
'citation()' on how to cite R or R packages in publications.
Type 'demo()' for some demos, 'help()' for on-line help, or
'help.start()' for an HTML browser interface to help.
Type 'q()' to quit R.
> library(testthat)
> library(metabCombiner)
Loading required package: dplyr
Attaching package: 'dplyr'
The following object is masked from 'package:testthat':
matches
The following objects are masked from 'package:stats':
filter, lag
The following objects are masked from 'package:base':
intersect, setdiff, setequal, union
>
> test_check("metabCombiner")
Performing filtering iteration: 1
Performing filtering iteration: 2
Performing 10-fold cross validation
Fitting Model with k = 18
[ FAIL 0 | WARN 0 | SKIP 0 | PASS 31 ]
>
> proc.time()
user system elapsed
13.604 0.284 14.114
metabCombiner.Rcheck/metabCombiner-Ex.timings
| name | user | system | elapsed | |
| calcScores | 13.248 | 0.044 | 13.318 | |
| combinedTable | 0.696 | 0.004 | 0.703 | |
| evaluateParams | 5.336 | 0.008 | 5.348 | |
| fit_gam | 3.192 | 0.016 | 3.216 | |
| fit_loess | 3.232 | 0.000 | 3.246 | |
| getAnchors | 1.036 | 0.000 | 1.036 | |
| getCoefficients | 3.592 | 0.000 | 3.606 | |
| getData | 0.080 | 0.000 | 0.079 | |
| getExtra | 0.076 | 0.000 | 0.074 | |
| getModel | 1.768 | 0.004 | 1.778 | |
| getSamples | 1.012 | 0.000 | 1.016 | |
| getStats | 1.596 | 0.004 | 1.604 | |
| labelRows | 4.056 | 0.008 | 4.070 | |
| metabCombiner | 0.628 | 0.004 | 0.632 | |
| metabData | 0.140 | 0.000 | 0.142 | |
| nonmatched | 0.584 | 0.000 | 0.585 | |
| plot_fit | 1.840 | 0.004 | 1.848 | |
| selectAnchors | 1.524 | 0.004 | 1.528 | |
| write2file | 3.776 | 0.004 | 3.784 | |