Back to Multiple platform build/check report for BioC 3.12 |
|
This page was generated on 2021-05-06 12:34:47 -0400 (Thu, 06 May 2021).
To the developers/maintainers of the destiny package: Please make sure to use the following settings in order to reproduce any error or warning you see on this page. |
Package 467/1974 | Hostname | OS / Arch | INSTALL | BUILD | CHECK | BUILD BIN | ||||||||
destiny 3.4.0 (landing page) Philipp Angerer
| malbec1 | Linux (Ubuntu 18.04.5 LTS) / x86_64 | OK | ERROR | skipped | |||||||||
tokay1 | Windows Server 2012 R2 Standard / x64 | OK | OK | WARNINGS | OK | |||||||||
merida1 | macOS 10.14.6 Mojave / x86_64 | OK | ERROR | skipped | skipped | |||||||||
Package: destiny |
Version: 3.4.0 |
Command: /Library/Frameworks/R.framework/Versions/Current/Resources/bin/R CMD build --keep-empty-dirs --no-resave-data destiny |
StartedAt: 2021-05-05 19:06:33 -0400 (Wed, 05 May 2021) |
EndedAt: 2021-05-05 19:08:50 -0400 (Wed, 05 May 2021) |
EllapsedTime: 137.1 seconds |
RetCode: 1 |
Status: ERROR |
PackageFile: None |
PackageFileSize: NA |
############################################################################## ############################################################################## ### ### Running command: ### ### /Library/Frameworks/R.framework/Versions/Current/Resources/bin/R CMD build --keep-empty-dirs --no-resave-data destiny ### ############################################################################## ############################################################################## * checking for file ‘destiny/DESCRIPTION’ ... OK * preparing ‘destiny’: * checking DESCRIPTION meta-information ... OK * cleaning src * installing the package to build vignettes * creating vignettes ... ERROR --- re-building ‘DPT.ipynbmeta’ using nbconvert --- finished re-building ‘DPT.ipynbmeta’ --- re-building ‘Diffusion-Map-recap.ipynbmeta’ using nbconvert --- finished re-building ‘Diffusion-Map-recap.ipynbmeta’ --- re-building ‘Diffusion-Maps.ipynbmeta’ using nbconvert --- finished re-building ‘Diffusion-Maps.ipynbmeta’ --- re-building ‘Gene-Relevance.ipynbmeta’ using nbconvert --- finished re-building ‘Gene-Relevance.ipynbmeta’ --- re-building ‘Global-Sigma.ipynbmeta’ using nbconvert Error: processing vignette 'Global-Sigma.ipynbmeta' failed with diagnostics: Running 'texi2dvi' on 'Global-Sigma.tex' failed. LaTeX errors: ! Package inputenc Error: Unicode character σ (U+03C3) (inputenc) not set up for use with LaTeX. See the inputenc package documentation for explanation. Type H <return> for immediate help. --- failed re-building ‘Global-Sigma.ipynbmeta’ --- re-building ‘tidyverse.ipynbmeta’ using nbconvert Error: processing vignette 'tidyverse.ipynbmeta' failed with diagnostics: Running 'texi2dvi' on 'tidyverse.tex' failed. LaTeX errors: ! Package inputenc Error: Unicode character ⋮ (U+22EE) (inputenc) not set up for use with LaTeX. See the inputenc package documentation for explanation. Type H <return> for immediate help. ! Package inputenc Error: Unicode character ⋮ (U+22EE) (inputenc) not set up for use with LaTeX. See the inputenc package documentation for explanation. Type H <return> for immediate help. ! Package inputenc Error: Unicode character ⋮ (U+22EE) (inputenc) not set up for use with LaTeX. See the inputenc package documentation for explanation. Type H <return> for immediate help. ! Package inputenc Error: Unicode character ⋮ (U+22EE) (inputenc) not set up for use with LaTeX. See the inputenc package documentation for explanation. Type H <return> for immediate help. --- failed re-building ‘tidyverse.ipynbmeta’ SUMMARY: processing the following files failed: ‘Global-Sigma.ipynbmeta’ ‘tidyverse.ipynbmeta’ Error: Vignette re-building failed. Execution halted