Back to Multiple platform build/check report for BioC 3.12 |
|
This page was generated on 2021-05-06 12:36:55 -0400 (Thu, 06 May 2021).
To the developers/maintainers of the SplicingGraphs package: Please make sure to use the following settings in order to reproduce any error or warning you see on this page. |
Package 1773/1974 | Hostname | OS / Arch | INSTALL | BUILD | CHECK | BUILD BIN | ||||||||
SplicingGraphs 1.30.0 (landing page) H. Pagès
| malbec1 | Linux (Ubuntu 18.04.5 LTS) / x86_64 | OK | OK | WARNINGS | |||||||||
tokay1 | Windows Server 2012 R2 Standard / x64 | OK | OK | TIMEOUT | OK | |||||||||
merida1 | macOS 10.14.6 Mojave / x86_64 | OK | OK | WARNINGS | OK | |||||||||
Package: SplicingGraphs |
Version: 1.30.0 |
Command: /Library/Frameworks/R.framework/Versions/Current/Resources/bin/R CMD check --install=check:SplicingGraphs.install-out.txt --library=/Library/Frameworks/R.framework/Versions/Current/Resources/library --no-vignettes --timings SplicingGraphs_1.30.0.tar.gz |
StartedAt: 2021-05-06 06:31:35 -0400 (Thu, 06 May 2021) |
EndedAt: 2021-05-06 06:40:39 -0400 (Thu, 06 May 2021) |
EllapsedTime: 543.9 seconds |
RetCode: 0 |
Status: WARNINGS |
CheckDir: SplicingGraphs.Rcheck |
Warnings: 3 |
############################################################################## ############################################################################## ### ### Running command: ### ### /Library/Frameworks/R.framework/Versions/Current/Resources/bin/R CMD check --install=check:SplicingGraphs.install-out.txt --library=/Library/Frameworks/R.framework/Versions/Current/Resources/library --no-vignettes --timings SplicingGraphs_1.30.0.tar.gz ### ############################################################################## ############################################################################## * using log directory ‘/Users/biocbuild/bbs-3.12-bioc/meat/SplicingGraphs.Rcheck’ * using R version 4.0.5 (2021-03-31) * using platform: x86_64-apple-darwin17.0 (64-bit) * using session charset: UTF-8 * using option ‘--no-vignettes’ * checking for file ‘SplicingGraphs/DESCRIPTION’ ... OK * this is package ‘SplicingGraphs’ version ‘1.30.0’ * package encoding: UTF-8 * checking package namespace information ... OK * checking package dependencies ... OK * checking if this is a source package ... OK * checking if there is a namespace ... OK * checking for hidden files and directories ... OK * checking for portable file names ... OK * checking for sufficient/correct file permissions ... OK * checking whether package ‘SplicingGraphs’ can be installed ... WARNING Found the following significant warnings: Warning: replacing previous import ‘IRanges::from’ by ‘Rgraphviz::from’ when loading ‘SplicingGraphs’ Warning: replacing previous import ‘IRanges::to’ by ‘Rgraphviz::to’ when loading ‘SplicingGraphs’ See ‘/Users/biocbuild/bbs-3.12-bioc/meat/SplicingGraphs.Rcheck/00install.out’ for details. * checking installed package size ... OK * checking package directory ... OK * checking ‘build’ directory ... OK * checking DESCRIPTION meta-information ... NOTE Packages listed in more than one of Depends, Imports, Suggests, Enhances: ‘GenomicFeatures’ ‘GenomicAlignments’ ‘Rgraphviz’ ‘igraph’ A package should be listed in only one of these fields. * checking top-level files ... OK * checking for left-over files ... OK * checking index information ... OK * checking package subdirectories ... OK * checking R files for non-ASCII characters ... OK * checking R files for syntax errors ... OK * checking whether the package can be loaded ... OK * checking whether the package can be loaded with stated dependencies ... OK * checking whether the package can be unloaded cleanly ... OK * checking whether the namespace can be loaded with stated dependencies ... OK * checking whether the namespace can be unloaded cleanly ... OK * checking dependencies in R code ... NOTE 'library' or 'require' call to 'igraph' in package code. Please use :: or requireNamespace() instead. See section 'Suggested packages' in the 'Writing R Extensions' manual. ':::' calls which should be '::': 'S4Vectors:::matchIntegerPairs' 'S4Vectors:::orderIntegerPairs' 'S4Vectors:::selfmatchIntegerPairs' See the note in ?`:::` about the use of this operator. Unexported objects imported by ':::' calls: 'BiocGenerics:::testPackage' 'GenomicAlignments:::fillJunctionGaps' 'GenomicFeatures:::.collapse_df' 'IRanges:::newCompressedList0' 'IRanges:::regroupBySupergroup' 'IRanges:::unlist_as_integer' 'S4Vectors:::setPrototypeFromObject' See the note in ?`:::` about the use of this operator. * checking S3 generic/method consistency ... OK * checking replacement functions ... OK * checking foreign function calls ... OK * checking R code for possible problems ... OK * checking Rd files ... OK * checking Rd metadata ... OK * checking Rd cross-references ... OK * checking for missing documentation entries ... WARNING Undocumented code objects: ‘reportReads’ Undocumented S4 methods: generic '[' and siglist 'SplicingGraphs,ANY,ANY,ANY' generic 'reportReads' and siglist 'SplicingGraphs' generic 'updateObject' and siglist 'SplicingGraphs' All user-level objects in a package (including S4 classes and methods) should have documentation entries. See chapter ‘Writing R documentation files’ in the ‘Writing R Extensions’ manual. * checking for code/documentation mismatches ... OK * checking Rd \usage sections ... WARNING Objects in \usage without \alias in documentation object 'countReads-methods': ‘reportReads’ Functions with \usage entries need to have the appropriate \alias entries, and all their arguments documented. The \usage entries must correspond to syntactically valid R code. See chapter ‘Writing R documentation files’ in the ‘Writing R Extensions’ manual. * checking Rd contents ... OK * checking for unstated dependencies in examples ... OK * checking sizes of PDF files under ‘inst/doc’ ... OK * checking files in ‘vignettes’ ... OK * checking examples ... OK Examples with CPU (user + system) or elapsed time > 5s user system elapsed plotTranscripts-methods 48.278 2.124 48.439 toy_data 28.238 0.292 28.569 countReads-methods 11.632 2.021 11.321 sgedges-methods 9.260 2.040 9.085 rsgedgesByGene-methods 7.086 2.452 6.900 sgedgesByGene-methods 6.697 2.239 6.471 txpath-methods 6.139 2.151 5.945 bubbles-methods 6.385 1.664 5.804 assignReads 6.335 1.655 5.918 SplicingGraphs-class 5.943 1.427 5.622 sgraph-methods 4.611 2.007 4.249 * checking for unstated dependencies in ‘tests’ ... OK * checking tests ... Running ‘run_unitTests.R’ OK * checking for unstated dependencies in vignettes ... OK * checking package vignettes in ‘inst/doc’ ... OK * checking running R code from vignettes ... SKIPPED * checking re-building of vignette outputs ... SKIPPED * checking PDF version of manual ... OK * DONE Status: 3 WARNINGs, 2 NOTEs See ‘/Users/biocbuild/bbs-3.12-bioc/meat/SplicingGraphs.Rcheck/00check.log’ for details.
SplicingGraphs.Rcheck/00install.out
############################################################################## ############################################################################## ### ### Running command: ### ### /Library/Frameworks/R.framework/Versions/Current/Resources/bin/R CMD INSTALL SplicingGraphs ### ############################################################################## ############################################################################## * installing to library ‘/Library/Frameworks/R.framework/Versions/4.0/Resources/library’ * installing *source* package ‘SplicingGraphs’ ... ** using staged installation ** R ** inst ** byte-compile and prepare package for lazy loading Warning: replacing previous import ‘IRanges::from’ by ‘Rgraphviz::from’ when loading ‘SplicingGraphs’ Warning: replacing previous import ‘IRanges::to’ by ‘Rgraphviz::to’ when loading ‘SplicingGraphs’ ** help *** installing help indices ** building package indices ** installing vignettes ** testing if installed package can be loaded from temporary location Warning: replacing previous import ‘IRanges::from’ by ‘Rgraphviz::from’ when loading ‘SplicingGraphs’ Warning: replacing previous import ‘IRanges::to’ by ‘Rgraphviz::to’ when loading ‘SplicingGraphs’ ** testing if installed package can be loaded from final location Warning: replacing previous import ‘IRanges::from’ by ‘Rgraphviz::from’ when loading ‘SplicingGraphs’ Warning: replacing previous import ‘IRanges::to’ by ‘Rgraphviz::to’ when loading ‘SplicingGraphs’ ** testing if installed package keeps a record of temporary installation path * DONE (SplicingGraphs)
SplicingGraphs.Rcheck/tests/run_unitTests.Rout
R version 4.0.5 (2021-03-31) -- "Shake and Throw" Copyright (C) 2021 The R Foundation for Statistical Computing Platform: x86_64-apple-darwin17.0 (64-bit) R is free software and comes with ABSOLUTELY NO WARRANTY. You are welcome to redistribute it under certain conditions. Type 'license()' or 'licence()' for distribution details. R is a collaborative project with many contributors. Type 'contributors()' for more information and 'citation()' on how to cite R or R packages in publications. Type 'demo()' for some demos, 'help()' for on-line help, or 'help.start()' for an HTML browser interface to help. Type 'q()' to quit R. > require("SplicingGraphs") || stop("unable to load SplicingGraphs package") Loading required package: SplicingGraphs Loading required package: GenomicFeatures Loading required package: BiocGenerics Loading required package: parallel Attaching package: 'BiocGenerics' The following objects are masked from 'package:parallel': clusterApply, clusterApplyLB, clusterCall, clusterEvalQ, clusterExport, clusterMap, parApply, parCapply, parLapply, parLapplyLB, parRapply, parSapply, parSapplyLB The following objects are masked from 'package:stats': IQR, mad, sd, var, xtabs The following objects are masked from 'package:base': Filter, Find, Map, Position, Reduce, anyDuplicated, append, as.data.frame, basename, cbind, colnames, dirname, do.call, duplicated, eval, evalq, get, grep, grepl, intersect, is.unsorted, lapply, mapply, match, mget, order, paste, pmax, pmax.int, pmin, pmin.int, rank, rbind, rownames, sapply, setdiff, sort, table, tapply, union, unique, unsplit, which.max, which.min Loading required package: S4Vectors Loading required package: stats4 Attaching package: 'S4Vectors' The following object is masked from 'package:base': expand.grid Loading required package: IRanges Loading required package: GenomeInfoDb Loading required package: GenomicRanges Loading required package: AnnotationDbi Loading required package: Biobase Welcome to Bioconductor Vignettes contain introductory material; view with 'browseVignettes()'. To cite Bioconductor, see 'citation("Biobase")', and for packages 'citation("pkgname")'. Loading required package: GenomicAlignments Loading required package: SummarizedExperiment Loading required package: MatrixGenerics Loading required package: matrixStats Attaching package: 'matrixStats' The following objects are masked from 'package:Biobase': anyMissing, rowMedians Attaching package: 'MatrixGenerics' The following objects are masked from 'package:matrixStats': colAlls, colAnyNAs, colAnys, colAvgsPerRowSet, colCollapse, colCounts, colCummaxs, colCummins, colCumprods, colCumsums, colDiffs, colIQRDiffs, colIQRs, colLogSumExps, colMadDiffs, colMads, colMaxs, colMeans2, colMedians, colMins, colOrderStats, colProds, colQuantiles, colRanges, colRanks, colSdDiffs, colSds, colSums2, colTabulates, colVarDiffs, colVars, colWeightedMads, colWeightedMeans, colWeightedMedians, colWeightedSds, colWeightedVars, rowAlls, rowAnyNAs, rowAnys, rowAvgsPerColSet, rowCollapse, rowCounts, rowCummaxs, rowCummins, rowCumprods, rowCumsums, rowDiffs, rowIQRDiffs, rowIQRs, rowLogSumExps, rowMadDiffs, rowMads, rowMaxs, rowMeans2, rowMedians, rowMins, rowOrderStats, rowProds, rowQuantiles, rowRanges, rowRanks, rowSdDiffs, rowSds, rowSums2, rowTabulates, rowVarDiffs, rowVars, rowWeightedMads, rowWeightedMeans, rowWeightedMedians, rowWeightedSds, rowWeightedVars The following object is masked from 'package:Biobase': rowMedians Loading required package: Biostrings Loading required package: XVector Attaching package: 'Biostrings' The following object is masked from 'package:base': strsplit Loading required package: Rsamtools Loading required package: Rgraphviz Loading required package: graph Attaching package: 'graph' The following object is masked from 'package:Biostrings': complement Loading required package: grid Attaching package: 'Rgraphviz' The following objects are masked from 'package:IRanges': from, to The following objects are masked from 'package:S4Vectors': from, to [1] TRUE Warning messages: 1: replacing previous import 'IRanges::from' by 'Rgraphviz::from' when loading 'SplicingGraphs' 2: replacing previous import 'IRanges::to' by 'Rgraphviz::to' when loading 'SplicingGraphs' > SplicingGraphs:::.test() Import genomic features from the file as a GRanges object ... OK Prepare the 'metadata' data frame ... OK Make the TxDb object ... OK RUNIT TEST PROTOCOL -- Thu May 6 06:40:25 2021 *********************************************** Number of test functions: 1 Number of errors: 0 Number of failures: 0 1 Test Suite : SplicingGraphs RUnit Tests - 1 test function, 0 errors, 0 failures Number of test functions: 1 Number of errors: 0 Number of failures: 0 > > proc.time() user system elapsed 21.622 1.403 23.486
SplicingGraphs.Rcheck/SplicingGraphs-Ex.timings
name | user | system | elapsed | |
SplicingGraphs-class | 5.943 | 1.427 | 5.622 | |
SplicingGraphs-package | 0.000 | 0.000 | 0.001 | |
assignReads | 6.335 | 1.655 | 5.918 | |
bubbles-methods | 6.385 | 1.664 | 5.804 | |
countReads-methods | 11.632 | 2.021 | 11.321 | |
plotTranscripts-methods | 48.278 | 2.124 | 48.439 | |
rsgedgesByGene-methods | 7.086 | 2.452 | 6.900 | |
sgedges-methods | 9.260 | 2.040 | 9.085 | |
sgedgesByGene-methods | 6.697 | 2.239 | 6.471 | |
sgraph-methods | 4.611 | 2.007 | 4.249 | |
toy_data | 28.238 | 0.292 | 28.569 | |
txpath-methods | 6.139 | 2.151 | 5.945 | |