Back to Multiple platform build/check report for BioC 3.12 |
|
This page was generated on 2021-05-06 12:36:23 -0400 (Thu, 06 May 2021).
To the developers/maintainers of the RGMQL package: Please make sure to use the following settings in order to reproduce any error or warning you see on this page. |
Package 1515/1974 | Hostname | OS / Arch | INSTALL | BUILD | CHECK | BUILD BIN | ||||||||
RGMQL 1.10.0 (landing page) Simone Pallotta
| malbec1 | Linux (Ubuntu 18.04.5 LTS) / x86_64 | OK | OK | OK | |||||||||
tokay1 | Windows Server 2012 R2 Standard / x64 | OK | OK | OK | OK | |||||||||
merida1 | macOS 10.14.6 Mojave / x86_64 | OK | ERROR | skipped | skipped | |||||||||
Package: RGMQL |
Version: 1.10.0 |
Command: /Library/Frameworks/R.framework/Versions/Current/Resources/bin/R CMD build --keep-empty-dirs --no-resave-data RGMQL |
StartedAt: 2021-05-05 21:40:28 -0400 (Wed, 05 May 2021) |
EndedAt: 2021-05-05 21:41:26 -0400 (Wed, 05 May 2021) |
EllapsedTime: 57.9 seconds |
RetCode: 1 |
Status: ERROR |
PackageFile: None |
PackageFileSize: NA |
############################################################################## ############################################################################## ### ### Running command: ### ### /Library/Frameworks/R.framework/Versions/Current/Resources/bin/R CMD build --keep-empty-dirs --no-resave-data RGMQL ### ############################################################################## ############################################################################## * checking for file ‘RGMQL/DESCRIPTION’ ... OK * preparing ‘RGMQL’: * checking DESCRIPTION meta-information ... OK * installing the package to build vignettes * creating vignettes ... ERROR --- re-building ‘RGMQL-vignette.Rmd’ using rmarkdown Using Spark's default log4j profile: org/apache/spark/log4j-defaults.properties 21/05/05 21:41:23 INFO SparkContext: Running Spark version 2.2.0 WARNING: An illegal reflective access operation has occurred WARNING: Illegal reflective access by org.apache.hadoop.security.authentication.util.KerberosUtil (file:/Library/Frameworks/R.framework/Versions/4.0/Resources/library/RGMQLlib/extdata/java/GMQL.jar) to method sun.security.krb5.Config.getInstance() WARNING: Please consider reporting this to the maintainers of org.apache.hadoop.security.authentication.util.KerberosUtil WARNING: Use --illegal-access=warn to enable warnings of further illegal reflective access operations WARNING: All illegal access operations will be denied in a future release No Java runtime present, requesting install. 2021-05-05 21:41:24.217 R[14512:211543687] JLRequestRuntimeInstall: Error calling: CFMessagePortCreateRemote