| Back to Multiple platform build/check report for BioC 3.12 |
|
This page was generated on 2021-05-06 12:27:31 -0400 (Thu, 06 May 2021).
|
To the developers/maintainers of the ExpressionView package: Please make sure to use the following settings in order to reproduce any error or warning you see on this page. |
| Package 584/1974 | Hostname | OS / Arch | INSTALL | BUILD | CHECK | BUILD BIN | ||||||||
| ExpressionView 1.42.0 (landing page) Gabor Csardi
| malbec1 | Linux (Ubuntu 18.04.5 LTS) / x86_64 | OK | OK | WARNINGS | |||||||||
| tokay1 | Windows Server 2012 R2 Standard / x64 | OK | OK | WARNINGS | OK | |||||||||
| merida1 | macOS 10.14.6 Mojave / x86_64 | OK | OK | WARNINGS | OK | |||||||||
| Package: ExpressionView |
| Version: 1.42.0 |
| Command: /home/biocbuild/bbs-3.12-bioc/R/bin/R CMD check --install=check:ExpressionView.install-out.txt --library=/home/biocbuild/bbs-3.12-bioc/R/library --no-vignettes --timings ExpressionView_1.42.0.tar.gz |
| StartedAt: 2021-05-06 01:27:47 -0400 (Thu, 06 May 2021) |
| EndedAt: 2021-05-06 01:30:13 -0400 (Thu, 06 May 2021) |
| EllapsedTime: 146.1 seconds |
| RetCode: 0 |
| Status: WARNINGS |
| CheckDir: ExpressionView.Rcheck |
| Warnings: 1 |
##############################################################################
##############################################################################
###
### Running command:
###
### /home/biocbuild/bbs-3.12-bioc/R/bin/R CMD check --install=check:ExpressionView.install-out.txt --library=/home/biocbuild/bbs-3.12-bioc/R/library --no-vignettes --timings ExpressionView_1.42.0.tar.gz
###
##############################################################################
##############################################################################
* using log directory ‘/home/biocbuild/bbs-3.12-bioc/meat/ExpressionView.Rcheck’
* using R version 4.0.5 (2021-03-31)
* using platform: x86_64-pc-linux-gnu (64-bit)
* using session charset: UTF-8
* using option ‘--no-vignettes’
* checking for file ‘ExpressionView/DESCRIPTION’ ... OK
* this is package ‘ExpressionView’ version ‘1.42.0’
* checking package namespace information ... OK
* checking package dependencies ... NOTE
Depends: includes the non-default packages:
'caTools', 'bitops', 'isa2', 'eisa', 'GO.db', 'KEGG.db',
'AnnotationDbi'
Adding so many packages to the search path is excessive and importing
selectively is preferable.
* checking if this is a source package ... OK
* checking if there is a namespace ... OK
* checking for hidden files and directories ... OK
* checking for portable file names ... OK
* checking for sufficient/correct file permissions ... OK
* checking whether package ‘ExpressionView’ can be installed ... WARNING
Found the following significant warnings:
Warning: Package 'KEGG.db' is deprecated and will be removed from Bioconductor
See ‘/home/biocbuild/bbs-3.12-bioc/meat/ExpressionView.Rcheck/00install.out’ for details.
* checking installed package size ... OK
* checking package directory ... OK
* checking ‘build’ directory ... OK
* checking DESCRIPTION meta-information ... NOTE
Packages listed in more than one of Depends, Imports, Suggests, Enhances:
‘methods’ ‘isa2’ ‘eisa’ ‘GO.db’ ‘KEGG.db’ ‘AnnotationDbi’
A package should be listed in only one of these fields.
* checking top-level files ... OK
* checking for left-over files ... OK
* checking index information ... OK
* checking package subdirectories ... OK
* checking R files for non-ASCII characters ... OK
* checking R files for syntax errors ... OK
* checking whether the package can be loaded ... OK
* checking whether the package can be loaded with stated dependencies ... OK
* checking whether the package can be unloaded cleanly ... OK
* checking whether the namespace can be loaded with stated dependencies ... OK
* checking whether the namespace can be unloaded cleanly ... OK
* checking dependencies in R code ... NOTE
'library' or 'require' calls to packages already attached by Depends:
‘AnnotationDbi’ ‘GO.db’ ‘KEGG.db’
Please remove these calls from your code.
'library' or 'require' call to ‘affy’ in package code.
Please use :: or requireNamespace() instead.
See section 'Suggested packages' in the 'Writing R Extensions' manual.
Packages in Depends field not imported from:
‘bitops’ ‘caTools’
These packages need to be imported from (in the NAMESPACE file)
for when this namespace is loaded but not attached.
Missing or unexported object: ‘isa2::.onUnload’
* checking S3 generic/method consistency ... OK
* checking replacement functions ... OK
* checking foreign function calls ... OK
* checking R code for possible problems ... NOTE
NB: .Last.lib will not be used unless it is exported
ExportEV.Biclust: no visible global function definition for
‘annotation’
ExportEV.ISAModules: no visible global function definition for
‘annotation’
ExportEV.ISAModules: no visible global function definition for
‘featureNames’
ExportEV.ISAModules: no visible global function definition for
‘sampleNames’
ExportEV.ISAModules: no visible global function definition for
‘phenoData’
ExportEV.ISAModules: no visible global function definition for
‘base64encode’
ExportEV.list: no visible global function definition for ‘base64encode’
LaunchEV: no visible global function definition for ‘URLencode’
LaunchEV: no visible global function definition for ‘browseURL’
OrderEV.list: no visible global function definition for ‘flush.console’
normalize: no visible global function definition for ‘hist’
ExportEV,Biclust: no visible global function definition for
‘annotation’
ExportEV,ISAModules: no visible global function definition for
‘annotation’
ExportEV,ISAModules: no visible global function definition for
‘featureNames’
ExportEV,ISAModules: no visible global function definition for
‘sampleNames’
ExportEV,ISAModules: no visible global function definition for
‘phenoData’
ExportEV,ISAModules: no visible global function definition for
‘base64encode’
ExportEV,list: no visible global function definition for ‘base64encode’
OrderEV,list: no visible global function definition for ‘flush.console’
Undefined global functions or variables:
URLencode annotation base64encode browseURL featureNames
flush.console hist phenoData sampleNames
Consider adding
importFrom("graphics", "hist")
importFrom("utils", "URLencode", "browseURL", "flush.console")
to your NAMESPACE file.
* checking Rd files ... OK
* checking Rd metadata ... OK
* checking Rd cross-references ... OK
* checking for missing documentation entries ... OK
* checking for code/documentation mismatches ... OK
* checking Rd \usage sections ... OK
* checking Rd contents ... OK
* checking for unstated dependencies in examples ... OK
* checking line endings in C/C++/Fortran sources/headers ... OK
* checking compiled code ... NOTE
Note: information on .o files is not available
File ‘/home/biocbuild/bbs-3.12-bioc/R/library/ExpressionView/libs/ExpressionView.so’:
Found ‘rand’, possibly from ‘rand’ (C)
Compiled code should not call entry points which might terminate R nor
write to stdout/stderr instead of to the console, nor use Fortran I/O
nor system RNGs. The detected symbols are linked into the code but
might come from libraries and not actually be called.
See ‘Writing portable packages’ in the ‘Writing R Extensions’ manual.
* checking files in ‘vignettes’ ... OK
* checking examples ... OK
Examples with CPU (user + system) or elapsed time > 5s
user system elapsed
ExportEV 6.972 0.076 7.078
* checking for unstated dependencies in vignettes ... OK
* checking package vignettes in ‘inst/doc’ ... OK
* checking running R code from vignettes ... SKIPPED
* checking re-building of vignette outputs ... SKIPPED
* checking PDF version of manual ... OK
* DONE
Status: 1 WARNING, 5 NOTEs
See
‘/home/biocbuild/bbs-3.12-bioc/meat/ExpressionView.Rcheck/00check.log’
for details.
ExpressionView.Rcheck/00install.out
############################################################################## ############################################################################## ### ### Running command: ### ### /home/biocbuild/bbs-3.12-bioc/R/bin/R CMD INSTALL ExpressionView ### ############################################################################## ############################################################################## * installing to library ‘/home/biocbuild/bbs-3.12-bioc/R/library’ * installing *source* package ‘ExpressionView’ ... ** using staged installation ** libs g++ -std=gnu++11 -I"/home/biocbuild/bbs-3.12-bioc/R/include" -DNDEBUG -I/usr/local/include -fpic -g -O2 -Wall -c order.cpp -o order.o g++ -std=gnu++11 -I"/home/biocbuild/bbs-3.12-bioc/R/include" -DNDEBUG -I/usr/local/include -fpic -g -O2 -Wall -c orderclusters.cpp -o orderclusters.o g++ -std=gnu++11 -shared -L/home/biocbuild/bbs-3.12-bioc/R/lib -L/usr/local/lib -o ExpressionView.so order.o orderclusters.o -L/home/biocbuild/bbs-3.12-bioc/R/lib -lR installing to /home/biocbuild/bbs-3.12-bioc/R/library/00LOCK-ExpressionView/00new/ExpressionView/libs ** R ** inst ** byte-compile and prepare package for lazy loading Warning message: Package 'KEGG.db' is deprecated and will be removed from Bioconductor version 3.12 in method for ‘ExportEV’ with signature ‘biclusters="Biclust"’: no definition for class “Biclust” ** help *** installing help indices ** building package indices ** installing vignettes ** testing if installed package can be loaded from temporary location Warning: Package 'KEGG.db' is deprecated and will be removed from Bioconductor version 3.12 ** checking absolute paths in shared objects and dynamic libraries ** testing if installed package can be loaded from final location Warning: Package 'KEGG.db' is deprecated and will be removed from Bioconductor version 3.12 ** testing if installed package keeps a record of temporary installation path * DONE (ExpressionView)
ExpressionView.Rcheck/ExpressionView-Ex.timings
| name | user | system | elapsed | |
| ExportEV | 6.972 | 0.076 | 7.078 | |
| LaunchEV | 0 | 0 | 0 | |
| OrderEV | 2.288 | 0.020 | 2.310 | |