| Back to Multiple platform build/check report for BioC 3.12 |
|
This page was generated on 2021-05-06 12:30:16 -0400 (Thu, 06 May 2021).
|
To the developers/maintainers of the ClassifyR package: Please make sure to use the following settings in order to reproduce any error or warning you see on this page. |
| Package 308/1974 | Hostname | OS / Arch | INSTALL | BUILD | CHECK | BUILD BIN | ||||||||
| ClassifyR 2.10.0 (landing page) Dario Strbenac
| malbec1 | Linux (Ubuntu 18.04.5 LTS) / x86_64 | OK | OK | OK | |||||||||
| tokay1 | Windows Server 2012 R2 Standard / x64 | OK | OK | WARNINGS | OK | |||||||||
| merida1 | macOS 10.14.6 Mojave / x86_64 | OK | OK | OK | OK | |||||||||
| Package: ClassifyR |
| Version: 2.10.0 |
| Command: C:\Users\biocbuild\bbs-3.12-bioc\R\bin\R.exe CMD check --force-multiarch --install=check:ClassifyR.install-out.txt --library=C:\Users\biocbuild\bbs-3.12-bioc\R\library --no-vignettes --timings ClassifyR_2.10.0.tar.gz |
| StartedAt: 2021-05-06 01:28:10 -0400 (Thu, 06 May 2021) |
| EndedAt: 2021-05-06 01:46:51 -0400 (Thu, 06 May 2021) |
| EllapsedTime: 1121.6 seconds |
| RetCode: 0 |
| Status: WARNINGS |
| CheckDir: ClassifyR.Rcheck |
| Warnings: 1 |
##############################################################################
##############################################################################
###
### Running command:
###
### C:\Users\biocbuild\bbs-3.12-bioc\R\bin\R.exe CMD check --force-multiarch --install=check:ClassifyR.install-out.txt --library=C:\Users\biocbuild\bbs-3.12-bioc\R\library --no-vignettes --timings ClassifyR_2.10.0.tar.gz
###
##############################################################################
##############################################################################
* using log directory 'C:/Users/biocbuild/bbs-3.12-bioc/meat/ClassifyR.Rcheck'
* using R version 4.0.5 (2021-03-31)
* using platform: x86_64-w64-mingw32 (64-bit)
* using session charset: ISO8859-1
* using option '--no-vignettes'
* checking for file 'ClassifyR/DESCRIPTION' ... OK
* checking extension type ... Package
* this is package 'ClassifyR' version '2.10.0'
* checking package namespace information ... OK
* checking package dependencies ... OK
* checking if this is a source package ... OK
* checking if there is a namespace ... OK
* checking for hidden files and directories ... OK
* checking for portable file names ... OK
* checking whether package 'ClassifyR' can be installed ... WARNING
Found the following significant warnings:
Rd warning: C:/Users/biocbuild/bbs-3.12-bioc/tmpdir/RtmpqAyxco/R.INSTALL25a47c0b2639/ClassifyR/man/differentMeansSelection.Rd:40: file link 'rowttests' in package 'genefilter' does not exist and so has been treated as a topic
Rd warning: C:/Users/biocbuild/bbs-3.12-bioc/tmpdir/RtmpqAyxco/R.INSTALL25a47c0b2639/ClassifyR/man/distribution.Rd:32: file link 'stat_density' in package 'ggplot2' does not exist and so has been treated as a topic
Rd warning: C:/Users/biocbuild/bbs-3.12-bioc/tmpdir/RtmpqAyxco/R.INSTALL25a47c0b2639/ClassifyR/man/edgeRselection.Rd:45: file link 'edgeR' in package 'edgeR' does not exist and so has been treated as a topic
See 'C:/Users/biocbuild/bbs-3.12-bioc/meat/ClassifyR.Rcheck/00install.out' for details.
* checking installed package size ... OK
* checking package directory ... OK
* checking 'build' directory ... OK
* checking DESCRIPTION meta-information ... OK
* checking top-level files ... OK
* checking for left-over files ... OK
* checking index information ... OK
* checking package subdirectories ... OK
* checking R files for non-ASCII characters ... OK
* checking R files for syntax errors ... OK
* loading checks for arch 'i386'
** checking whether the package can be loaded ... OK
** checking whether the package can be loaded with stated dependencies ... OK
** checking whether the package can be unloaded cleanly ... OK
** checking whether the namespace can be loaded with stated dependencies ... OK
** checking whether the namespace can be unloaded cleanly ... OK
* loading checks for arch 'x64'
** checking whether the package can be loaded ... OK
** checking whether the package can be loaded with stated dependencies ... OK
** checking whether the package can be unloaded cleanly ... OK
** checking whether the namespace can be loaded with stated dependencies ... OK
** checking whether the namespace can be unloaded cleanly ... OK
* checking dependencies in R code ... OK
* checking S3 generic/method consistency ... OK
* checking replacement functions ... OK
* checking foreign function calls ... OK
* checking R code for possible problems ... NOTE
.posterior_probs : <anonymous>: no visible global function definition
for 'dmvnorm'
easyHardClassifierPredict,EasyHardClassifier-MultiAssayExperiment: no
visible binding for global variable 'measurements'
kTSPclassifier,DataFrame : <anonymous>: no visible global function
definition for 'Pairs'
plotFeatureClasses,DataFrame : <anonymous>: no visible binding for
global variable 'measurement'
plotFeatureClasses,DataFrame : <anonymous>: no visible binding for
global variable '..density..'
plotFeatureClasses,DataFrame : <anonymous>: no visible binding for
global variable 'legends grouping'
plotFeatureClasses,DataFrame : <anonymous>: no visible binding for
global variable 'key'
plotFeatureClasses,DataFrame : <anonymous>: no visible binding for
global variable 'value'
plotFeatureClasses,DataFrame : <anonymous>: no visible binding for
global variable 'ID'
rankingPlot,list : <anonymous> : <anonymous>: no visible global
function definition for 'first'
rankingPlot,list : <anonymous> : <anonymous>: no visible global
function definition for 'second'
rankingPlot,list : <anonymous> : <anonymous> : <anonymous>: no visible
global function definition for 'first'
rankingPlot,list : <anonymous> : <anonymous> : <anonymous>: no visible
global function definition for 'second'
runTest,DataFrame: no visible binding for global variable 'setsNodes'
runTestEasyHard,MultiAssayExperiment: no visible binding for global
variable 'setsNodes'
runTests,DataFrame: no visible binding for global variable 'setsNodes'
runTestsEasyHard,MultiAssayExperiment: no visible binding for global
variable 'setsNodes'
runTestsEasyHard,MultiAssayExperiment: no visible binding for global
variable '.iteration'
samplesMetricMap,list: no visible binding for global variable 'Class'
samplesMetricMap,list: no visible binding for global variable 'Group'
samplesMetricMap,list: no visible binding for global variable
'measurements'
samplesMetricMap,list: no visible binding for global variable 'name'
samplesMetricMap,list: no visible binding for global variable 'type'
samplesMetricMap,list: no visible binding for global variable 'Metric'
samplesMetricMap,matrix: no visible binding for global variable 'Class'
samplesMetricMap,matrix: no visible binding for global variable 'Group'
samplesMetricMap,matrix: no visible binding for global variable
'measurements'
samplesMetricMap,matrix: no visible binding for global variable 'name'
samplesMetricMap,matrix: no visible binding for global variable 'type'
samplesMetricMap,matrix: no visible binding for global variable
'Metric'
selectionPlot,list : <anonymous> : <anonymous>: no visible global
function definition for 'first'
selectionPlot,list : <anonymous> : <anonymous>: no visible global
function definition for 'second'
selectionPlot,list : <anonymous> : <anonymous> : <anonymous>: no
visible global function definition for 'first'
selectionPlot,list : <anonymous> : <anonymous> : <anonymous>: no
visible global function definition for 'second'
selectionPlot,list: no visible binding for global variable 'Freq'
Undefined global functions or variables:
..density.. .iteration Class Freq Group ID Metric Pairs dmvnorm first
key legends grouping measurement measurements name second setsNodes
type value
Consider adding
importFrom("base", "grouping")
to your NAMESPACE file.
* checking Rd files ... OK
* checking Rd metadata ... OK
* checking Rd cross-references ... OK
* checking for missing documentation entries ... OK
* checking for code/documentation mismatches ... OK
* checking Rd \usage sections ... OK
* checking Rd contents ... OK
* checking for unstated dependencies in examples ... OK
* checking contents of 'data' directory ... OK
* checking data for non-ASCII characters ... OK
* checking data for ASCII and uncompressed saves ... OK
* checking files in 'vignettes' ... OK
* checking examples ...
** running examples for arch 'i386' ... OK
Examples with CPU (user + system) or elapsed time > 5s
user system elapsed
ClassifyResult-class 11.50 1.33 83.69
DMDselection 5.58 0.25 5.82
runTests 3.44 0.44 65.72
distribution 2.29 0.39 46.06
rankingPlot 2.36 0.04 13.41
selectionPlot 2.11 0.02 11.90
previousSelection 1.64 0.03 49.81
previousTrained 1.55 0.01 41.89
elasticNetFeatures 1.16 0.09 40.25
elasticNetGLMinterface 1.11 0.06 45.00
** running examples for arch 'x64' ... OK
Examples with CPU (user + system) or elapsed time > 5s
user system elapsed
ClassifyResult-class 8.53 0.80 76.66
DMDselection 7.72 0.25 7.96
runTests 2.67 0.30 66.42
distribution 2.59 0.34 44.73
selectionPlot 1.94 0.03 10.47
previousTrained 1.88 0.00 55.14
rankingPlot 1.75 0.00 13.58
previousSelection 1.71 0.02 44.60
elasticNetFeatures 1.09 0.01 46.84
elasticNetGLMinterface 0.97 0.03 37.77
* checking for unstated dependencies in vignettes ... OK
* checking package vignettes in 'inst/doc' ... OK
* checking running R code from vignettes ... SKIPPED
* checking re-building of vignette outputs ... SKIPPED
* checking PDF version of manual ... OK
* DONE
Status: 1 WARNING, 1 NOTE
See
'C:/Users/biocbuild/bbs-3.12-bioc/meat/ClassifyR.Rcheck/00check.log'
for details.
ClassifyR.Rcheck/00install.out
##############################################################################
##############################################################################
###
### Running command:
###
### C:\cygwin\bin\curl.exe -O http://172.29.0.3/BBS/3.12/bioc/src/contrib/ClassifyR_2.10.0.tar.gz && rm -rf ClassifyR.buildbin-libdir && mkdir ClassifyR.buildbin-libdir && C:\Users\biocbuild\bbs-3.12-bioc\R\bin\R.exe CMD INSTALL --merge-multiarch --build --library=ClassifyR.buildbin-libdir ClassifyR_2.10.0.tar.gz && C:\Users\biocbuild\bbs-3.12-bioc\R\bin\R.exe CMD INSTALL ClassifyR_2.10.0.zip && rm ClassifyR_2.10.0.tar.gz ClassifyR_2.10.0.zip
###
##############################################################################
##############################################################################
% Total % Received % Xferd Average Speed Time Time Time Current
Dload Upload Total Spent Left Speed
0 0 0 0 0 0 0 0 --:--:-- --:--:-- --:--:-- 0
100 1009k 100 1009k 0 0 36.5M 0 --:--:-- --:--:-- --:--:-- 37.9M
install for i386
* installing *source* package 'ClassifyR' ...
** using staged installation
** R
** data
** inst
** byte-compile and prepare package for lazy loading
** help
*** installing help indices
converting help for package 'ClassifyR'
finding HTML links ... done
ClassifyResult-class html
finding level-2 HTML links ... done
DLDAinterface html
DMDselection html
EasyHardClassifier-class html
FeatureSetCollection-class html
FeatureSetCollectionOrNULL-class html
KolmogorovSmirnovSelection html
KullbackLeiblerSelection html
MixModelsListsSet-class html
NSCpredictInterface html
NSCselectionInterface html
NSCtrainInterface html
PredictParams-class html
ROCplot html
ResubstituteParams-class html
SVMinterface html
SelectParams-class html
SelectResult-class html
TrainParams-class html
TransformParams-class html
asthmaDataset html
bartlettSelection html
calcPerformance html
characterOrDataFrame-class html
classifyInterface html
differentMeansSelection html
Rd warning: C:/Users/biocbuild/bbs-3.12-bioc/tmpdir/RtmpqAyxco/R.INSTALL25a47c0b2639/ClassifyR/man/differentMeansSelection.Rd:40: file link 'rowttests' in package 'genefilter' does not exist and so has been treated as a topic
distribution html
Rd warning: C:/Users/biocbuild/bbs-3.12-bioc/tmpdir/RtmpqAyxco/R.INSTALL25a47c0b2639/ClassifyR/man/distribution.Rd:32: file link 'stat_density' in package 'ggplot2' does not exist and so has been treated as a topic
dlda-class html
easyHardClassifier html
easyHardFeatures html
edgeRselection html
Rd warning: C:/Users/biocbuild/bbs-3.12-bioc/tmpdir/RtmpqAyxco/R.INSTALL25a47c0b2639/ClassifyR/man/edgeRselection.Rd:45: file link 'edgeR' in package 'edgeR' does not exist and so has been treated as a topic
edgesToHubNetworks html
elasticNetFeatures html
elasticNetGLMinterface html
featureSetSummary html
fisherDiscriminant html
forestFeatures html
functionOrList-class html
functionOrNULL-class html
getLocationsAndScales html
integerOrNumeric-class html
interactorDifferences html
kTSPclassifier html
knnInterface html
leveneSelection html
likelihoodRatioSelection html
limmaSelection html
listOrCharacterOrNULL-class html
listOrNULL-class html
mixmodels html
multnet-class html
naiveBayesKernel html
networkCorrelationsSelection html
pairsDifferencesSelection html
pamrtrained-class html
performancePlot html
plotFeatureClasses html
previousSelection html
previousTrained html
randomForest-class html
randomForestInterface html
rankingPlot html
runTest html
runTests html
samplesMetricMap html
selectionPlot html
subtractFromLocation html
svm-class html
** building package indices
** installing vignettes
** testing if installed package can be loaded from temporary location
** testing if installed package can be loaded from final location
** testing if installed package keeps a record of temporary installation path
install for x64
* installing *source* package 'ClassifyR' ...
** testing if installed package can be loaded
* MD5 sums
packaged installation of 'ClassifyR' as ClassifyR_2.10.0.zip
* DONE (ClassifyR)
* installing to library 'C:/Users/biocbuild/bbs-3.12-bioc/R/library'
package 'ClassifyR' successfully unpacked and MD5 sums checked
|
ClassifyR.Rcheck/examples_i386/ClassifyR-Ex.timings
|
ClassifyR.Rcheck/examples_x64/ClassifyR-Ex.timings
|