| Back to Build/check report for BioC 3.11 experimental data |
This page was generated on 2020-10-15 20:45:44 -0400 (Thu, 15 Oct 2020).
| TO THE DEVELOPERS/MAINTAINERS OF THE breastCancerUNT PACKAGE: Please make sure to use the following settings in order to reproduce any error or warning you see on this page. |
| Package 38/391 | Hostname | OS / Arch | INSTALL | BUILD | CHECK | ||||||
| breastCancerUNT 1.26.0 Markus Schroeder
| malbec2 | Linux (Ubuntu 18.04.4 LTS) / x86_64 | OK | OK | [ WARNINGS ] |
| Package: breastCancerUNT |
| Version: 1.26.0 |
| Command: /home/biocbuild/bbs-3.11-bioc/R/bin/R CMD check --install=check:breastCancerUNT.install-out.txt --library=/home/biocbuild/bbs-3.11-bioc/R/library --no-vignettes --timings breastCancerUNT_1.26.0.tar.gz |
| StartedAt: 2020-10-15 12:59:15 -0400 (Thu, 15 Oct 2020) |
| EndedAt: 2020-10-15 13:00:51 -0400 (Thu, 15 Oct 2020) |
| EllapsedTime: 96.4 seconds |
| RetCode: 0 |
| Status: WARNINGS |
| CheckDir: breastCancerUNT.Rcheck |
| Warnings: 1 |
##############################################################################
##############################################################################
###
### Running command:
###
### /home/biocbuild/bbs-3.11-bioc/R/bin/R CMD check --install=check:breastCancerUNT.install-out.txt --library=/home/biocbuild/bbs-3.11-bioc/R/library --no-vignettes --timings breastCancerUNT_1.26.0.tar.gz
###
##############################################################################
##############################################################################
* using log directory ‘/home/biocbuild/bbs-3.11-data-experiment/meat/breastCancerUNT.Rcheck’
* using R version 4.0.3 (2020-10-10)
* using platform: x86_64-pc-linux-gnu (64-bit)
* using session charset: UTF-8
* using option ‘--no-vignettes’
* checking for file ‘breastCancerUNT/DESCRIPTION’ ... OK
* checking extension type ... Package
* this is package ‘breastCancerUNT’ version ‘1.26.0’
* checking package namespace information ... OK
* checking package dependencies ... OK
* checking if this is a source package ... OK
* checking if there is a namespace ... OK
* checking for hidden files and directories ... OK
* checking for portable file names ... OK
* checking for sufficient/correct file permissions ... OK
* checking whether package ‘breastCancerUNT’ can be installed ... OK
* checking installed package size ... NOTE
installed size is 48.4Mb
sub-directories of 1Mb or more:
data 48.4Mb
* checking package directory ... OK
* checking DESCRIPTION meta-information ... OK
* checking top-level files ... OK
* checking for left-over files ... OK
* checking index information ... OK
* checking package subdirectories ... OK
* checking whether the package can be loaded ... OK
* checking whether the package can be loaded with stated dependencies ... OK
* checking whether the package can be unloaded cleanly ... OK
* checking whether the namespace can be loaded with stated dependencies ... OK
* checking whether the namespace can be unloaded cleanly ... OK
* checking Rd files ... OK
* checking Rd metadata ... OK
* checking Rd cross-references ... OK
* checking for missing documentation entries ... OK
* checking for code/documentation mismatches ... OK
* checking Rd \usage sections ... OK
* checking Rd contents ... OK
* checking for unstated dependencies in examples ... OK
* checking contents of ‘data’ directory ... OK
* checking data for non-ASCII characters ... OK
* checking data for ASCII and uncompressed saves ... WARNING
Note: significantly better compression could be obtained
by using R CMD build --resave-data
old_size new_size compress
unt.rda 48.4Mb 42.0Mb xz
* checking examples ... OK
* checking PDF version of manual ... OK
* DONE
Status: 1 WARNING, 1 NOTE
See
‘/home/biocbuild/bbs-3.11-data-experiment/meat/breastCancerUNT.Rcheck/00check.log’
for details.
breastCancerUNT.Rcheck/00install.out
############################################################################## ############################################################################## ### ### Running command: ### ### /home/biocbuild/bbs-3.11-bioc/R/bin/R CMD INSTALL breastCancerUNT ### ############################################################################## ############################################################################## * installing to library ‘/home/biocbuild/bbs-3.11-bioc/R/library’ * installing *source* package ‘breastCancerUNT’ ... ** using staged installation ** data ** help *** installing help indices ** building package indices ** testing if installed package can be loaded from temporary location ** testing if installed package can be loaded from final location ** testing if installed package keeps a record of temporary installation path * DONE (breastCancerUNT)
breastCancerUNT.Rcheck/breastCancerUNT-Ex.timings
| name | user | system | elapsed | |
| unt | 1.559 | 0.053 | 1.611 | |