| Back to Build/check report for BioC 3.11 experimental data |
This page was generated on 2020-10-15 20:45:58 -0400 (Thu, 15 Oct 2020).
| TO THE DEVELOPERS/MAINTAINERS OF THE RIPSeekerData PACKAGE: Please make sure to use the following settings in order to reproduce any error or warning you see on this page. |
| Package 301/391 | Hostname | OS / Arch | INSTALL | BUILD | CHECK | ||||||
Alejandro Reyes
| malbec2 | Linux (Ubuntu 18.04.4 LTS) / x86_64 | OK | OK | [ WARNINGS ] |
| Package: RIPSeekerData |
| Version: 1.24.0 |
| Command: /home/biocbuild/bbs-3.11-bioc/R/bin/R CMD check --install=check:RIPSeekerData.install-out.txt --library=/home/biocbuild/bbs-3.11-bioc/R/library --no-vignettes --timings RIPSeekerData_1.24.0.tar.gz |
| StartedAt: 2020-10-15 14:01:32 -0400 (Thu, 15 Oct 2020) |
| EndedAt: 2020-10-15 14:03:33 -0400 (Thu, 15 Oct 2020) |
| EllapsedTime: 121.0 seconds |
| RetCode: 0 |
| Status: WARNINGS |
| CheckDir: RIPSeekerData.Rcheck |
| Warnings: 2 |
##############################################################################
##############################################################################
###
### Running command:
###
### /home/biocbuild/bbs-3.11-bioc/R/bin/R CMD check --install=check:RIPSeekerData.install-out.txt --library=/home/biocbuild/bbs-3.11-bioc/R/library --no-vignettes --timings RIPSeekerData_1.24.0.tar.gz
###
##############################################################################
##############################################################################
* using log directory ‘/home/biocbuild/bbs-3.11-data-experiment/meat/RIPSeekerData.Rcheck’
* using R version 4.0.3 (2020-10-10)
* using platform: x86_64-pc-linux-gnu (64-bit)
* using session charset: UTF-8
* using option ‘--no-vignettes’
* checking for file ‘RIPSeekerData/DESCRIPTION’ ... OK
* this is package ‘RIPSeekerData’ version ‘1.24.0’
* checking package namespace information ... OK
* checking package dependencies ... OK
* checking if this is a source package ... OK
* checking if there is a namespace ... OK
* checking for hidden files and directories ... OK
* checking for portable file names ... OK
* checking for sufficient/correct file permissions ... OK
* checking whether package ‘RIPSeekerData’ can be installed ... WARNING
Found the following significant warnings:
Warning: Package 'RIPSeeker' is deprecated and will be removed from Bioconductor
Warning: Package 'RIPSeekerData' is deprecated and will be removed from
See ‘/home/biocbuild/bbs-3.11-data-experiment/meat/RIPSeekerData.Rcheck/00install.out’ for details.
* checking installed package size ... NOTE
installed size is 65.9Mb
sub-directories of 1Mb or more:
extdata 65.8Mb
* checking package directory ... OK
* checking ‘build’ directory ... OK
* checking DESCRIPTION meta-information ... OK
* checking top-level files ... OK
* checking for left-over files ... OK
* checking index information ... OK
* checking package subdirectories ... OK
* checking R files for non-ASCII characters ... OK
* checking R files for syntax errors ... OK
* checking whether the package can be loaded ... OK
* checking whether the package can be loaded with stated dependencies ... OK
* checking whether the package can be unloaded cleanly ... OK
* checking whether the namespace can be loaded with stated dependencies ... OK
* checking whether the namespace can be unloaded cleanly ... OK
* checking dependencies in R code ... NOTE
Package in Depends field not imported from: ‘RIPSeeker’
These packages need to be imported from (in the NAMESPACE file)
for when this namespace is loaded but not attached.
* checking S3 generic/method consistency ... OK
* checking replacement functions ... OK
* checking foreign function calls ... OK
* checking R code for possible problems ... OK
* checking Rd files ... OK
* checking Rd metadata ... OK
* checking Rd cross-references ... WARNING
Missing link or links in documentation object 'RIPSeekerData.Rd':
‘[GenomicRanges]{GappedAlignments}’
See section 'Cross-references' in the 'Writing R Extensions' manual.
* checking for missing documentation entries ... OK
* checking for code/documentation mismatches ... OK
* checking Rd \usage sections ... OK
* checking Rd contents ... OK
* checking for unstated dependencies in examples ... OK
* checking files in ‘vignettes’ ... OK
* checking examples ... NONE
* checking for unstated dependencies in vignettes ... OK
* checking package vignettes in ‘inst/doc’ ... OK
* checking running R code from vignettes ... SKIPPED
* checking re-building of vignette outputs ... SKIPPED
* checking PDF version of manual ... OK
* DONE
Status: 2 WARNINGs, 2 NOTEs
See
‘/home/biocbuild/bbs-3.11-data-experiment/meat/RIPSeekerData.Rcheck/00check.log’
for details.
RIPSeekerData.Rcheck/00install.out
############################################################################## ############################################################################## ### ### Running command: ### ### /home/biocbuild/bbs-3.11-bioc/R/bin/R CMD INSTALL RIPSeekerData ### ############################################################################## ############################################################################## * installing to library ‘/home/biocbuild/bbs-3.11-bioc/R/library’ * installing *source* package ‘RIPSeekerData’ ... ** using staged installation ** R ** inst ** byte-compile and prepare package for lazy loading Warning message: Package 'RIPSeeker' is deprecated and will be removed from Bioconductor version 3.12 ** help *** installing help indices ** building package indices ** installing vignettes ** testing if installed package can be loaded from temporary location Warning: Package 'RIPSeeker' is deprecated and will be removed from Bioconductor version 3.12 Warning: Package 'RIPSeekerData' is deprecated and will be removed from Bioconductor version 3.12 ** testing if installed package can be loaded from final location Warning: Package 'RIPSeeker' is deprecated and will be removed from Bioconductor version 3.12 Warning: Package 'RIPSeekerData' is deprecated and will be removed from Bioconductor version 3.12 ** testing if installed package keeps a record of temporary installation path * DONE (RIPSeekerData)