| Back to Build/check report for BioC 3.11 experimental data |
This page was generated on 2020-10-15 20:45:52 -0400 (Thu, 15 Oct 2020).
| TO THE DEVELOPERS/MAINTAINERS OF THE MTseekerData PACKAGE: Please make sure to use the following settings in order to reproduce any error or warning you see on this page. |
| Package 243/391 | Hostname | OS / Arch | INSTALL | BUILD | CHECK | ||||||
Tim Triche, Jr.
| malbec2 | Linux (Ubuntu 18.04.4 LTS) / x86_64 | OK | OK | [ WARNINGS ] |
| Package: MTseekerData |
| Version: 1.6.0 |
| Command: /home/biocbuild/bbs-3.11-bioc/R/bin/R CMD check --install=check:MTseekerData.install-out.txt --library=/home/biocbuild/bbs-3.11-bioc/R/library --no-vignettes --timings MTseekerData_1.6.0.tar.gz |
| StartedAt: 2020-10-15 13:48:06 -0400 (Thu, 15 Oct 2020) |
| EndedAt: 2020-10-15 13:54:59 -0400 (Thu, 15 Oct 2020) |
| EllapsedTime: 413.4 seconds |
| RetCode: 0 |
| Status: WARNINGS |
| CheckDir: MTseekerData.Rcheck |
| Warnings: 3 |
##############################################################################
##############################################################################
###
### Running command:
###
### /home/biocbuild/bbs-3.11-bioc/R/bin/R CMD check --install=check:MTseekerData.install-out.txt --library=/home/biocbuild/bbs-3.11-bioc/R/library --no-vignettes --timings MTseekerData_1.6.0.tar.gz
###
##############################################################################
##############################################################################
* using log directory ‘/home/biocbuild/bbs-3.11-data-experiment/meat/MTseekerData.Rcheck’
* using R version 4.0.3 (2020-10-10)
* using platform: x86_64-pc-linux-gnu (64-bit)
* using session charset: UTF-8
* using option ‘--no-vignettes’
* checking for file ‘MTseekerData/DESCRIPTION’ ... OK
* checking extension type ... Package
* this is package ‘MTseekerData’ version ‘1.6.0’
* package encoding: UTF-8
* checking package namespace information ... OK
* checking package dependencies ... OK
* checking if this is a source package ... OK
* checking if there is a namespace ... OK
* checking for hidden files and directories ... OK
* checking for portable file names ... OK
* checking for sufficient/correct file permissions ... OK
* checking whether package ‘MTseekerData’ can be installed ... WARNING
Found the following significant warnings:
Warning: Package 'MTseekerData' is deprecated and will be removed from
See ‘/home/biocbuild/bbs-3.11-data-experiment/meat/MTseekerData.Rcheck/00install.out’ for details.
* checking installed package size ... NOTE
installed size is 15.0Mb
sub-directories of 1Mb or more:
extdata 14.7Mb
* checking package directory ... OK
* checking DESCRIPTION meta-information ... OK
* checking top-level files ... OK
* checking for left-over files ... OK
* checking index information ... OK
* checking package subdirectories ... OK
* checking R files for non-ASCII characters ... OK
* checking R files for syntax errors ... OK
* checking whether the package can be loaded ... OK
* checking whether the package can be loaded with stated dependencies ... OK
* checking whether the package can be unloaded cleanly ... OK
* checking whether the namespace can be loaded with stated dependencies ... OK
* checking whether the namespace can be unloaded cleanly ... OK
* checking dependencies in R code ... NOTE
Namespaces in Imports field not imported from:
‘GenomeInfoDb’ ‘IRanges’
All declared Imports should be used.
* checking S3 generic/method consistency ... OK
* checking replacement functions ... OK
* checking foreign function calls ... OK
* checking R code for possible problems ... OK
* checking Rd files ... OK
* checking Rd metadata ... OK
* checking Rd cross-references ... OK
* checking for missing documentation entries ... OK
* checking for code/documentation mismatches ... WARNING
Codoc mismatches from documentation object '.onAttach':
.onAttach
Code: function(libname, pkgname)
Docs: function(lib, pkgname = "MTseekerData")
Argument names in code not in docs:
libname
Argument names in docs not in code:
lib
Mismatches in argument names:
Position: 1 Code: libname Docs: lib
Mismatches in argument default values:
Name: 'pkgname' Code: Docs: "MTseekerData"
* checking Rd \usage sections ... OK
* checking Rd contents ... OK
* checking for unstated dependencies in examples ... OK
* checking contents of ‘data’ directory ... OK
* checking data for non-ASCII characters ... WARNING
Error loading dataset 'RONKSvariants':
Error in .requirePackage(package) :
unable to find required package 'MTseeker'
The dataset(s) may use package(s) not declared in the DESCRIPTION file.
* checking data for ASCII and uncompressed saves ... OK
* checking examples ... OK
* checking PDF version of manual ... OK
* DONE
Status: 3 WARNINGs, 2 NOTEs
See
‘/home/biocbuild/bbs-3.11-data-experiment/meat/MTseekerData.Rcheck/00check.log’
for details.
MTseekerData.Rcheck/00install.out
############################################################################## ############################################################################## ### ### Running command: ### ### /home/biocbuild/bbs-3.11-bioc/R/bin/R CMD INSTALL MTseekerData ### ############################################################################## ############################################################################## * installing to library ‘/home/biocbuild/bbs-3.11-bioc/R/library’ * installing *source* package ‘MTseekerData’ ... ** using staged installation ** R ** data ** inst ** byte-compile and prepare package for lazy loading ** help *** installing help indices ** building package indices ** testing if installed package can be loaded from temporary location Warning: Package 'MTseekerData' is deprecated and will be removed from Bioconductor version 3.12 ** testing if installed package can be loaded from final location Warning: Package 'MTseekerData' is deprecated and will be removed from Bioconductor version 3.12 ** testing if installed package keeps a record of temporary installation path * DONE (MTseekerData)
MTseekerData.Rcheck/MTseekerData-Ex.timings
| name | user | system | elapsed | |
| RONKSvariants | 1.137 | 0.052 | 1.189 | |
| mitocarta2.hg19 | 0.075 | 0.000 | 0.076 | |
| mitocarta2.mm10 | 0.049 | 0.000 | 0.049 | |