This page was generated on 2020-04-15 03:20:14 -0400 (Wed, 15 Apr 2020).
ggbio 1.35.2 Michael Lawrence
Snapshot Date: 2020-04-14 17:00:05 -0400 (Tue, 14 Apr 2020) |
URL: https://git.bioconductor.org/packages/ggbio |
Branch: master |
Last Commit: 6bc94f4 |
Last Changed Date: 2020-04-09 16:39:52 -0400 (Thu, 09 Apr 2020) |
| tokay2 | Windows Server 2012 R2 Standard / x64 | OK | [ ERROR ] | skipped | skipped |
##############################################################################
##############################################################################
###
### Running command:
###
### chmod a+r ggbio -R && C:\Users\bioctesting\bbs-3.11-bioc-testing\R\bin\R.exe CMD build --keep-empty-dirs --no-resave-data ggbio
###
##############################################################################
##############################################################################
* checking for file 'ggbio/DESCRIPTION' ... OK
* preparing 'ggbio':
* checking DESCRIPTION meta-information ... OK
* installing the package to build vignettes
* creating vignettes ... ERROR
--- re-building 'ggbio.Rnw' using Sweave
--- finished re-building 'ggbio.Rnw'
cp realvignettes/*.Rnw .
C:/Users/BIOCTE~1/BBS-3~1.11-/R/bin/Rscript -e "library(knitr); knit2pdf('ggbio.Rnw')"
processing file: ggbio.Rnw
|
| | 0%
|
|. | 1%
ordinary text without R code
|
|. | 2%
label: style-knitr (with options)
List of 3
$ eval : logi TRUE
$ echo : logi FALSE
$ results: chr "asis"
|
|.. | 2%
ordinary text without R code
|
|.. | 3%
label: setup (with options)
List of 4
$ include: logi FALSE
$ cache : logi FALSE
$ eval : logi TRUE
$ echo : logi FALSE
|
|... | 4%
ordinary text without R code
|
|... | 5%
label: citation
|
|.... | 6%
ordinary text without R code
label: unnamed-chunk-1
|
|..... | 7%
ordinary text without R code
|
|...... | 8%
label: unnamed-chunk-2
|
|...... | 9%
ordinary text without R code
|
|....... | 10%
label: unnamed-chunk-3
ordinary text without R code
|
|........ | 11%
label: unnamed-chunk-4 (with options)
List of 2
$ fig.width : num 5.5
$ fig.height: num 1.5
Loading required package: BiocGenerics
Loading required package: parallel
Attaching package: 'BiocGenerics'
The following objects are masked from 'package:parallel':
clusterApply, clusterApplyLB, clusterCall, clusterEvalQ,
clusterExport, clusterMap, parApply, parCapply, parLapply,
parLapplyLB, parRapply, parSapply, parSapplyLB
The following objects are masked from 'package:stats':
IQR, mad, sd, var, xtabs
The following objects are masked from 'package:base':
Filter, Find, Map, Position, Reduce, anyDuplicated, append,
as.data.frame, basename, cbind, colnames, dirname, do.call,
duplicated, eval, evalq, get, grep, grepl, intersect, is.unsorted,
lapply, mapply, match, mget, order, paste, pmax, pmax.int, pmin,
pmin.int, rank, rbind, rownames, sapply, setdiff, sort, table,
tapply, union, unique, unsplit, which, which.max, which.min
Loading required package: ggplot2
Registered S3 method overwritten by 'GGally':
method from
+.gg ggplot2
Need specific help about ggbio? try mailing
the maintainer or visit http://tengfei.github.com/ggbio/
Attaching package: 'ggbio'
The following objects are masked from 'package:ggplot2':
geom_bar, geom_rect, geom_segment, ggsave, stat_bin, stat_identity,
xlim
use chr1 automatically
Loading required package: stats4
Loading required package: S4Vectors
Attaching package: 'S4Vectors'
The following object is masked from 'package:base':
expand.grid
Loading required package: IRanges
Attaching package: 'IRanges'
The following object is masked from 'package:grDevices':
windows
Loading required package: GenomeInfoDb
ERROR: Windows API error 5: Access is denied.
ERROR: Info: path="cprogramdatamiktex2.9miktexdatale1756f6ade37d5f870f23c05a7f81e257.fndb-5"
ERROR: Source: Libraries\MiKTeX\Core\MemoryMappedFile\win\winMemoryMappedFile.cpp
ERROR: Line: 111
Sorry, but pdfcrop.exe did not succeed.
ERROR: Windows API error 5: Access is denied.
ERROR: Info: path="cprogramdatamiktex2.9miktexdatale1756f6ade37d5f870f23c05a7f81e257.fndb-5"
ERROR: Source: Libraries\MiKTeX\Core\MemoryMappedFile\win\winMemoryMappedFile.cpp
ERROR: Line: 111
Sorry, but pdfcrop.exe did not succeed.
|
|........ | 12%
ordinary text without R code
|
|......... | 13%
label: unnamed-chunk-5
Loading required package: AnnotationDbi
Loading required package: Biobase
Welcome to Bioconductor
Vignettes contain introductory material; view with
'browseVignettes()'. To cite Bioconductor, see
'citation("Biobase")', and for packages 'citation("pkgname")'.
Loading required package: OrganismDbi
Loading required package: GenomicFeatures
Loading required package: GO.db
Loading required package: org.Hs.eg.db
Loading required package: TxDb.Hsapiens.UCSC.hg19.knownGene
Parsing transcripts...
Parsing exons...
Parsing cds...
Parsing utrs...
------exons...
------cdss...
------introns...
------utr...
aggregating...
Done
'select()' returned 1:1 mapping between keys and columns
Constructing graphics...
Parsing transcripts...
Parsing exons...
Parsing cds...
Parsing utrs...
------exons...
------cdss...
------introns...
------utr...
aggregating...
Done
'select()' returned 1:1 mapping between keys and columns
Constructing graphics...
ERROR: Windows API error 5: Access is denied.
ERROR: Info: path="cprogramdatamiktex2.9miktexdatale1756f6ade37d5f870f23c05a7f81e257.fndb-5"
ERROR: Source: Libraries\MiKTeX\Core\MemoryMappedFile\win\winMemoryMappedFile.cpp
ERROR: Line: 111
Sorry, but "C:\Program Files\MiKTeX 2.9\miktex\bin\x64\pdftex.exe" did not succeed.
!!! Error: pdfTeX run failed with value 127!
ERROR: Windows API error 5: Access is denied.
ERROR: Info: path="cprogramdatamiktex2.9miktexdatale1756f6ade37d5f870f23c05a7f81e257.fndb-5"
ERROR: Source: Libraries\MiKTeX\Core\MemoryMappedFile\win\winMemoryMappedFile.cpp
ERROR: Line: 111
Sorry, but pdfcrop.exe did not succeed.
|
|.......... | 14%
ordinary text without R code
label: unnamed-chunk-6
Parsing transcripts...
Parsing exons...
Parsing cds...
Parsing utrs...
------exons...
------cdss...
------introns...
------utr...
aggregating...
Done
'select()' returned 1:1 mapping between keys and columns
Constructing graphics...
ERROR: Windows API error 5: Access is denied.
ERROR: Info: path="cprogramdatamiktex2.9miktexdatale1756f6ade37d5f870f23c05a7f81e257.fndb-5"
ERROR: Source: Libraries\MiKTeX\Core\MemoryMappedFile\win\winMemoryMappedFile.cpp
ERROR: Line: 111
Sorry, but pdfcrop.exe did not succeed.
|
|........... | 15%
ordinary text without R code
|
|........... | 16%
label: unnamed-chunk-7 (with options)
List of 2
$ fig.width : num 5.5
$ fig.height: num 1.5
Parsing transcripts...
Parsing exons...
Parsing cds...
Parsing utrs...
------exons...
------cdss...
------introns...
------utr...
aggregating...
Done
'select()' returned 1:1 mapping between keys and columns
Constructing graphics...
reduce alignemnts...
ERROR: Windows API error 5: Access is denied.
ERROR: Info: path="cprogramdatamiktex2.9miktexdatale1756f6ade37d5f870f23c05a7f81e257.fndb-5"
ERROR: Source: Libraries\MiKTeX\Core\MemoryMappedFile\win\winMemoryMappedFile.cpp
ERROR: Line: 111
Sorry, but pdfcrop.exe did not succeed.
|
|............ | 17%
ordinary text without R code
|
|............ | 18%
label: unnamed-chunk-8
Parsing transcripts...
Parsing exons...
Parsing cds...
Parsing utrs...
------exons...
------cdss...
------introns...
------utr...
aggregating...
Done
'select()' returned 1:many mapping between keys and columns
Constructing graphics...
|
|............. | 18%
ordinary text without R code
|
|............. | 19%
label: unnamed-chunk-9
Parsing transcripts...
Parsing exons...
Parsing cds...
Parsing utrs...
------exons...
------cdss...
------introns...
------utr...
aggregating...
Done
Constructing graphics...
ERROR: Windows API error 5: Access is denied.
ERROR: Info: path="cprogramdatamiktex2.9miktexdatale1756f6ade37d5f870f23c05a7f81e257.fndb-5"
ERROR: Source: Libraries\MiKTeX\Core\MemoryMappedFile\win\winMemoryMappedFile.cpp
ERROR: Line: 111
Sorry, but pdfcrop.exe did not succeed.
|
|.............. | 20%
ordinary text without R code
|
|............... | 21%
label: unnamed-chunk-10
Loading required package: ensembldb
Loading required package: AnnotationFilter
Attaching package: 'ensembldb'
The following object is masked from 'package:stats':
filter
Fetching data...OK
Parsing exons...OK
Defining introns...OK
Defining UTRs...OK
Defining CDS...OK
aggregating...
Done
Constructing graphics...
|
|............... | 22%
ordinary text without R code
|
|................ | 22%
label: unnamed-chunk-11
Fetching data...OK
Parsing exons...OK
Defining introns...OK
Defining UTRs...OK
Defining CDS...OK
aggregating...
Done
Constructing graphics...
ERROR: Windows API error 5: Access is denied.
ERROR: Info: path="cprogramdatamiktex2.9miktexdatale1756f6ade37d5f870f23c05a7f81e257.fndb-5"
ERROR: Source: Libraries\MiKTeX\Core\MemoryMappedFile\win\winMemoryMappedFile.cpp
ERROR: Line: 111
Sorry, but pdfcrop.exe did not succeed.
|
|................ | 23%
ordinary text without R code
|
|................. | 24%
label: unnamed-chunk-12
Fetching data...OK
Parsing exons...OK
Defining introns...OK
Defining UTRs...OK
Defining CDS...OK
aggregating...
Done
Constructing graphics...
|
|................. | 25%
ordinary text without R code
|
|.................. | 26%
label: unnamed-chunk-13
Fetching data...OK
Parsing exons...OK
Defining introns...OK
Defining UTRs...OK
Defining CDS...OK
aggregating...
Done
Constructing graphics...
ERROR: Windows API error 5: Access is denied.
ERROR: Info: path="cprogramdatamiktex2.9miktexdatale1756f6ade37d5f870f23c05a7f81e257.fndb-5"
ERROR: Source: Libraries\MiKTeX\Core\MemoryMappedFile\win\winMemoryMappedFile.cpp
ERROR: Line: 111
Sorry, but pdfcrop.exe did not succeed.
ordinary text without R code
|
|................... | 27%
label: unnamed-chunk-14
Parsing transcripts...
Parsing exons...
Parsing cds...
Parsing utrs...
------exons...
------cdss...
------introns...
------utr...
aggregating...
Done
|
|.................... | 28%
ordinary text without R code
|
|.................... | 29%
label: unnamed-chunk-15
Constructing graphics...
ERROR: Windows API error 5: Access is denied.
ERROR: Info: path="cprogramdatamiktex2.9miktexdatale1756f6ade37d5f870f23c05a7f81e257.fndb-5"
ERROR: Source: Libraries\MiKTeX\Core\MemoryMappedFile\win\winMemoryMappedFile.cpp
ERROR: Line: 111
Sorry, but pdfcrop.exe did not succeed.
|
|..................... | 30%
ordinary text without R code
label: unnamed-chunk-16 (with options)
List of 2
$ fig.width : num 5.5
$ fig.height: num 1.5
Loading required package: BSgenome
Loading required package: Biostrings
Loading required package: XVector
Attaching package: 'Biostrings'
The following object is masked from 'package:base':
strsplit
Loading required package: rtracklayer
Scale for 'y' is already present. Adding another scale for 'y', which will
replace the existing scale.
Scale for 'y' is already present. Adding another scale for 'y', which will
replace the existing scale.
ERROR: Windows API error 5: Access is denied.
ERROR: Info: path="cprogramdatamiktex2.9miktexdatale1756f6ade37d5f870f23c05a7f81e257.fndb-5"
ERROR: Source: Libraries\MiKTeX\Core\MemoryMappedFile\win\winMemoryMappedFile.cpp
ERROR: Line: 111
Sorry, but pdfcrop.exe did not succeed.
ERROR: Windows API error 5: Access is denied.
ERROR: Info: path="cprogramdatamiktex2.9miktexdatale1756f6ade37d5f870f23c05a7f81e257.fndb-5"
ERROR: Source: Libraries\MiKTeX\Core\MemoryMappedFile\win\winMemoryMappedFile.cpp
ERROR: Line: 111
Sorry, but pdfcrop.exe did not succeed.
ERROR: Windows API error 5: Access is denied.
ERROR: Info: path="cprogramdatamiktex2.9miktexdatale1756f6ade37d5f870f23c05a7f81e257.fndb-5"
ERROR: Source: Libraries\MiKTeX\Core\MemoryMappedFile\win\winMemoryMappedFile.cpp
ERROR: Line: 111
Sorry, but pdfcrop.exe did not succeed.
|
|...................... | 31%
ordinary text without R code
|
|...................... | 32%
label: unnamed-chunk-17 (with options)
List of 1
$ eval: logi FALSE
|
|....................... | 33%
ordinary text without R code
|
|........................ | 34%
label: unnamed-chunk-18
reading in as Bamfile
Parsing raw coverage...
Read GAlignments from BamFile...
extracting information...
ERROR: Windows API error 5: Access is denied.
ERROR: Info: path="cprogramdatamiktex2.9miktexdatale1756f6ade37d5f870f23c05a7f81e257.fndb-5"
ERROR: Source: Libraries\MiKTeX\Core\MemoryMappedFile\win\winMemoryMappedFile.cpp
ERROR: Line: 111
Sorry, but pdfcrop.exe did not succeed.
ordinary text without R code
|
|......................... | 35%
label: unnamed-chunk-19
reading in as Bamfile
Read GAlignments from BamFile...
plotting...
ERROR: Windows API error 5: Access is denied.
ERROR: Info: path="cprogramdatamiktex2.9miktexdatale1756f6ade37d5f870f23c05a7f81e257.fndb-5"
ERROR: Source: Libraries\MiKTeX\Core\MemoryMappedFile\win\winMemoryMappedFile.cpp
ERROR: Line: 111
Sorry, but pdfcrop.exe did not succeed.
|
|......................... | 36%
ordinary text without R code
|
|.......................... | 37%
label: unnamed-chunk-20
reading in as Bamfile
ERROR: Windows API error 5: Access is denied.
ERROR: Info: path="cprogramdatamiktex2.9miktexdatale1756f6ade37d5f870f23c05a7f81e257.fndb-5"
ERROR: Source: Libraries\MiKTeX\Core\MemoryMappedFile\win\winMemoryMappedFile.cpp
ERROR: Line: 111
Sorry, but pdfcrop.exe did not succeed.
|
|.......................... | 38%
ordinary text without R code
|
|........................... | 38%
label: unnamed-chunk-21
reading in as Bamfile
Estimating coverage...
Constructing graphics...
reading in as Bamfile
Estimating coverage...
Constructing graphics...
ERROR: Windows API error 5: Access is denied.
ERROR: Info: path="cprogramdatamiktex2.9miktexdatale1756f6ade37d5f870f23c05a7f81e257.fndb-5"
ERROR: Source: Libraries\MiKTeX\Core\MemoryMappedFile\win\winMemoryMappedFile.cpp
ERROR: Line: 111
Sorry, but pdfcrop.exe did not succeed.
|
|........................... | 39%
ordinary text without R code
|
|............................ | 40%
label: unnamed-chunk-22
Loading required package: SummarizedExperiment
Loading required package: DelayedArray
Loading required package: matrixStats
Attaching package: 'matrixStats'
The following objects are masked from 'package:Biobase':
anyMissing, rowMedians
Attaching package: 'DelayedArray'
The following objects are masked from 'package:matrixStats':
colMaxs, colMins, colRanges, rowMaxs, rowMins, rowRanges
The following objects are masked from 'package:base':
aperm, apply, rowsum
Loading required package: Rsamtools
Attaching package: 'VariantAnnotation'
The following object is masked from 'package:base':
tabulate
none geom is used
Coordinate system already present. Adding new coordinate system, which will replace the existing one.
rect geom is used
rect geom is used
text geom is used
|
|............................. | 41%
ordinary text without R code
|
|............................. | 42%
label: unnamed-chunk-23 (with options)
List of 1
$ eval: logi FALSE
|
|.............................. | 42%
ordinary text without R code
|
|.............................. | 43%
label: unnamed-chunk-24 (with options)
List of 2
$ fig.width : num 8
$ fig.height: num 5.5
rect geom is used
Scale for 'y' is already present. Adding another scale for 'y', which will
replace the existing scale.
Parsing transcripts...
Parsing exons...
Parsing cds...
Parsing utrs...
------exons...
------cdss...
------introns...
------utr...
aggregating...
Done
'select()' returned 1:1 mapping between keys and columns
Constructing graphics...
Coordinate system already present. Adding new coordinate system, which will replace the existing one.
Coordinate system already present. Adding new coordinate system, which will replace the existing one.
Coordinate system already present. Adding new coordinate system, which will replace the existing one.
ERROR: Windows API error 5: Access is denied.
ERROR: Info: path="cprogramdatamiktex2.9miktexdatale1756f6ade37d5f870f23c05a7f81e257.fndb-5"
ERROR: Source: Libraries\MiKTeX\Core\MemoryMappedFile\win\winMemoryMappedFile.cpp
ERROR: Line: 111
Sorry, but "C:\Program Files\MiKTeX 2.9\miktex\bin\x64\pdftex.exe" did not succeed.
!!! Error: pdfTeX run failed with value 127!
|
|............................... | 44%
ordinary text without R code
|
|............................... | 45%
label: unnamed-chunk-25 (with options)
List of 2
$ fig.width : num 8
$ fig.height: num 5.5
text geom is used
Coordinate system already present. Adding new coordinate system, which will replace the existing one.
Coordinate system already present. Adding new coordinate system, which will replace the existing one.
Coordinate system already present. Adding new coordinate system, which will replace the existing one.
ERROR: Windows API error 5: Access is denied.
ERROR: Info: path="cprogramdatamiktex2.9miktexdatale1756f6ade37d5f870f23c05a7f81e257.fndb-5"
ERROR: Source: Libraries\MiKTeX\Core\MemoryMappedFile\win\winMemoryMappedFile.cpp
ERROR: Line: 111
Sorry, but pdfcrop.exe did not succeed.
|
|................................ | 46%
ordinary text without R code
label: unnamed-chunk-26 (with options)
List of 1
$ eval: logi FALSE
|
|................................. | 47%
ordinary text without R code
|
|.................................. | 48%
label: processing
|
|.................................. | 49%
ordinary text without R code
|
|................................... | 50%
label: unnamed-chunk-27
ERROR: Windows API error 5: Access is denied.
ERROR: Info: path="cprogramdatamiktex2.9miktexdatale1756f6ade37d5f870f23c05a7f81e257.fndb-5"
ERROR: Source: Libraries\MiKTeX\Core\MemoryMappedFile\win\winMemoryMappedFile.cpp
ERROR: Line: 111
Sorry, but pdfcrop.exe did not succeed.
ordinary text without R code
|
|.................................... | 51%
label: unnamed-chunk-28
ERROR: Windows API error 5: Access is denied.
ERROR: Info: path="cprogramdatamiktex2.9miktexdatale1756f6ade37d5f870f23c05a7f81e257.fndb-5"
ERROR: Source: Libraries\MiKTeX\Core\MemoryMappedFile\win\winMemoryMappedFile.cpp
ERROR: Line: 111
Sorry, but "C:\Program Files\MiKTeX 2.9\miktex\bin\x64\pdftex.exe" did not succeed.
!!! Error: pdfTeX run failed with value 127!
|
|.................................... | 52%
ordinary text without R code
|
|..................................... | 53%
label: unnamed-chunk-29
ERROR: Windows API error 5: Access is denied.
ERROR: Info: path="cprogramdatamiktex2.9miktexdatale1756f6ade37d5f870f23c05a7f81e257.fndb-5"
ERROR: Source: Libraries\MiKTeX\Core\MemoryMappedFile\win\winMemoryMappedFile.cpp
ERROR: Line: 111
Sorry, but pdfcrop.exe did not succeed.
|
|...................................... | 54%
ordinary text without R code
label: lower-mut-track
|
|....................................... | 55%
ordinary text without R code
|
|....................................... | 56%
label: unnamed-chunk-30
|
|........................................ | 57%
ordinary text without R code
|
|........................................ | 58%
label: subset-crc-1
|
|......................................... | 58%
ordinary text without R code
|
|......................................... | 59%
label: lower-point-track
|
|.......................................... | 60%
ordinary text without R code
|
|........................................... | 61%
label: lower-link-track
ERROR: Windows API error 5: Access is denied.
ERROR: Info: path="cprogramdatamiktex2.9miktexdatale1756f6ade37d5f870f23c05a7f81e257.fndb-5"
ERROR: Source: Libraries\MiKTeX\Core\MemoryMappedFile\win\winMemoryMappedFile.cpp
ERROR: Line: 111
Sorry, but pdfcrop.exe did not succeed.
|
|........................................... | 62%
ordinary text without R code
|
|............................................ | 62%
label: unnamed-chunk-31
|
|............................................ | 63%
ordinary text without R code
|
|............................................. | 64%
label: arrangement
|
|............................................. | 65%
ordinary text without R code
|
|.............................................. | 66%
label: simple-wrapper (with options)
List of 2
$ fig.width : num 7
$ fig.height: num 5
ERROR: Windows API error 5: Access is denied.
ERROR: Info: path="cprogramdatamiktex2.9miktexdatale1756f6ade37d5f870f23c05a7f81e257.fndb-5"
ERROR: Source: Libraries\MiKTeX\Core\MemoryMappedFile\win\winMemoryMappedFile.cpp
ERROR: Line: 111
Sorry, but pdfcrop.exe did not succeed.
ordinary text without R code
|
|............................................... | 67%
label: simul_snp
|
|................................................ | 68%
ordinary text without R code
|
|................................................ | 69%
label: line (with options)
List of 2
$ fig.height: num 4
$ fig.width : num 6
using coord:genome to parse x scale
ERROR: Windows API error 5: Access is denied.
ERROR: Info: path="cprogramdatamiktex2.9miktexdatale1756f6ade37d5f870f23c05a7f81e257.fndb-5"
ERROR: Source: Libraries\MiKTeX\Core\MemoryMappedFile\win\winMemoryMappedFile.cpp
ERROR: Line: 111
Sorry, but pdfcrop.exe did not succeed.
|
|................................................. | 70%
ordinary text without R code
label: morecolor2 (with options)
List of 2
$ fig.height: num 4
$ fig.width : num 6
using coord:genome to parse x scale
|
|.................................................. | 71%
ordinary text without R code
|
|.................................................. | 72%
label: unnamed-chunk-32 (with options)
List of 2
$ fig.height: num 4
$ fig.width : num 6
using coord:genome to parse x scale
|
|................................................... | 73%
ordinary text without R code
|
|.................................................... | 74%
label: unnamed-chunk-33 (with options)
List of 2
$ fig.height: num 4
$ fig.width : num 6
using coord:genome to parse x scale
ordinary text without R code
|
|..................................................... | 75%
label: unnamed-chunk-34 (with options)
List of 2
$ fig.height: num 4
$ fig.width : num 6
using coord:genome to parse x scale
|
|..................................................... | 76%
ordinary text without R code
|
|...................................................... | 77%
label: unnamed-chunk-35
|
|...................................................... | 78%
ordinary text without R code
|
|....................................................... | 78%
label: unnamed-chunk-36 (with options)
List of 2
$ fig.width : num 5
$ fig.height: num 4
Scale for 'x' is already present. Adding another scale for 'x', which will
replace the existing scale.
ERROR: Windows API error 5: Access is denied.
ERROR: Info: path="cprogramdatamiktex2.9miktexdatale1756f6ade37d5f870f23c05a7f81e257.fndb-5"
ERROR: Source: Libraries\MiKTeX\Core\MemoryMappedFile\win\winMemoryMappedFile.cpp
ERROR: Line: 111
Sorry, but pdfcrop.exe did not succeed.
|
|....................................................... | 79%
ordinary text without R code
|
|........................................................ | 80%
label: load-RNAediting
Scale for 'x' is already present. Adding another scale for 'x', which will
replace the existing scale.
Scale for 'x' is already present. Adding another scale for 'x', which will
replace the existing scale.
|
|......................................................... | 81%
ordinary text without R code
|
|......................................................... | 82%
label: load-RNAediting-color
Scale for 'x' is already present. Adding another scale for 'x', which will
replace the existing scale.
Scale for 'x' is already present. Adding another scale for 'x', which will
replace the existing scale.
|
|.......................................................... | 82%
ordinary text without R code
|
|.......................................................... | 83%
label: unnamed-chunk-37
Scale for 'x' is already present. Adding another scale for 'x', which will
replace the existing scale.
Scale for 'x' is already present. Adding another scale for 'x', which will
replace the existing scale.
ERROR: Windows API error 5: Access is denied.
ERROR: Info: path="cprogramdatamiktex2.9miktexdatale1756f6ade37d5f870f23c05a7f81e257.fndb-5"
ERROR: Source: Libraries\MiKTeX\Core\MemoryMappedFile\win\winMemoryMappedFile.cpp
ERROR: Line: 111
Sorry, but pdfcrop.exe did not succeed.
|
|........................................................... | 84%
ordinary text without R code
|
|........................................................... | 85%
label: unnamed-chunk-38 (with options)
List of 2
$ fig.width : num 5
$ fig.height: num 4
Scale for 'x' is already present. Adding another scale for 'x', which will
replace the existing scale.
Scale for 'x' is already present. Adding another scale for 'x', which will
replace the existing scale.
|
|............................................................ | 86%
ordinary text without R code
label: unnamed-chunk-39
Scale for 'x' is already present. Adding another scale for 'x', which will
replace the existing scale.
Scale for 'x' is already present. Adding another scale for 'x', which will
replace the existing scale.
Scale for 'x' is already present. Adding another scale for 'x', which will
replace the existing scale.
Scale for 'x' is already present. Adding another scale for 'x', which will
replace the existing scale.
ERROR: Windows API error 5: Access is denied.
ERROR: Info: path="cprogramdatamiktex2.9miktexdatale1756f6ade37d5f870f23c05a7f81e257.fndb-5"
ERROR: Source: Libraries\MiKTeX\Core\MemoryMappedFile\win\winMemoryMappedFile.cpp
ERROR: Line: 111
Sorry, but pdfcrop.exe did not succeed.
|
|............................................................. | 87%
ordinary text without R code
|
|.............................................................. | 88%
label: edit-space (with options)
List of 2
$ fig.width : num 5
$ fig.height: num 4
Scale for 'x' is already present. Adding another scale for 'x', which will
replace the existing scale.
ERROR: Windows API error 5: Access is denied.
ERROR: Info: path="cprogramdatamiktex2.9miktexdatale1756f6ade37d5f870f23c05a7f81e257.fndb-5"
ERROR: Source: Libraries\MiKTeX\Core\MemoryMappedFile\win\winMemoryMappedFile.cpp
ERROR: Line: 111
Sorry, but pdfcrop.exe did not succeed.
|
|.............................................................. | 89%
ordinary text without R code
|
|............................................................... | 90%
label: unnamed-chunk-40 (with options)
List of 2
$ fig.width : num 5
$ fig.height: num 4
ERROR: Windows API error 5: Access is denied.
ERROR: Info: path="cprogramdatamiktex2.9miktexdatale1756f6ade37d5f870f23c05a7f81e257.fndb-5"
ERROR: Source: Libraries\MiKTeX\Core\MemoryMappedFile\win\winMemoryMappedFile.cpp
ERROR: Line: 111
Sorry, but pdfcrop.exe did not succeed.
ordinary text without R code
|
|................................................................ | 91%
label: unnamed-chunk-41 (with options)
List of 1
$ fig.width: num 8
|
|................................................................ | 92%
ordinary text without R code
|
|................................................................. | 93%
label: unnamed-chunk-42
Parsing transcripts...
Parsing exons...
Parsing cds...
Parsing utrs...
------exons...
------cdss...
------introns...
------utr...
aggregating...
Done
Constructing graphics...
Scale for 'y' is already present. Adding another scale for 'y', which will
replace the existing scale.
Parsing transcripts...
Parsing exons...
Parsing cds...
Parsing utrs...
------exons...
------cdss...
------introns...
------utr...
aggregating...
Done
Constructing graphics...
Coordinate system already present. Adding new coordinate system, which will replace the existing one.
|
|.................................................................. | 94%
ordinary text without R code
label: unnamed-chunk-43
Scale for 'y' is already present. Adding another scale for 'y', which will
replace the existing scale.
ERROR: Windows API error 5: Access is denied.
ERROR: Info: path="cprogramdatamiktex2.9miktexdatale1756f6ade37d5f870f23c05a7f81e257.fndb-5"
ERROR: Source: Libraries\MiKTeX\Core\MemoryMappedFile\win\winMemoryMappedFile.cpp
ERROR: Line: 111
Sorry, but pdfcrop.exe did not succeed.
ERROR: Windows API error 5: Access is denied.
ERROR: Info: path="cprogramdatamiktex2.9miktexdatale1756f6ade37d5f870f23c05a7f81e257.fndb-5"
ERROR: Source: Libraries\MiKTeX\Core\MemoryMappedFile\win\winMemoryMappedFile.cpp
ERROR: Line: 111
Sorry, but pdfcrop.exe did not succeed.
ERROR: Windows API error 5: Access is denied.
ERROR: Info: path="cprogramdatamiktex2.9miktexdatale1756f6ade37d5f870f23c05a7f81e257.fndb-5"
ERROR: Source: Libraries\MiKTeX\Core\MemoryMappedFile\win\winMemoryMappedFile.cpp
ERROR: Line: 111
Sorry, but pdfcrop.exe did not succeed.
ERROR: Windows API error 5: Access is denied.
ERROR: Info: path="cprogramdatamiktex2.9miktexdatale1756f6ade37d5f870f23c05a7f81e257.fndb-5"
ERROR: Source: Libraries\MiKTeX\Core\MemoryMappedFile\win\winMemoryMappedFile.cpp
ERROR: Line: 111
Sorry, but pdfcrop.exe did not succeed.
|
|................................................................... | 95%
ordinary text without R code
|
|................................................................... | 96%
label: unnamed-chunk-44
Scale for 'y' is already present. Adding another scale for 'y', which will
replace the existing scale.
Scale for 'x' is already present. Adding another scale for 'x', which will
replace the existing scale.
ERROR: Windows API error 5: Access is denied.
ERROR: Info: path="cprogramdatamiktex2.9miktexdatale1756f6ade37d5f870f23c05a7f81e257.fndb-5"
ERROR: Source: Libraries\MiKTeX\Core\MemoryMappedFile\win\winMemoryMappedFile.cpp
ERROR: Line: 111
Sorry, but pdfcrop.exe did not succeed.
ERROR: Windows API error 5: Access is denied.
ERROR: Info: path="cprogramdatamiktex2.9miktexdatale1756f6ade37d5f870f23c05a7f81e257.fndb-5"
ERROR: Source: Libraries\MiKTeX\Core\MemoryMappedFile\win\winMemoryMappedFile.cpp
ERROR: Line: 111
Sorry, but pdfcrop.exe did not succeed.
|
|.................................................................... | 97%
ordinary text without R code
|
|.................................................................... | 98%
label: unnamed-chunk-45
|
|..................................................................... | 98%
ordinary text without R code
|
|..................................................................... | 99%
label: session-info
|
|......................................................................| 100%
ordinary text without R code
output file: ggbio.tex
! ERROR: Windows API error 5: Access is denied.
! ERROR: Info: path="cprogramdatamiktex2.9miktexdatale1756f6ade37d5f870f23c05a7f81e257.fndb-5"
! ERROR: Source: Libraries\MiKTeX\Core\MemoryMappedFile\win\winMemoryMappedFile.cpp
! ERROR: Line: 111
! ERROR: Source: Libraries\MiKTeX\Core\MemoryMappedFile\win\winMemoryMappedFile.cpp
! ERROR: Line: 111
! ERROR: Line: 111
! Sorry, but C:\PROGRA~1\MIKTEX~1.9\miktex\bin\x64\pdflatex.exe did not succeed.
Error: LaTeX failed to compile ggbio.tex. See https://yihui.org/tinytex/r/#debugging for debugging tips. See ggbio.log for more info.
In addition: There were 49 warnings (use warnings() to see them)
Execution halted
make: *** [Makefile:15: ggbio.pdf] Error 1
Error in tools::buildVignettes(dir = ".", tangle = TRUE) :
running 'make' failed
Execution halted