This page was generated on 2020-04-15 03:20:10 -0400 (Wed, 15 Apr 2020).
BSgenome 1.55.4 H. Pagès
Snapshot Date: 2020-04-14 17:00:05 -0400 (Tue, 14 Apr 2020) |
URL: https://git.bioconductor.org/packages/BSgenome |
Branch: master |
Last Commit: 4820446 |
Last Changed Date: 2020-03-26 17:35:27 -0400 (Thu, 26 Mar 2020) |
| tokay2 | Windows Server 2012 R2 Standard / x64 | OK | [ ERROR ] | skipped | skipped |
##############################################################################
##############################################################################
###
### Running command:
###
### chmod a+r BSgenome -R && C:\Users\bioctesting\bbs-3.11-bioc-testing\R\bin\R.exe CMD build --keep-empty-dirs --no-resave-data BSgenome
###
##############################################################################
##############################################################################
* checking for file 'BSgenome/DESCRIPTION' ... OK
* preparing 'BSgenome':
* checking DESCRIPTION meta-information ... OK
* installing the package to build vignettes
* creating vignettes ... ERROR
--- re-building 'BSgenomeForge.Rnw' using Sweave
Loading required package: BiocGenerics
Loading required package: parallel
Attaching package: 'BiocGenerics'
The following objects are masked from 'package:parallel':
clusterApply, clusterApplyLB, clusterCall, clusterEvalQ,
clusterExport, clusterMap, parApply, parCapply, parLapply,
parLapplyLB, parRapply, parSapply, parSapplyLB
The following objects are masked from 'package:stats':
IQR, mad, sd, var, xtabs
The following objects are masked from 'package:base':
Filter, Find, Map, Position, Reduce, anyDuplicated, append,
as.data.frame, basename, cbind, colnames, dirname, do.call,
duplicated, eval, evalq, get, grep, grepl, intersect, is.unsorted,
lapply, mapply, match, mget, order, paste, pmax, pmax.int, pmin,
pmin.int, rank, rbind, rownames, sapply, setdiff, sort, table,
tapply, union, unique, unsplit, which, which.max, which.min
Loading required package: S4Vectors
Loading required package: stats4
Attaching package: 'S4Vectors'
The following object is masked from 'package:base':
expand.grid
Loading required package: IRanges
Attaching package: 'IRanges'
The following object is masked from 'package:grDevices':
windows
Loading required package: XVector
Attaching package: 'Biostrings'
The following object is masked from 'package:base':
strsplit
Loading required package: GenomeInfoDb
Loading required package: GenomicRanges
Loading required package: rtracklayer
Warning in system(paste(shQuote(texi2dvi), if (quiet) "--quiet" else "", :
running command '"C:\PROGRA~1\MIKTEX~1.9\miktex\bin\x64\texify.exe" --quiet --pdf "BSgenomeForge.tex" --max-iterations=20 -I "C:/Users/bioctesting/bbs-3.11-bioc-testing/R/share/texmf/tex/latex" -I "C:/Users/bioctesting/bbs-3.11-bioc-testing/R/share/texmf/bibtex/bst"' had status 1
Error: processing vignette 'BSgenomeForge.Rnw' failed with diagnostics:
Failed to locate 'texi2pdf' output file 'BSgenomeForge.pdf' for vignette with name 'BSgenomeForge' and engine 'utils::Sweave'. The following files exist in working directory 'C:\Users\bioctesting\bbs-3.11-bioc-testing\tmpdir\RtmpwjGuXZ\Rbuildf9459614c4\BSgenome\vignettes': 'BSgenomeForge.Rnw' (32552 bytes), 'BSgenomeForge.tex' (40209 bytes), 'GenomeSearching.Rnw' (27732 bytes)
--- failed re-building 'BSgenomeForge.Rnw'
--- re-building 'GenomeSearching.Rnw' using Sweave
Loading required package: AnnotationDbi
Loading required package: Biobase
Welcome to Bioconductor
Vignettes contain introductory material; view with
'browseVignettes()'. To cite Bioconductor, see
'citation("Biobase")', and for packages 'citation("pkgname")'.
Loading required package: BSgenome.Hsapiens.UCSC.hg38
--- finished re-building 'GenomeSearching.Rnw'
SUMMARY: processing the following file failed:
'BSgenomeForge.Rnw'
Error: Vignette re-building failed.
Execution halted