Back to Multiple platform build/check report for BioC 3.11 |
|
This page was generated on 2020-10-17 11:57:44 -0400 (Sat, 17 Oct 2020).
TO THE DEVELOPERS/MAINTAINERS OF THE sagenhaft PACKAGE: Please make sure to use the following settings in order to reproduce any error or warning you see on this page. |
Package 1566/1905 | Hostname | OS / Arch | INSTALL | BUILD | CHECK | BUILD BIN | ||||||
sagenhaft 1.58.0 Tim Beissbarth
| malbec2 | Linux (Ubuntu 18.04.4 LTS) / x86_64 | OK | OK | WARNINGS | |||||||
tokay2 | Windows Server 2012 R2 Standard / x64 | OK | OK | [ WARNINGS ] | OK | |||||||
machv2 | macOS 10.14.6 Mojave / x86_64 | OK | OK | WARNINGS | OK |
Package: sagenhaft |
Version: 1.58.0 |
Command: C:\Users\biocbuild\bbs-3.11-bioc\R\bin\R.exe CMD check --force-multiarch --install=check:sagenhaft.install-out.txt --library=C:\Users\biocbuild\bbs-3.11-bioc\R\library --no-vignettes --timings sagenhaft_1.58.0.tar.gz |
StartedAt: 2020-10-17 07:54:43 -0400 (Sat, 17 Oct 2020) |
EndedAt: 2020-10-17 07:57:45 -0400 (Sat, 17 Oct 2020) |
EllapsedTime: 181.8 seconds |
RetCode: 0 |
Status: WARNINGS |
CheckDir: sagenhaft.Rcheck |
Warnings: 1 |
############################################################################## ############################################################################## ### ### Running command: ### ### C:\Users\biocbuild\bbs-3.11-bioc\R\bin\R.exe CMD check --force-multiarch --install=check:sagenhaft.install-out.txt --library=C:\Users\biocbuild\bbs-3.11-bioc\R\library --no-vignettes --timings sagenhaft_1.58.0.tar.gz ### ############################################################################## ############################################################################## * using log directory 'C:/Users/biocbuild/bbs-3.11-bioc/meat/sagenhaft.Rcheck' * using R version 4.0.3 (2020-10-10) * using platform: x86_64-w64-mingw32 (64-bit) * using session charset: ISO8859-1 * using option '--no-vignettes' * checking for file 'sagenhaft/DESCRIPTION' ... OK * this is package 'sagenhaft' version '1.58.0' * checking package namespace information ... OK * checking package dependencies ... OK * checking if this is a source package ... OK * checking if there is a namespace ... OK * checking for hidden files and directories ... OK * checking for portable file names ... OK * checking whether package 'sagenhaft' can be installed ... OK * checking installed package size ... NOTE installed size is 7.1Mb sub-directories of 1Mb or more: extdata 7.0Mb * checking package directory ... OK * checking 'build' directory ... OK * checking DESCRIPTION meta-information ... OK * checking top-level files ... OK * checking for left-over files ... OK * checking index information ... OK * checking package subdirectories ... OK * checking R files for non-ASCII characters ... OK * checking R files for syntax errors ... OK * loading checks for arch 'i386' ** checking whether the package can be loaded ... OK ** checking whether the package can be loaded with stated dependencies ... OK ** checking whether the package can be unloaded cleanly ... OK ** checking whether the namespace can be loaded with stated dependencies ... OK ** checking whether the namespace can be unloaded cleanly ... OK * loading checks for arch 'x64' ** checking whether the package can be loaded ... OK ** checking whether the package can be loaded with stated dependencies ... OK ** checking whether the package can be unloaded cleanly ... OK ** checking whether the namespace can be loaded with stated dependencies ... OK ** checking whether the namespace can be unloaded cleanly ... OK * checking dependencies in R code ... OK * checking S3 generic/method consistency ... OK * checking replacement functions ... OK * checking foreign function calls ... OK * checking R code for possible problems ... NOTE extract.lib.from.zip: no visible global function definition for 'zip.unpack' Undefined global functions or variables: zip.unpack Consider adding importFrom("utils", "zip.unpack") to your NAMESPACE file. * checking Rd files ... OK * checking Rd metadata ... OK * checking Rd cross-references ... OK * checking for missing documentation entries ... OK * checking for code/documentation mismatches ... OK * checking Rd \usage sections ... WARNING Documented arguments not in \usage in documentation object 'sage.utilities': '...' Functions with \usage entries need to have the appropriate \alias entries, and all their arguments documented. The \usage entries must correspond to syntactically valid R code. See chapter 'Writing R documentation files' in the 'Writing R Extensions' manual. * checking Rd contents ... OK * checking for unstated dependencies in examples ... OK * checking contents of 'data' directory ... OK * checking data for non-ASCII characters ... OK * checking data for ASCII and uncompressed saves ... OK * checking files in 'vignettes' ... OK * checking examples ... ** running examples for arch 'i386' ... OK Examples with CPU (user + system) or elapsed time > 5s user system elapsed error.correction 40.5 0.60 42.54 sagelibrary.simulate 15.7 0.22 16.03 ** running examples for arch 'x64' ... OK Examples with CPU (user + system) or elapsed time > 5s user system elapsed error.correction 43.33 0.68 44.12 sagelibrary.simulate 14.94 0.10 15.05 * checking for unstated dependencies in vignettes ... OK * checking package vignettes in 'inst/doc' ... OK * checking running R code from vignettes ... SKIPPED * checking re-building of vignette outputs ... SKIPPED * checking PDF version of manual ... OK * DONE Status: 1 WARNING, 2 NOTEs See 'C:/Users/biocbuild/bbs-3.11-bioc/meat/sagenhaft.Rcheck/00check.log' for details.
sagenhaft.Rcheck/00install.out
############################################################################## ############################################################################## ### ### Running command: ### ### C:\cygwin\bin\curl.exe -O https://malbec2.bioconductor.org/BBS/3.11/bioc/src/contrib/sagenhaft_1.58.0.tar.gz && rm -rf sagenhaft.buildbin-libdir && mkdir sagenhaft.buildbin-libdir && C:\Users\biocbuild\bbs-3.11-bioc\R\bin\R.exe CMD INSTALL --merge-multiarch --build --library=sagenhaft.buildbin-libdir sagenhaft_1.58.0.tar.gz && C:\Users\biocbuild\bbs-3.11-bioc\R\bin\R.exe CMD INSTALL sagenhaft_1.58.0.zip && rm sagenhaft_1.58.0.tar.gz sagenhaft_1.58.0.zip ### ############################################################################## ############################################################################## % Total % Received % Xferd Average Speed Time Time Time Current Dload Upload Total Spent Left Speed 0 0 0 0 0 0 0 0 --:--:-- --:--:-- --:--:-- 0 100 2484k 100 2484k 0 0 24.0M 0 --:--:-- --:--:-- --:--:-- 25.8M install for i386 * installing *source* package 'sagenhaft' ... ** using staged installation ** R ** data ** inst ** byte-compile and prepare package for lazy loading ** help *** installing help indices converting help for package 'sagenhaft' finding HTML links ... done error.correction html extract.lib html sage.library html sage.library.comparison html sage.test html sage.utilities html sagelibrary.simulate html ** building package indices ** installing vignettes ** testing if installed package can be loaded from temporary location ** testing if installed package can be loaded from final location ** testing if installed package keeps a record of temporary installation path install for x64 * installing *source* package 'sagenhaft' ... ** testing if installed package can be loaded * MD5 sums packaged installation of 'sagenhaft' as sagenhaft_1.58.0.zip * DONE (sagenhaft) * installing to library 'C:/Users/biocbuild/bbs-3.11-bioc/R/library' package 'sagenhaft' successfully unpacked and MD5 sums checked
sagenhaft.Rcheck/examples_i386/sagenhaft-Ex.timings
|
sagenhaft.Rcheck/examples_x64/sagenhaft-Ex.timings
|