| Back to Multiple platform build/check report for BioC 3.11 |
|
This page was generated on 2020-10-17 11:59:10 -0400 (Sat, 17 Oct 2020).
| TO THE DEVELOPERS/MAINTAINERS OF THE paxtoolsr PACKAGE: Please make sure to use the following settings in order to reproduce any error or warning you see on this page. |
| Package 1279/1905 | Hostname | OS / Arch | INSTALL | BUILD | CHECK | BUILD BIN | ||||||
| paxtoolsr 1.22.0 Augustin Luna
| malbec2 | Linux (Ubuntu 18.04.4 LTS) / x86_64 | OK | OK | OK | |||||||
| tokay2 | Windows Server 2012 R2 Standard / x64 | OK | OK | OK | OK | |||||||
| machv2 | macOS 10.14.6 Mojave / x86_64 | OK | OK | [ ERROR ] | OK |
| Package: paxtoolsr |
| Version: 1.22.0 |
| Command: /Library/Frameworks/R.framework/Versions/Current/Resources/bin/R CMD check --install=check:paxtoolsr.install-out.txt --library=/Library/Frameworks/R.framework/Versions/Current/Resources/library --no-vignettes --timings paxtoolsr_1.22.0.tar.gz |
| StartedAt: 2020-10-17 03:47:54 -0400 (Sat, 17 Oct 2020) |
| EndedAt: 2020-10-17 03:50:36 -0400 (Sat, 17 Oct 2020) |
| EllapsedTime: 161.7 seconds |
| RetCode: 1 |
| Status: ERROR |
| CheckDir: paxtoolsr.Rcheck |
| Warnings: NA |
##############################################################################
##############################################################################
###
### Running command:
###
### /Library/Frameworks/R.framework/Versions/Current/Resources/bin/R CMD check --install=check:paxtoolsr.install-out.txt --library=/Library/Frameworks/R.framework/Versions/Current/Resources/library --no-vignettes --timings paxtoolsr_1.22.0.tar.gz
###
##############################################################################
##############################################################################
* using log directory ‘/Users/biocbuild/bbs-3.11-bioc/meat/paxtoolsr.Rcheck’
* using R version 4.0.3 (2020-10-10)
* using platform: x86_64-apple-darwin17.0 (64-bit)
* using session charset: UTF-8
* using option ‘--no-vignettes’
* checking for file ‘paxtoolsr/DESCRIPTION’ ... OK
* checking extension type ... Package
* this is package ‘paxtoolsr’ version ‘1.22.0’
* package encoding: UTF-8
* checking package namespace information ... OK
* checking package dependencies ... OK
* checking if this is a source package ... OK
* checking if there is a namespace ... OK
* checking for hidden files and directories ... OK
* checking for portable file names ... OK
* checking for sufficient/correct file permissions ... OK
* checking whether package ‘paxtoolsr’ can be installed ... OK
* checking installed package size ... NOTE
installed size is 31.6Mb
sub-directories of 1Mb or more:
extdata 6.9Mb
java 24.5Mb
* checking package directory ... OK
* checking ‘build’ directory ... OK
* checking DESCRIPTION meta-information ... OK
* checking top-level files ... OK
* checking for left-over files ... OK
* checking index information ... OK
* checking package subdirectories ... OK
* checking R files for non-ASCII characters ... OK
* checking R files for syntax errors ... OK
* checking whether the package can be loaded ... OK
* checking whether the package can be loaded with stated dependencies ... OK
* checking whether the package can be unloaded cleanly ... OK
* checking whether the namespace can be loaded with stated dependencies ... OK
* checking whether the namespace can be unloaded cleanly ... OK
* checking dependencies in R code ... OK
* checking S3 generic/method consistency ... OK
* checking replacement functions ... OK
* checking foreign function calls ... OK
* checking R code for possible problems ... NOTE
splitSifnxByPathway: no visible global function definition for
‘%dopar%’
Undefined global functions or variables:
%dopar%
* checking Rd files ... OK
* checking Rd metadata ... OK
* checking Rd cross-references ... OK
* checking for missing documentation entries ... OK
* checking for code/documentation mismatches ... OK
* checking Rd \usage sections ... OK
* checking Rd contents ... OK
* checking for unstated dependencies in examples ... OK
* checking files in ‘vignettes’ ... OK
* checking examples ... ERROR
Running examples in ‘paxtoolsr-Ex.R’ failed
The error most likely occurred in:
> base::assign(".ptime", proc.time(), pos = "CheckExEnv")
> ### Name: toSBGN
> ### Title: Convert a BioPAX OWL file to SBGNML
> ### Aliases: toSBGN
>
> ### ** Examples
>
> outFile <- tempfile()
> results <- toSBGN(system.file("extdata", "biopax3-short-metabolic-pathway.owl",
+ package="paxtoolsr"),
+ outFile)
No Java runtime present, requesting install.
2020-10-17 03:50:11.273 R[50504:12272025] JLRequestRuntimeInstall: Error calling: CFMessagePortCreateRemote
* checking for unstated dependencies in ‘tests’ ... OK
* checking tests ...
Running ‘testthat.R’
ERROR
Running the tests in ‘tests/testthat.R’ failed.
Last 13 lines of output:
> test_check("paxtoolsr")
URL: http://www.pathwaycommons.org/pc2/get?uri=http%3A%2F%2Fidentifiers.org%2Funiprot%2FQ06609&uri=http%3A%2F%2Fidentifiers.org%2Funiprot%2FQ96EB6&format=BIOPAX
2020-10-17 03:50:23,819 971 [main] INFO org.biopax.paxtools.PaxtoolsMain - Collecting proteins for a pathway, the converter will also consider its sub-pathways, their sub-pathways, etc.
2020-10-17 03:50:23,840 992 [pool-1-thread-1] INFO org.biopax.paxtools.io.gsea.GSEAConverter - Begin converting Glycolysis Pathway pathway, uri=http://www.biopax.org/examples/myExamplePathway50
2020-10-17 03:50:23,849 1001 [pool-1-thread-1] INFO org.biopax.paxtools.io.gsea.GSEAConverter - - fetched PRs: 2
2020-10-17 03:50:23,849 1001 [pool-1-thread-1] INFO org.biopax.paxtools.io.gsea.GSEAConverter - - grouping the PRs by organism...
2020-10-17 03:50:23,863 1015 [pool-1-thread-1] INFO org.biopax.paxtools.io.gsea.GSEAConverter - - creating GSEA/GMT entries...
2020-10-17 03:50:23,865 1017 [pool-2-thread-1] INFO org.biopax.paxtools.io.gsea.GSEAConverter - adding uniprot IDs of proteins (PRs) from 'Glycolysis Pathway', amaze;kegg pathway...
2020-10-17 03:50:23,868 1020 [pool-1-thread-1] INFO org.biopax.paxtools.io.gsea.GSEAConverter - - collected 1entries.
2020-10-17 03:50:23,868 1020 [main] INFO org.biopax.paxtools.io.gsea.GSEAConverter - Creating entries for the rest fo (unused) PRs...
2020-10-17 03:50:25,678 2830 [main] INFO org.biopax.paxtools.client.BiopaxValidatorClient - BioPAX Validator location: http://biopax.baderlab.org/check.html
2020-10-17 03:50:26,350 3502 [main] INFO org.biopax.paxtools.client.BiopaxValidatorClient - BioPAX Validator location: http://biopax.baderlab.org/check.html
2020-10-17 03:50:26,813 3965 [main] INFO org.biopax.paxtools.PaxtoolsMain - Elements in the result model: 240
No Java runtime present, requesting install.
2020-10-17 03:50:27.075 R[53355:12276817] JLRequestRuntimeInstall: Error calling: CFMessagePortCreateRemote
* checking for unstated dependencies in vignettes ... OK
* checking package vignettes in ‘inst/doc’ ... OK
* checking running R code from vignettes ... SKIPPED
* checking re-building of vignette outputs ... SKIPPED
* checking PDF version of manual ... OK
* DONE
Status: 2 ERRORs, 2 NOTEs
See
‘/Users/biocbuild/bbs-3.11-bioc/meat/paxtoolsr.Rcheck/00check.log’
for details.
paxtoolsr.Rcheck/00install.out
############################################################################## ############################################################################## ### ### Running command: ### ### /Library/Frameworks/R.framework/Versions/Current/Resources/bin/R CMD INSTALL paxtoolsr ### ############################################################################## ############################################################################## * installing to library ‘/Library/Frameworks/R.framework/Versions/4.0/Resources/library’ * installing *source* package ‘paxtoolsr’ ... ** using staged installation ** R ** inst ** byte-compile and prepare package for lazy loading ** help *** installing help indices ** building package indices ** installing vignettes ** testing if installed package can be loaded from temporary location ** testing if installed package can be loaded from final location ** testing if installed package keeps a record of temporary installation path * DONE (paxtoolsr)
paxtoolsr.Rcheck/tests/testthat.Rout.fail
R version 4.0.3 (2020-10-10) -- "Bunny-Wunnies Freak Out"
Copyright (C) 2020 The R Foundation for Statistical Computing
Platform: x86_64-apple-darwin17.0 (64-bit)
R is free software and comes with ABSOLUTELY NO WARRANTY.
You are welcome to redistribute it under certain conditions.
Type 'license()' or 'licence()' for distribution details.
R is a collaborative project with many contributors.
Type 'contributors()' for more information and
'citation()' on how to cite R or R packages in publications.
Type 'demo()' for some demos, 'help()' for on-line help, or
'help.start()' for an HTML browser interface to help.
Type 'q()' to quit R.
> library(testthat)
> library(paxtoolsr)
Loading required package: rJava
Loading required package: XML
Consider citing this package: Luna A, et al. PaxtoolsR: pathway analysis in R using Pathway Commons. PMID: 26685306; citation("paxtoolsr")
>
> test_check("paxtoolsr")
URL: http://www.pathwaycommons.org/pc2/get?uri=http%3A%2F%2Fidentifiers.org%2Funiprot%2FQ06609&uri=http%3A%2F%2Fidentifiers.org%2Funiprot%2FQ96EB6&format=BIOPAX
2020-10-17 03:50:23,819 971 [main] INFO org.biopax.paxtools.PaxtoolsMain - Collecting proteins for a pathway, the converter will also consider its sub-pathways, their sub-pathways, etc.
2020-10-17 03:50:23,840 992 [pool-1-thread-1] INFO org.biopax.paxtools.io.gsea.GSEAConverter - Begin converting Glycolysis Pathway pathway, uri=http://www.biopax.org/examples/myExamplePathway50
2020-10-17 03:50:23,849 1001 [pool-1-thread-1] INFO org.biopax.paxtools.io.gsea.GSEAConverter - - fetched PRs: 2
2020-10-17 03:50:23,849 1001 [pool-1-thread-1] INFO org.biopax.paxtools.io.gsea.GSEAConverter - - grouping the PRs by organism...
2020-10-17 03:50:23,863 1015 [pool-1-thread-1] INFO org.biopax.paxtools.io.gsea.GSEAConverter - - creating GSEA/GMT entries...
2020-10-17 03:50:23,865 1017 [pool-2-thread-1] INFO org.biopax.paxtools.io.gsea.GSEAConverter - adding uniprot IDs of proteins (PRs) from 'Glycolysis Pathway', amaze;kegg pathway...
2020-10-17 03:50:23,868 1020 [pool-1-thread-1] INFO org.biopax.paxtools.io.gsea.GSEAConverter - - collected 1entries.
2020-10-17 03:50:23,868 1020 [main] INFO org.biopax.paxtools.io.gsea.GSEAConverter - Creating entries for the rest fo (unused) PRs...
2020-10-17 03:50:25,678 2830 [main] INFO org.biopax.paxtools.client.BiopaxValidatorClient - BioPAX Validator location: http://biopax.baderlab.org/check.html
2020-10-17 03:50:26,350 3502 [main] INFO org.biopax.paxtools.client.BiopaxValidatorClient - BioPAX Validator location: http://biopax.baderlab.org/check.html
2020-10-17 03:50:26,813 3965 [main] INFO org.biopax.paxtools.PaxtoolsMain - Elements in the result model: 240
No Java runtime present, requesting install.
2020-10-17 03:50:27.075 R[53355:12276817] JLRequestRuntimeInstall: Error calling: CFMessagePortCreateRemote
paxtoolsr.Rcheck/paxtoolsr-Ex.timings
| name | user | system | elapsed | |
| addAttributeList | 0.033 | 0.002 | 0.036 | |
| convertDataFrameListsToVectors | 0.007 | 0.001 | 0.008 | |
| convertSifToGmt | 0.018 | 0.010 | 0.028 | |
| downloadFile | 0.081 | 0.016 | 0.268 | |
| downloadPc2 | 0.001 | 0.000 | 0.001 | |
| downloadSignedPC | 0.000 | 0.000 | 0.001 | |
| fetch | 5.900 | 0.256 | 1.509 | |
| filterSif | 0.479 | 0.028 | 0.128 | |
| getCacheFiles | 0.000 | 0.001 | 0.001 | |
| getErrorMessage | 0.011 | 0.000 | 0.001 | |
| getNeighbors | 1.063 | 0.039 | 0.223 | |
| getPc | 0.000 | 0.000 | 0.001 | |
| getPcDatabaseNames | 0.166 | 0.005 | 0.163 | |
| getPcUrl | 0.001 | 0.000 | 0.000 | |
| getShortestPathSif | 0.045 | 0.003 | 0.048 | |
| getSifInteractionCategories | 0.000 | 0.001 | 0.001 | |
| graphPc | 0.000 | 0.000 | 0.001 | |
| integrateBiopax | 3.314 | 0.169 | 1.017 | |
| loadSifInIgraph | 0.022 | 0.001 | 0.008 | |
| mapValues | 0.005 | 0.000 | 0.001 | |
| mergeBiopax | 1.562 | 0.121 | 0.732 | |
| pcDirections | 0.000 | 0.000 | 0.001 | |
| pcFormats | 0.001 | 0.001 | 0.001 | |
| pcGraphQueries | 0 | 0 | 0 | |
| processPcRequest | 0.005 | 0.002 | 0.007 | |
| readBiopax | 0.005 | 0.001 | 0.003 | |
| readGmt | 0.030 | 0.002 | 0.027 | |
| readPcPathwaysInfo | 62.250 | 8.983 | 71.286 | |
| readSbgn | 0.002 | 0.000 | 0.003 | |
| readSif | 0.004 | 0.001 | 0.005 | |
| readSifnx | 0.022 | 0.004 | 0.026 | |
| searchListOfVectors | 0.001 | 0.001 | 0.002 | |
| searchPc | 0.000 | 0.000 | 0.001 | |
| summarize | 0.139 | 0.013 | 0.103 | |
| summarizeSif | 0.010 | 0.003 | 0.007 | |
| toCytoscape | 0.060 | 0.005 | 0.030 | |
| toGSEA | 0.129 | 0.011 | 0.059 | |
| toLevel3 | 0.249 | 0.015 | 0.120 | |