| Back to Multiple platform build/check report for BioC 3.11 |
|
This page was generated on 2020-10-17 11:59:07 -0400 (Sat, 17 Oct 2020).
| TO THE DEVELOPERS/MAINTAINERS OF THE ontoProc PACKAGE: Please make sure to use the following settings in order to reproduce any error or warning you see on this page. |
| Package 1235/1905 | Hostname | OS / Arch | INSTALL | BUILD | CHECK | BUILD BIN | ||||||
| ontoProc 1.10.1 VJ Carey
| malbec2 | Linux (Ubuntu 18.04.4 LTS) / x86_64 | OK | OK | OK | |||||||
| tokay2 | Windows Server 2012 R2 Standard / x64 | OK | OK | OK | OK | |||||||
| machv2 | macOS 10.14.6 Mojave / x86_64 | OK | OK | [ ERROR ] | OK |
| Package: ontoProc |
| Version: 1.10.1 |
| Command: /Library/Frameworks/R.framework/Versions/Current/Resources/bin/R CMD check --install=check:ontoProc.install-out.txt --library=/Library/Frameworks/R.framework/Versions/Current/Resources/library --no-vignettes --timings ontoProc_1.10.1.tar.gz |
| StartedAt: 2020-10-17 03:39:32 -0400 (Sat, 17 Oct 2020) |
| EndedAt: 2020-10-17 03:42:53 -0400 (Sat, 17 Oct 2020) |
| EllapsedTime: 201.5 seconds |
| RetCode: 1 |
| Status: ERROR |
| CheckDir: ontoProc.Rcheck |
| Warnings: NA |
##############################################################################
##############################################################################
###
### Running command:
###
### /Library/Frameworks/R.framework/Versions/Current/Resources/bin/R CMD check --install=check:ontoProc.install-out.txt --library=/Library/Frameworks/R.framework/Versions/Current/Resources/library --no-vignettes --timings ontoProc_1.10.1.tar.gz
###
##############################################################################
##############################################################################
* using log directory ‘/Users/biocbuild/bbs-3.11-bioc/meat/ontoProc.Rcheck’
* using R version 4.0.3 (2020-10-10)
* using platform: x86_64-apple-darwin17.0 (64-bit)
* using session charset: UTF-8
* using option ‘--no-vignettes’
* checking for file ‘ontoProc/DESCRIPTION’ ... OK
* this is package ‘ontoProc’ version ‘1.10.1’
* package encoding: UTF-8
* checking package namespace information ... OK
* checking package dependencies ... OK
* checking if this is a source package ... OK
* checking if there is a namespace ... OK
* checking for hidden files and directories ... OK
* checking for portable file names ... OK
* checking for sufficient/correct file permissions ... OK
* checking whether package ‘ontoProc’ can be installed ... OK
* checking installed package size ... NOTE
installed size is 37.8Mb
sub-directories of 1Mb or more:
app 1.9Mb
data 2.0Mb
ontoRda 33.5Mb
* checking package directory ... OK
* checking ‘build’ directory ... OK
* checking DESCRIPTION meta-information ... OK
* checking top-level files ... OK
* checking for left-over files ... OK
* checking index information ... OK
* checking package subdirectories ... OK
* checking R files for non-ASCII characters ... OK
* checking R files for syntax errors ... OK
* checking whether the package can be loaded ... OK
* checking whether the package can be loaded with stated dependencies ... OK
* checking whether the package can be unloaded cleanly ... OK
* checking whether the namespace can be loaded with stated dependencies ... OK
* checking whether the namespace can be unloaded cleanly ... OK
* checking dependencies in R code ... OK
* checking S3 generic/method consistency ... OK
* checking replacement functions ... OK
* checking foreign function calls ... OK
* checking R code for possible problems ... NOTE
CLfeat : prupdate: no visible binding for global variable ‘PRID’
CLfeat : prupdate: no visible binding for global variable ‘SYMBOL’
bind_formal_tags: no visible global function definition for ‘colData’
bind_formal_tags: no visible global function definition for ‘colData<-’
common_classes: no visible global function definition for ‘colData’
connect_classes: no visible global function definition for ‘colData’
ctmarks: no visible binding for '<<-' assignment to ‘pr’
ctmarks: no visible binding for '<<-' assignment to ‘go’
ctmarks : server: no visible binding for global variable ‘text’
cyclicSigset: no visible binding for global variable ‘sigels’
ldfToTerm: no visible binding for global variable ‘PROSYM’
subset_descendants: no visible global function definition for ‘colData’
sym2CellOnto: no visible binding for global variable ‘SYMBOL’
Undefined global functions or variables:
PRID PROSYM SYMBOL colData colData<- sigels text
Consider adding
importFrom("graphics", "text")
to your NAMESPACE file.
* checking Rd files ... OK
* checking Rd metadata ... OK
* checking Rd cross-references ... OK
* checking for missing documentation entries ... OK
* checking for code/documentation mismatches ... OK
* checking Rd \usage sections ... OK
* checking Rd contents ... OK
* checking for unstated dependencies in examples ... OK
* checking contents of ‘data’ directory ... OK
* checking data for non-ASCII characters ... NOTE
Note: found 162 marked UTF-8 strings
* checking data for ASCII and uncompressed saves ... OK
* checking files in ‘vignettes’ ... OK
* checking examples ... ERROR
Running examples in ‘ontoProc-Ex.R’ failed
The error most likely occurred in:
> base::assign(".ptime", proc.time(), pos = "CheckExEnv")
> ### Name: common_classes
> ### Title: list and count samples with common ontological annotation in two
> ### SEs
> ### Aliases: common_classes
>
> ### ** Examples
>
> if (requireNamespace("SingleR")) {
+ imm = SingleR::ImmGenData()
+ if ("label.ont" %in% names(colData(imm))) {
+ cl = getCellOnto()
+ blu = SingleR::BlueprintEncodeData()
+ common_classes( cl, imm, blu )
+ }
+ }
Loading required namespace: SingleR
snapshotDate(): 2020-04-27
see ?SingleR and browseVignettes('SingleR') for documentation
loading from cache
see ?SingleR and browseVignettes('SingleR') for documentation
loading from cache
snapshotDate(): 2020-04-27
see ?SingleR and browseVignettes('SingleR') for documentation
loading from cache
Error in DelayedArray:::.get_ans_type(x, must.be.numeric = TRUE) :
operation not supported on matrices of type character
Calls: <Anonymous> ... .local -> .DelayedMatrix_block_rowAnys -> <Anonymous>
Execution halted
* checking for unstated dependencies in ‘tests’ ... OK
* checking tests ...
Running ‘test.R’
OK
* checking for unstated dependencies in vignettes ... OK
* checking package vignettes in ‘inst/doc’ ... OK
* checking running R code from vignettes ... SKIPPED
* checking re-building of vignette outputs ... SKIPPED
* checking PDF version of manual ... OK
* DONE
Status: 1 ERROR, 3 NOTEs
See
‘/Users/biocbuild/bbs-3.11-bioc/meat/ontoProc.Rcheck/00check.log’
for details.
ontoProc.Rcheck/00install.out
############################################################################## ############################################################################## ### ### Running command: ### ### /Library/Frameworks/R.framework/Versions/Current/Resources/bin/R CMD INSTALL ontoProc ### ############################################################################## ############################################################################## * installing to library ‘/Library/Frameworks/R.framework/Versions/4.0/Resources/library’ * installing *source* package ‘ontoProc’ ... ** using staged installation ** R ** data *** moving datasets to lazyload DB ** inst ** byte-compile and prepare package for lazy loading ** help *** installing help indices ** building package indices ** installing vignettes ** testing if installed package can be loaded from temporary location ** testing if installed package can be loaded from final location ** testing if installed package keeps a record of temporary installation path * DONE (ontoProc)
ontoProc.Rcheck/tests/test.Rout
R version 4.0.3 (2020-10-10) -- "Bunny-Wunnies Freak Out"
Copyright (C) 2020 The R Foundation for Statistical Computing
Platform: x86_64-apple-darwin17.0 (64-bit)
R is free software and comes with ABSOLUTELY NO WARRANTY.
You are welcome to redistribute it under certain conditions.
Type 'license()' or 'licence()' for distribution details.
R is a collaborative project with many contributors.
Type 'contributors()' for more information and
'citation()' on how to cite R or R packages in publications.
Type 'demo()' for some demos, 'help()' for on-line help, or
'help.start()' for an HTML browser interface to help.
Type 'q()' to quit R.
>
> library(ontoProc)
Loading required package: ontologyIndex
> library(testthat)
>
> test_check("ontoProc")
══ testthat results ═══════════════════════════════════════════════════════════
[ OK: 8 | SKIPPED: 0 | WARNINGS: 0 | FAILED: 0 ]
>
>
> proc.time()
user system elapsed
18.359 0.565 18.916
ontoProc.Rcheck/ontoProc-Ex.timings
| name | user | system | elapsed | |
| CLfeats | 15.080 | 0.356 | 15.459 | |
| PROSYM | 0.003 | 0.001 | 0.004 | |
| TermSet-class | 0.431 | 0.015 | 0.446 | |
| allGOterms | 0.057 | 0.004 | 0.062 | |
| cellTypeToGO | 2.604 | 0.165 | 2.773 | |
| cleanCLOnames | 1.855 | 0.078 | 1.935 | |