This page was generated on 2020-01-16 13:34:53 -0500 (Thu, 16 Jan 2020).
motifRG 1.31.1 Zizhen Yao
Snapshot Date: 2020-01-15 16:46:30 -0500 (Wed, 15 Jan 2020) |
URL: https://git.bioconductor.org/packages/motifRG |
Branch: master |
Last Commit: 742d41c |
Last Changed Date: 2019-11-18 09:04:18 -0500 (Mon, 18 Nov 2019) |
| malbec2 | Linux (Ubuntu 18.04.3 LTS) / x86_64 | OK | ERROR | skipped | | |
tokay2 | Windows Server 2012 R2 Standard / x64 | OK | ERROR | skipped | skipped | |
celaya2 | OS X 10.11.6 El Capitan / x86_64 | OK | [ ERROR ] | skipped | skipped | |
##############################################################################
##############################################################################
###
### Running command:
###
### /Library/Frameworks/R.framework/Versions/Current/Resources/bin/R CMD build --keep-empty-dirs --no-resave-data motifRG
###
##############################################################################
##############################################################################
* checking for file ‘motifRG/DESCRIPTION’ ... OK
* preparing ‘motifRG’:
* checking DESCRIPTION meta-information ... OK
* installing the package to build vignettes
* creating vignettes ... ERROR
--- re-building ‘motifRG.Rnw’ using Sweave
Loading required package: Biostrings
Loading required package: BiocGenerics
Loading required package: parallel
Attaching package: ‘BiocGenerics’
The following objects are masked from ‘package:parallel’:
clusterApply, clusterApplyLB, clusterCall, clusterEvalQ,
clusterExport, clusterMap, parApply, parCapply, parLapply,
parLapplyLB, parRapply, parSapply, parSapplyLB
The following objects are masked from ‘package:stats’:
IQR, mad, sd, var, xtabs
The following objects are masked from ‘package:base’:
Filter, Find, Map, Position, Reduce, anyDuplicated, append,
as.data.frame, basename, cbind, colnames, dirname, do.call,
duplicated, eval, evalq, get, grep, grepl, intersect, is.unsorted,
lapply, mapply, match, mget, order, paste, pmax, pmax.int, pmin,
pmin.int, rank, rbind, rownames, sapply, setdiff, sort, table,
tapply, union, unique, unsplit, which, which.max, which.min
Loading required package: S4Vectors
Loading required package: stats4
Attaching package: ‘S4Vectors’
The following object is masked from ‘package:base’:
expand.grid
Loading required package: IRanges
Loading required package: XVector
Attaching package: ‘Biostrings’
The following object is masked from ‘package:base’:
strsplit
Loading required package: seqLogo
Loading required package: grid
Loading required package: BSgenome
Loading required package: GenomeInfoDb
Loading required package: GenomicRanges
Loading required package: rtracklayer
Loading required package: BSgenome.Hsapiens.UCSC.hg19
Warning: Package 'motifRG' is deprecated and will be removed from Bioconductor
version 3.12
Error: processing vignette 'motifRG.Rnw' failed with diagnostics:
chunk 1
Error : RangedData objects are defunct. Please migrate your code to use GRanges
or GRangesList objects instead. See IMPORTANT NOTE in ?RangedData
--- failed re-building ‘motifRG.Rnw’
SUMMARY: processing the following file failed:
‘motifRG.Rnw’
Error: Vignette re-building failed.
Execution halted